000
CDUS41 KOKX 122035
CLINYC


CLIMATE REPORT
NATIONAL WEATHER SERVICE NEW YORK NY
434 PM EDT WED APR 12 2017


...................................

...THE CENTRAL PARK NY CLIMATE SUMMARY FOR APRIL 12 2017...
VALID TODAY AS OF 0400 PM LOCAL TIME.

CLIMATE NORMAL PERIOD 1981 TO 2010
CLIMATE RECORD PERIOD 1869 TO 2017


WEATHER ITEM   OBSERVED TIME   RECORD YEAR NORMAL DEPARTURE LAST
                VALUE   (LST)  VALUE       VALUE  FROM      YEAR
                                                  NORMAL
..................................................................
TEMPERATURE (F)
 TODAY
  MAXIMUM         73    256 PM  90    1977  60     13       59
  MINIMUM         58    606 AM  22    1874  44     14       45
  AVERAGE         66                        52     14       52

PRECIPITATION (IN)
  TODAY            0.02          2.12 1933   0.16  -0.14     0.20
  MONTH TO DATE    1.96                      1.91   0.05     1.16
  SINCE MAR 1      7.21                      6.27   0.94     2.33
  SINCE JAN 1     14.52                     13.01   1.51    11.14

SNOWFALL (IN)
  TODAY            0.0           2.0  1918   0.0    0.0      0.0
  MONTH TO DATE    0.0                       0.4   -0.4       T
  SINCE OCT 1     30.2                      25.6    4.6     32.8
  SINCE JUL 1     30.2                      25.6    4.6     32.8
  SNOW DEPTH       0

DEGREE DAYS
 HEATING
  TODAY            0                        13    -13       13
  MONTH TO DATE  134                       184    -50      222
  SINCE MAR 1    927                       884     43      720
  SINCE JUL 1   3910                      4406   -496     3467

 COOLING
  TODAY            1                         0      1        0
  MONTH TO DATE    7                         0      7        5
  SINCE MAR 1      7                         1      6       11
  SINCE JAN 1      7                         1      6       11
..................................................................


WIND (MPH)
  HIGHEST WIND SPEED    10   HIGHEST WIND DIRECTION    NW (310)
  HIGHEST GUST SPEED    21   HIGHEST GUST DIRECTION    NW (300)
  AVERAGE WIND SPEED     2.9


SKY COVER
  AVERAGE SKY COVER 0.3


WEATHER CONDITIONS
 THE FOLLOWING WEATHER WAS RECORDED TODAY.
  RAIN
  LIGHT RAIN


RELATIVE HUMIDITY (PERCENT)
 HIGHEST    80           300 AM
 LOWEST     49           300 PM
 AVERAGE    65

..........................................................


THE CENTRAL PARK NY CLIMATE NORMALS FOR TOMORROW
                         NORMAL    RECORD    YEAR
 MAXIMUM TEMPERATURE (F)   60        88      1977
 MINIMUM TEMPERATURE (F)   44        25      1874


SUNRISE AND SUNSET
APRIL 12 2017.........SUNRISE   621 AM EDT   SUNSET   732 PM EDT
APRIL 13 2017.........SUNRISE   620 AM EDT   SUNSET   734 PM EDT


-  INDICATES NEGATIVE NUMBERS.
R  INDICATES RECORD WAS SET OR TIED.
MM INDICATES DATA IS MISSING.
T  INDICATES TRACE AMOUNT.




$$
