000
CDUS41 KOKX 172137
CLINYC


CLIMATE REPORT
NATIONAL WEATHER SERVICE NEW YORK NY
436 PM EST THU NOV 17 2016


...................................

...THE CENTRAL PARK NY CLIMATE SUMMARY FOR NOVEMBER 17 2016...
VALID TODAY AS OF 0400 PM LOCAL TIME.

CLIMATE NORMAL PERIOD 1981 TO 2010
CLIMATE RECORD PERIOD 1869 TO 2016


WEATHER ITEM   OBSERVED TIME   RECORD YEAR NORMAL DEPARTURE LAST
                VALUE   (LST)  VALUE       VALUE  FROM      YEAR
                                                  NORMAL
..................................................................
TEMPERATURE (F)
 TODAY
  MAXIMUM         61    317 PM  71    1953  53      8       52
  MINIMUM         49    702 AM  19    1933  41      8       40
                                      1924
  AVERAGE         55                        47      8       46

PRECIPITATION (IN)
  TODAY            0.00          1.54 2014   0.14  -0.14     0.00
  MONTH TO DATE    1.87                      2.22  -0.35     0.71
  SINCE SEP 1      8.81                     10.90  -2.09     7.90
  SINCE JAN 1     35.74                     44.14  -8.40    34.95

SNOWFALL (IN)
  TODAY            0.0           0.5  1882   0.0    0.0      0.0
  MONTH TO DATE    0.0                       0.0    0.0      0.0
  SINCE OCT 1      0.0                       0.0    0.0      0.0
  SINCE JUL 1      0.0                       0.0    0.0      0.0
  SNOW DEPTH       0

DEGREE DAYS
 HEATING
  TODAY           10                        18     -8       19
  MONTH TO DATE  206                       259    -53      153
  SINCE SEP 1    440                       570   -130      377
  SINCE JUL 1    440                       572   -132      377

 COOLING
  TODAY            0                         0      0        0
  MONTH TO DATE    0                         0      0        5
  SINCE SEP 1    257                       150    107      313
  SINCE JAN 1   1489                      1104    385     1578
..................................................................


WIND (MPH)
  HIGHEST WIND SPEED    13   HIGHEST WIND DIRECTION     N (10)
  HIGHEST GUST SPEED    20   HIGHEST GUST DIRECTION     N (350)
  AVERAGE WIND SPEED     5.0


SKY COVER
  AVERAGE SKY COVER 0.0


WEATHER CONDITIONS
 THE FOLLOWING WEATHER WAS RECORDED TODAY.
  NO SIGNIFICANT WEATHER WAS OBSERVED.


RELATIVE HUMIDITY (PERCENT)
 HIGHEST    71           500 AM
 LOWEST     42           200 PM
 AVERAGE    57

..........................................................


THE CENTRAL PARK NY CLIMATE NORMALS FOR TOMORROW
                         NORMAL    RECORD    YEAR
 MAXIMUM TEMPERATURE (F)   53        73      1928
                                             1921
 MINIMUM TEMPERATURE (F)   41        18      1936


SUNRISE AND SUNSET
NOVEMBER 17 2016......SUNRISE   646 AM EST   SUNSET   436 PM EST
NOVEMBER 18 2016......SUNRISE   647 AM EST   SUNSET   435 PM EST


-  INDICATES NEGATIVE NUMBERS.
R  INDICATES RECORD WAS SET OR TIED.
MM INDICATES DATA IS MISSING.
T  INDICATES TRACE AMOUNT.




$$
