742
CDUS41 KOKX 050630
CLINYC


CLIMATE REPORT
NATIONAL WEATHER SERVICE NEW YORK NY
130 AM EST FRI FEB 5 2016


...................................

...THE CENTRAL PARK NY CLIMATE SUMMARY FOR FEBRUARY 4 2016...

CLIMATE NORMAL PERIOD 1981 TO 2010
CLIMATE RECORD PERIOD 1869 TO 2016


WEATHER ITEM   OBSERVED TIME   RECORD YEAR NORMAL DEPARTURE LAST
                VALUE   (LST)  VALUE       VALUE  FROM      YEAR
                                                  NORMAL
..................................................................
TEMPERATURE (F)
 YESTERDAY
  MAXIMUM         59    512 AM  68    1991  40     19       43
  MINIMUM         44   1159 PM   0    1918  28     16       24
                                      1886
  AVERAGE         52                        34     18       34

PRECIPITATION (IN)
  YESTERDAY        T             2.10 1961   0.10  -0.10     0.00
  MONTH TO DATE    0.74                      0.43   0.31     1.05
  SINCE DEC 1      9.87                      8.08   1.79    12.32
  SINCE JAN 1      5.15                      4.08   1.07     6.28

SNOWFALL (IN)
  YESTERDAY        0.0          11.4  1961   0.3   -0.3      0.0
  MONTH TO DATE    0.0                       1.3   -1.3      5.3
  SINCE OCT 1     27.2                      13.4   13.8     23.4
  SINCE JUL 1     27.2                      13.4   13.8     23.4
  SNOW DEPTH       0

DEGREE DAYS
 HEATING
  YESTERDAY       13                        31    -18       31
  MONTH TO DATE   61                       127    -66      154
  SINCE DEC 1   1435                      1983   -548     1985
  SINCE JUL 1   2023                      2816   -793     2770

 COOLING
  YESTERDAY        0                         0      0        0
  MONTH TO DATE    0                         0      0        0
  SINCE DEC 1      3                         0      3        0
  SINCE JAN 1      0                         0      0        0
..................................................................


WIND (MPH)
  HIGHEST WIND SPEED    14   HIGHEST WIND DIRECTION     N (20)
  HIGHEST GUST SPEED    21   HIGHEST GUST DIRECTION     N (20)
  AVERAGE WIND SPEED     5.7


SKY COVER
  AVERAGE SKY COVER 1.0


WEATHER CONDITIONS
 THE FOLLOWING WEATHER WAS RECORDED YESTERDAY.
  LIGHT RAIN
  FOG


RELATIVE HUMIDITY (PERCENT)
 HIGHEST    93           500 AM
 LOWEST     42           500 PM
 AVERAGE    68

..........................................................


THE CENTRAL PARK NY CLIMATE NORMALS FOR TODAY
                         NORMAL    RECORD    YEAR
 MAXIMUM TEMPERATURE (F)   40        70      1991
 MINIMUM TEMPERATURE (F)   28        -6      1918


SUNRISE AND SUNSET
FEBRUARY  5 2016......SUNRISE   702 AM EST   SUNSET   518 PM EST
FEBRUARY  6 2016......SUNRISE   701 AM EST   SUNSET   519 PM EST


-  INDICATES NEGATIVE NUMBERS.
R  INDICATES RECORD WAS SET OR TIED.
MM INDICATES DATA IS MISSING.
T  INDICATES TRACE AMOUNT.




$$
