123
CDUS41 KOKX 030616
CLINYC


CLIMATE REPORT
NATIONAL WEATHER SERVICE NEW YORK NY
115 AM EST SUN DEC 3 2017


...................................

...THE CENTRAL PARK NY CLIMATE SUMMARY FOR DECEMBER 2 2017...

CLIMATE NORMAL PERIOD 1981 TO 2010
CLIMATE RECORD PERIOD 1869 TO 2017


WEATHER ITEM   OBSERVED TIME   RECORD YEAR NORMAL DEPARTURE LAST
                VALUE   (LST)  VALUE       VALUE  FROM      YEAR
                                                  NORMAL
..................................................................
TEMPERATURE (F)
 YESTERDAY
  MAXIMUM         48    248 PM  66    1970  48      0       51
  MINIMUM         39    754 AM  12    1875  37      2       40
  AVERAGE         44                        42      2       46

PRECIPITATION (IN)
  YESTERDAY        0.00          2.16 1974   0.14  -0.14     0.00
  MONTH TO DATE    0.00                      0.28  -0.28     0.07
  SINCE DEC 1      0.00                      0.28  -0.28     0.07
  SINCE JAN 1     42.83                     46.22  -3.39    39.35

SNOWFALL (IN)
  YESTERDAY        0.0           3.9  1929   0.1   -0.1      0.0
  MONTH TO DATE    0.0                       0.2   -0.2      0.0
  SINCE OCT 1      T                         0.5   -0.5       T
  SINCE JUL 1      T                         0.5   -0.5       T
  SNOW DEPTH       0

DEGREE DAYS
 HEATING
  YESTERDAY       21                        23     -2       19
  MONTH TO DATE   39                        46     -7       36
  SINCE DEC 1     39                        46     -7       36
  SINCE JUL 1    701                       879   -178      723

 COOLING
  YESTERDAY        0                         0      0        0
  MONTH TO DATE    0                         0      0        0
  SINCE DEC 1      0                         0      0        0
  SINCE JAN 1   1265                      1105    160     1489
..................................................................


WIND (MPH)
  HIGHEST WIND SPEED    12   HIGHEST WIND DIRECTION     E (80)
  HIGHEST GUST SPEED    15   HIGHEST GUST DIRECTION     E (70)
  AVERAGE WIND SPEED     3.1


SKY COVER
  AVERAGE SKY COVER 0.0


WEATHER CONDITIONS
 THE FOLLOWING WEATHER WAS RECORDED YESTERDAY.
  NO SIGNIFICANT WEATHER WAS OBSERVED.


RELATIVE HUMIDITY (PERCENT)
 HIGHEST    70           800 AM
 LOWEST     46           200 PM
 AVERAGE    58

..........................................................


THE CENTRAL PARK NY CLIMATE NORMALS FOR TODAY
                         NORMAL    RECORD    YEAR
 MAXIMUM TEMPERATURE (F)   47        69      1998
 MINIMUM TEMPERATURE (F)   36         9      1976


SUNRISE AND SUNSET
DECEMBER  3 2017......SUNRISE   703 AM EST   SUNSET   428 PM EST
DECEMBER  4 2017......SUNRISE   704 AM EST   SUNSET   428 PM EST


-  INDICATES NEGATIVE NUMBERS.
R  INDICATES RECORD WAS SET OR TIED.
MM INDICATES DATA IS MISSING.
T  INDICATES TRACE AMOUNT.




$$
