000
CDUS41 KOKX 230621
CLINYC


CLIMATE REPORT
NATIONAL WEATHER SERVICE NEW YORK NY
220 AM EDT TUE SEP 23 2014


...................................

...THE CENTRAL PARK NY CLIMATE SUMMARY FOR SEPTEMBER 22 2014...

CLIMATE NORMAL PERIOD 1981 TO 2010
CLIMATE RECORD PERIOD 1869 TO 2014


WEATHER ITEM   OBSERVED TIME   RECORD YEAR NORMAL DEPARTURE LAST
                VALUE   (LST)  VALUE       VALUE  FROM      YEAR
                                                  NORMAL
..................................................................
TEMPERATURE (F)
 YESTERDAY
  MAXIMUM         71   1123 AM  95    1914  73     -2       69
                                      1895
  MINIMUM         55   1159 PM  41    1904  59     -4       54
  AVERAGE         63                        66     -3       62

PRECIPITATION (IN)
  YESTERDAY        T             2.34 1882   0.15  -0.15     0.45
  MONTH TO DATE    0.89                      3.07  -2.18     2.95
  SINCE SEP 1      0.89                      3.07  -2.18     2.95
  SINCE JAN 1     37.15                     36.31   0.84    37.96

SNOWFALL (IN)
  YESTERDAY        0.0           0.0  2002   0.0    0.0      0.0
                                      2001
  MONTH TO DATE    0.0                       0.0    0.0      0.0
  SINCE OCT 1     57.4                      25.8   31.6     26.1
  SINCE JUL 1      0.0                       0.0    0.0      0.0
  SNOW DEPTH       0

DEGREE DAYS
 HEATING
  YESTERDAY        2                         2      0        3
  MONTH TO DATE   15                        17     -2       20
  SINCE SEP 1     15                        17     -2       20
  SINCE JUL 1     15                        19     -4       20

 COOLING
  YESTERDAY        0                         3     -3        0
  MONTH TO DATE  141                       116     25      131
  SINCE SEP 1    141                       116     25      131
  SINCE JAN 1   1079                      1070      9     1224
..................................................................


WIND (MPH)
  HIGHEST WIND SPEED    15   HIGHEST WIND DIRECTION     W (280)
  HIGHEST GUST SPEED    23   HIGHEST GUST DIRECTION     W (280)
  AVERAGE WIND SPEED     6.8


SKY COVER
  AVERAGE SKY COVER 0.2


WEATHER CONDITIONS
 THE FOLLOWING WEATHER WAS RECORDED YESTERDAY.
  LIGHT RAIN


RELATIVE HUMIDITY (PERCENT)
 HIGHEST    73           300 AM
 LOWEST     37           300 PM
 AVERAGE    55

..........................................................


THE CENTRAL PARK NY CLIMATE NORMALS FOR TODAY
                         NORMAL    RECORD    YEAR
 MAXIMUM TEMPERATURE (F)   73        97      1895
 MINIMUM TEMPERATURE (F)   58        41      1947


SUNRISE AND SUNSET
SEPTEMBER 23 2014.....SUNRISE   644 AM EDT   SUNSET   651 PM EDT
SEPTEMBER 24 2014.....SUNRISE   645 AM EDT   SUNSET   650 PM EDT


-  INDICATES NEGATIVE NUMBERS.
R  INDICATES RECORD WAS SET OR TIED.
MM INDICATES DATA IS MISSING.
T  INDICATES TRACE AMOUNT.




$$
