000
CDUS41 KOKX 152133
CLINYC


CLIMATE REPORT
NATIONAL WEATHER SERVICE NEW YORK NY
433 PM EST MON DEC 15 2014


...................................

...THE CENTRAL PARK NY CLIMATE SUMMARY FOR DECEMBER 15 2014...
VALID TODAY AS OF 0400 PM LOCAL TIME.

CLIMATE NORMAL PERIOD 1981 TO 2010
CLIMATE RECORD PERIOD 1869 TO 2014


WEATHER ITEM   OBSERVED TIME   RECORD YEAR NORMAL DEPARTURE LAST
                VALUE   (LST)  VALUE       VALUE  FROM      YEAR
                                                  NORMAL
..................................................................
TEMPERATURE (F)
 TODAY
  MAXIMUM         48    357 PM  67    2008  43      5       40
  MINIMUM         37    752 AM   6    1874  32      5       30
  AVERAGE         43                        38      5       35

PRECIPITATION (IN)
  TODAY            0.00          1.34 1981   0.13  -0.13     0.72
  MONTH TO DATE    4.63                      2.05   2.58     2.94
  SINCE DEC 1      4.63                      2.05   2.58     2.94
  SINCE JAN 1     52.38                     47.99   4.39    44.41

SNOWFALL (IN)
  TODAY            0.0          12.7  1916   0.2   -0.2      0.0
  MONTH TO DATE    1.0                       1.7   -0.7      7.1
  SINCE OCT 1      1.2                       2.0   -0.8      7.1
  SINCE JUL 1      1.2                       2.0   -0.8      7.1
  SNOW DEPTH       0

DEGREE DAYS
 HEATING
  TODAY           22                        27     -5       30
  MONTH TO DATE  377                       375      2      404
  SINCE DEC 1    377                       375      2      404
  SINCE JUL 1   1162                      1208    -46     1212

 COOLING
  TODAY            0                         0      0        0
  MONTH TO DATE    0                         0      0        0
  SINCE DEC 1      0                         0      0        0
  SINCE JAN 1   1128                      1105     23     1271
..................................................................


WIND (MPH)
  HIGHEST WIND SPEED     8   HIGHEST WIND DIRECTION     W (250)
  HIGHEST GUST SPEED    12   HIGHEST GUST DIRECTION    NW (300)
  AVERAGE WIND SPEED     3.0


SKY COVER
  AVERAGE SKY COVER 0.0


WEATHER CONDITIONS
 THE FOLLOWING WEATHER WAS RECORDED TODAY.
  NO SIGNIFICANT WEATHER WAS OBSERVED.


RELATIVE HUMIDITY (PERCENT)
 HIGHEST    70           500 AM
 LOWEST     46           300 PM
 AVERAGE    58

..........................................................


THE CENTRAL PARK NY CLIMATE NORMALS FOR TOMORROW
                         NORMAL    RECORD    YEAR
 MAXIMUM TEMPERATURE (F)   43        63      1971
 MINIMUM TEMPERATURE (F)   32         7      1876


SUNRISE AND SUNSET
DECEMBER 15 2014......SUNRISE   713 AM EST   SUNSET   429 PM EST
DECEMBER 16 2014......SUNRISE   714 AM EST   SUNSET   429 PM EST


-  INDICATES NEGATIVE NUMBERS.
R  INDICATES RECORD WAS SET OR TIED.
MM INDICATES DATA IS MISSING.
T  INDICATES TRACE AMOUNT.




$$
