000
CDUS41 KOKX 042138
CLINYC


CLIMATE REPORT
NATIONAL WEATHER SERVICE NEW YORK NY
438 PM EST THU JAN 4 2018


...................................

...THE CENTRAL PARK NY CLIMATE SUMMARY FOR JANUARY 4 2018...
VALID TODAY AS OF 0400 PM LOCAL TIME.

CLIMATE NORMAL PERIOD 1981 TO 2010
CLIMATE RECORD PERIOD 1869 TO 2018


WEATHER ITEM   OBSERVED TIME   RECORD YEAR NORMAL DEPARTURE LAST
                VALUE   (LST)  VALUE       VALUE  FROM      YEAR
                                                  NORMAL
..................................................................
TEMPERATURE (F)
 TODAY
  MAXIMUM         29    334 AM  66    1950  39    -10       52
  MINIMUM         22    201 PM  -3    1918  27     -5       34
  AVERAGE         26                        33     -7       43

PRECIPITATION (IN)
  TODAY            0.75          2.73 1982   0.12   0.63     0.00
  MONTH TO DATE    0.75                      0.48   0.27     0.79
  SINCE DEC 1      2.96                      4.48  -1.52     3.68
  SINCE JAN 1      0.75                      0.48   0.27     0.79

SNOWFALL (IN)
  TODAY            7.8 R         4.0  1988   0.2    7.6      0.0
  MONTH TO DATE    7.8                       0.8    7.0       T
  SINCE OCT 1     15.5                       5.9    9.6      3.2
  SINCE JUL 1     15.5                       5.9    9.6      3.2
  SNOW DEPTH       1

DEGREE DAYS
 HEATING
  TODAY           39                        32      7       22
  MONTH TO DATE  178                       128     50       93
  SINCE DEC 1   1098                       980    118      912
  SINCE JUL 1   1760                      1813    -53     1599

 COOLING
  TODAY            0                         0      0        0
  MONTH TO DATE    0                         0      0        0
  SINCE DEC 1      0                         0      0        0
  SINCE JAN 1      0                         0      0        0
..................................................................


WIND (MPH)
  HIGHEST WIND SPEED    21   HIGHEST WIND DIRECTION    NW (310)
  HIGHEST GUST SPEED    38   HIGHEST GUST DIRECTION    NW (300)
  AVERAGE WIND SPEED    10.0


SKY COVER
  AVERAGE SKY COVER 1.0


WEATHER CONDITIONS
 THE FOLLOWING WEATHER WAS RECORDED TODAY.
  HEAVY SNOW
  SNOW
  LIGHT SNOW
  FOG
  FOG W/VISIBILITY <= 1/4 MILE
  HAZE


RELATIVE HUMIDITY (PERCENT)
 HIGHEST    96          1100 AM
 LOWEST     39           100 AM
 AVERAGE    68

..........................................................


THE CENTRAL PARK NY CLIMATE NORMALS FOR TOMORROW
                         NORMAL    RECORD    YEAR
 MAXIMUM TEMPERATURE (F)   38        64      1993
                                             1950
 MINIMUM TEMPERATURE (F)   27        -4      1904


SUNRISE AND SUNSET
JANUARY  4 2018.......SUNRISE   720 AM EST   SUNSET   442 PM EST
JANUARY  5 2018.......SUNRISE   720 AM EST   SUNSET   443 PM EST


-  INDICATES NEGATIVE NUMBERS.
R  INDICATES RECORD WAS SET OR TIED.
MM INDICATES DATA IS MISSING.
T  INDICATES TRACE AMOUNT.




$$
