000
CDUS41 KOKX 120617
CLINYC


CLIMATE REPORT
NATIONAL WEATHER SERVICE NEW YORK NY
116 AM EST SUN FEB 12 2017


...................................

...THE CENTRAL PARK NY CLIMATE SUMMARY FOR FEBRUARY 11 2017...

CLIMATE NORMAL PERIOD 1981 TO 2010
CLIMATE RECORD PERIOD 1869 TO 2017


WEATHER ITEM   OBSERVED TIME   RECORD YEAR NORMAL DEPARTURE LAST
                VALUE   (LST)  VALUE       VALUE  FROM      YEAR
                                                  NORMAL
..................................................................
TEMPERATURE (F)
 YESTERDAY
  MAXIMUM         48    441 PM  65    2009  41      7       31
                                      1960
  MINIMUM         30   1256 AM  -2    1899  28      2       18
                                      1885
  AVERAGE         39                        34      5       25

PRECIPITATION (IN)
  YESTERDAY        0.00          2.74 1886   0.10  -0.10      T
  MONTH TO DATE    1.46                      1.18   0.28     1.33
  SINCE DEC 1      9.18                      8.83   0.35    10.46
  SINCE JAN 1      6.29                      4.83   1.46     5.74

SNOWFALL (IN)
  YESTERDAY        0.0          12.8  1994   0.4   -0.4       T
  MONTH TO DATE    9.4                       3.6    5.8      2.6
  SINCE OCT 1     20.5                      15.7    4.8     30.5
  SINCE JUL 1     20.5                      15.7    4.8     30.5
  SNOW DEPTH       5

DEGREE DAYS
 HEATING
  YESTERDAY       26                        30     -4       40
  MONTH TO DATE  312                       343    -31      277
  SINCE DEC 1   1960                      2199   -239     1651
  SINCE JUL 1   2647                      3032   -385     2239

 COOLING
  YESTERDAY        0                         0      0        0
  MONTH TO DATE    0                         0      0        0
  SINCE DEC 1      0                         0      0        3
  SINCE JAN 1      0                         0      0        0
..................................................................


WIND (MPH)
  HIGHEST WIND SPEED    13   HIGHEST WIND DIRECTION    SW (240)
  HIGHEST GUST SPEED    20   HIGHEST GUST DIRECTION    SW (240)
  AVERAGE WIND SPEED     4.1


SKY COVER
  AVERAGE SKY COVER 0.4


WEATHER CONDITIONS
 THE FOLLOWING WEATHER WAS RECORDED YESTERDAY.
  NO SIGNIFICANT WEATHER WAS OBSERVED.


RELATIVE HUMIDITY (PERCENT)
 HIGHEST    69           400 AM
 LOWEST     38           400 PM
 AVERAGE    54

..........................................................


THE CENTRAL PARK NY CLIMATE NORMALS FOR TODAY
                         NORMAL    RECORD    YEAR
 MAXIMUM TEMPERATURE (F)   41        62      1999
 MINIMUM TEMPERATURE (F)   28        -3      1914


SUNRISE AND SUNSET
FEBRUARY 12 2017......SUNRISE   653 AM EST   SUNSET   527 PM EST
FEBRUARY 13 2017......SUNRISE   652 AM EST   SUNSET   528 PM EST


-  INDICATES NEGATIVE NUMBERS.
R  INDICATES RECORD WAS SET OR TIED.
MM INDICATES DATA IS MISSING.
T  INDICATES TRACE AMOUNT.




$$
