000
CDUS41 KOKX 060616
CLINYC


CLIMATE REPORT
NATIONAL WEATHER SERVICE NEW YORK NY
215 AM EDT THU JUL 6 2017


...................................

...THE CENTRAL PARK NY CLIMATE SUMMARY FOR JULY 5 2017...

CLIMATE NORMAL PERIOD 1981 TO 2010
CLIMATE RECORD PERIOD 1869 TO 2017


WEATHER ITEM   OBSERVED TIME   RECORD YEAR NORMAL DEPARTURE LAST
                VALUE   (LST)  VALUE       VALUE  FROM      YEAR
                                                  NORMAL
..................................................................
TEMPERATURE (F)
 YESTERDAY
  MAXIMUM         85   1207 PM 101    1999  84      1       86
  MINIMUM         70    542 AM  53    1979  68      2       69
  AVERAGE         78                        76      2       78

PRECIPITATION (IN)
  YESTERDAY        0.00          3.07 1901   0.12  -0.12     0.66
  MONTH TO DATE    0.68                      0.62   0.06     1.98
  SINCE JUN 1      5.44                      5.03   0.41     4.58
  SINCE JAN 1     28.22                     24.82   3.40    19.92

SNOWFALL (IN)
  YESTERDAY        0.0           0.0  2002   0.0    0.0      0.0
                                      2001
  MONTH TO DATE    0.0                       0.0    0.0      0.0
  SINCE OCT 1     30.2                      25.8    4.4     32.8
  SINCE JUL 1      0.0                       0.0    0.0      0.0
  SNOW DEPTH       0

DEGREE DAYS
 HEATING
  YESTERDAY        0                         0      0        0
  MONTH TO DATE    0                         0      0        0
  SINCE JUN 1     24                        19      5        7
  SINCE JUL 1      0                         0      0        0

 COOLING
  YESTERDAY       13                        11      2       13
  MONTH TO DATE   69                        54     15       42
  SINCE JUN 1    311                       266     45      274
  SINCE JAN 1    400                       335     65      393
..................................................................


WIND (MPH)
  HIGHEST WIND SPEED    12   HIGHEST WIND DIRECTION     S (160)
  HIGHEST GUST SPEED    19   HIGHEST GUST DIRECTION     S (180)
  AVERAGE WIND SPEED     4.8


SKY COVER
  AVERAGE SKY COVER 0.2


WEATHER CONDITIONS
 THE FOLLOWING WEATHER WAS RECORDED YESTERDAY.
  NO SIGNIFICANT WEATHER WAS OBSERVED.


RELATIVE HUMIDITY (PERCENT)
 HIGHEST    64           800 AM
 LOWEST     40           600 PM
 AVERAGE    52

..........................................................


THE CENTRAL PARK NY CLIMATE NORMALS FOR TODAY
                         NORMAL    RECORD    YEAR
 MAXIMUM TEMPERATURE (F)   84       103      2010
 MINIMUM TEMPERATURE (F)   68        54      1979


SUNRISE AND SUNSET
JULY  6 2017..........SUNRISE   531 AM EDT   SUNSET   830 PM EDT
JULY  7 2017..........SUNRISE   532 AM EDT   SUNSET   830 PM EDT


-  INDICATES NEGATIVE NUMBERS.
R  INDICATES RECORD WAS SET OR TIED.
MM INDICATES DATA IS MISSING.
T  INDICATES TRACE AMOUNT.




$$
