000
CDUS41 KOKX 240616
CLINYC


CLIMATE REPORT
NATIONAL WEATHER SERVICE NEW YORK NY
116 AM EST SAT JAN 24 2015


...................................

...THE CENTRAL PARK NY CLIMATE SUMMARY FOR JANUARY 23 2015...

CLIMATE NORMAL PERIOD 1981 TO 2010
CLIMATE RECORD PERIOD 1869 TO 2015


WEATHER ITEM   OBSERVED TIME   RECORD YEAR NORMAL DEPARTURE LAST
                VALUE   (LST)  VALUE       VALUE  FROM      YEAR
                                                  NORMAL
..................................................................
TEMPERATURE (F)
 YESTERDAY
  MAXIMUM         39    354 PM  62    1906  38      1       20
                                      1887
                                      1874
  MINIMUM         28    845 AM  -3    1936  27      1        7
  AVERAGE         34                        32      2       14

PRECIPITATION (IN)
  YESTERDAY        0.00          2.55 1998   0.11  -0.11     0.00
  MONTH TO DATE    3.59                      2.76   0.83     2.71
  SINCE DEC 1      9.63                      6.76   2.87     7.56
  SINCE JAN 1      3.59                      2.76   0.83     2.71

SNOWFALL (IN)
  YESTERDAY        0.0          12.8  1935   0.2   -0.2      0.0
  MONTH TO DATE    2.0                       5.0   -3.0     17.9
  SINCE OCT 1      3.2                      10.1   -6.9     26.5
  SINCE JUL 1      3.2                      10.1   -6.9     26.5
  SNOW DEPTH       0

DEGREE DAYS
 HEATING
  YESTERDAY       31                        33     -2       51
  MONTH TO DATE  787                       750     37      789
  SINCE DEC 1   1538                      1602    -64     1604
  SINCE JUL 1   2323                      2435   -112     2412

 COOLING
  YESTERDAY        0                         0      0        0
  MONTH TO DATE    0                         0      0        0
  SINCE DEC 1      0                         0      0        1
  SINCE JAN 1      0                         0      0        0
..................................................................


WIND (MPH)
  HIGHEST WIND SPEED    14   HIGHEST WIND DIRECTION     W (250)
  HIGHEST GUST SPEED    19   HIGHEST GUST DIRECTION     W (250)
  AVERAGE WIND SPEED     5.6


SKY COVER
  AVERAGE SKY COVER 0.1


WEATHER CONDITIONS
 THE FOLLOWING WEATHER WAS RECORDED YESTERDAY.
  LIGHT SNOW


RELATIVE HUMIDITY (PERCENT)
 HIGHEST    59           900 PM
 LOWEST     40           200 PM
 AVERAGE    50

..........................................................


THE CENTRAL PARK NY CLIMATE NORMALS FOR TODAY
                         NORMAL    RECORD    YEAR
 MAXIMUM TEMPERATURE (F)   38        68      1967
 MINIMUM TEMPERATURE (F)   27        -6      1882


SUNRISE AND SUNSET
JANUARY 24 2015.......SUNRISE   713 AM EST   SUNSET   503 PM EST
JANUARY 25 2015.......SUNRISE   712 AM EST   SUNSET   504 PM EST


-  INDICATES NEGATIVE NUMBERS.
R  INDICATES RECORD WAS SET OR TIED.
MM INDICATES DATA IS MISSING.
T  INDICATES TRACE AMOUNT.




$$
