000
CDUS41 KOKX 110618
CLINYC


CLIMATE REPORT
NATIONAL WEATHER SERVICE NEW YORK NY
217 AM EDT WED MAY 11 2016


...................................

...THE CENTRAL PARK NY CLIMATE SUMMARY FOR MAY 10 2016...

CLIMATE NORMAL PERIOD 1981 TO 2010
CLIMATE RECORD PERIOD 1869 TO 2016


WEATHER ITEM   OBSERVED TIME   RECORD YEAR NORMAL DEPARTURE LAST
                VALUE   (LST)  VALUE       VALUE  FROM      YEAR
                                                  NORMAL
..................................................................
TEMPERATURE (F)
 YESTERDAY
  MAXIMUM         63   1245 PM  94    1979  69     -6       83
  MINIMUM         50    514 AM  36    1966  52     -2       61
                                      1947
  AVERAGE         57                        61     -4       72

PRECIPITATION (IN)
  YESTERDAY        0.00          2.10 1989   0.13  -0.13     0.00
  MONTH TO DATE    1.52                      1.28   0.24      T
  SINCE MAR 1      4.30                     10.14  -5.84     6.80
  SINCE JAN 1     13.11                     16.88  -3.77    14.07

SNOWFALL (IN)
  YESTERDAY        0.0           0.0  2002   0.0    0.0      0.0
                                      2001
  MONTH TO DATE    0.0                       0.0    0.0      0.0
  SINCE OCT 1     32.8                      25.8    7.0     50.3
  SINCE JUL 1     32.8                      25.8    7.0     50.3
  SNOW DEPTH       0

DEGREE DAYS
 HEATING
  YESTERDAY        8                         5      3        0
  MONTH TO DATE  111                        65     46       14
  SINCE MAR 1    964                      1136   -172     1159
  SINCE JUL 1   3711                      4658   -947     4918

 COOLING
  YESTERDAY        0                         1     -1        7
  MONTH TO DATE    0                        10    -10       33
  SINCE MAR 1     19                        22     -3       38
  SINCE JAN 1     19                        22     -3       38
..................................................................


WIND (MPH)
  HIGHEST WIND SPEED    13   HIGHEST WIND DIRECTION    NE (60)
  HIGHEST GUST SPEED    20   HIGHEST GUST DIRECTION     W (250)
  AVERAGE WIND SPEED     4.8


SKY COVER
  AVERAGE SKY COVER 0.1


WEATHER CONDITIONS
 THE FOLLOWING WEATHER WAS RECORDED YESTERDAY.
  NO SIGNIFICANT WEATHER WAS OBSERVED.


RELATIVE HUMIDITY (PERCENT)
 HIGHEST    61          1100 PM
 LOWEST     23          1000 AM
 AVERAGE    42

..........................................................


THE CENTRAL PARK NY CLIMATE NORMALS FOR TODAY
                         NORMAL    RECORD    YEAR
 MAXIMUM TEMPERATURE (F)   70        92      1993
 MINIMUM TEMPERATURE (F)   52        36      1913


SUNRISE AND SUNSET
MAY 11 2016...........SUNRISE   542 AM EDT   SUNSET   803 PM EDT
MAY 12 2016...........SUNRISE   541 AM EDT   SUNSET   804 PM EDT


-  INDICATES NEGATIVE NUMBERS.
R  INDICATES RECORD WAS SET OR TIED.
MM INDICATES DATA IS MISSING.
T  INDICATES TRACE AMOUNT.




$$
