000
CDUS41 KOKX 250616
CLINYC


CLIMATE REPORT
NATIONAL WEATHER SERVICE NEW YORK NY
216 AM EDT MON MAY 25 2015


...................................

...THE CENTRAL PARK NY CLIMATE SUMMARY FOR MAY 24 2015...

CLIMATE NORMAL PERIOD 1981 TO 2010
CLIMATE RECORD PERIOD 1869 TO 2015


WEATHER ITEM   OBSERVED TIME   RECORD YEAR NORMAL DEPARTURE LAST
                VALUE   (LST)  VALUE       VALUE  FROM      YEAR
                                                  NORMAL
..................................................................
TEMPERATURE (F)
 YESTERDAY
  MAXIMUM         81    157 PM  93    1975  73      8       70
  MINIMUM         56    605 AM  39    1963  56      0       57
  AVERAGE         69                        65      4       64

PRECIPITATION (IN)
  YESTERDAY        0.00          2.07 1978   0.15  -0.15     0.40
  MONTH TO DATE    0.32                      3.15  -2.83     4.32
  SINCE MAR 1      7.12                     12.01  -4.89    15.84
  SINCE JAN 1     14.39                     18.75  -4.36    24.11

SNOWFALL (IN)
  YESTERDAY        0.0           0.0  2002   0.0    0.0      0.0
                                      2001
  MONTH TO DATE    0.0                       0.0    0.0      0.0
  SINCE OCT 1     50.3                      25.8   24.5     57.4
  SINCE JUL 1     50.3                      25.8   24.5     57.4
  SNOW DEPTH       0

DEGREE DAYS
 HEATING
  YESTERDAY        0                         3     -3        1
  MONTH TO DATE   37                       121    -84       61
  SINCE MAR 1   1182                      1192    -10     1280
  SINCE JUL 1   4941                      4714    227     4950

 COOLING
  YESTERDAY        4                         3      1        0
  MONTH TO DATE   77                        35     42       26
  SINCE MAR 1     82                        47     35       30
  SINCE JAN 1     82                        47     35       30
..................................................................


WIND (MPH)
  HIGHEST WIND SPEED    10   HIGHEST WIND DIRECTION    SW (240)
  HIGHEST GUST SPEED    18   HIGHEST GUST DIRECTION     W (250)
  AVERAGE WIND SPEED     3.9


SKY COVER
  AVERAGE SKY COVER 0.0


WEATHER CONDITIONS
 THE FOLLOWING WEATHER WAS RECORDED YESTERDAY.
  NO SIGNIFICANT WEATHER WAS OBSERVED.


RELATIVE HUMIDITY (PERCENT)
 HIGHEST    55           500 AM
 LOWEST     21           100 PM
 AVERAGE    38

..........................................................


THE CENTRAL PARK NY CLIMATE NORMALS FOR TODAY
                         NORMAL    RECORD    YEAR
 MAXIMUM TEMPERATURE (F)   73        95      1880
 MINIMUM TEMPERATURE (F)   57        41      1925


SUNRISE AND SUNSET
MAY 25 2015...........SUNRISE   531 AM EDT   SUNSET   815 PM EDT
MAY 26 2015...........SUNRISE   530 AM EDT   SUNSET   816 PM EDT


-  INDICATES NEGATIVE NUMBERS.
R  INDICATES RECORD WAS SET OR TIED.
MM INDICATES DATA IS MISSING.
T  INDICATES TRACE AMOUNT.




$$
