335
CDUS41 KOKX 132144
CLINYC


CLIMATE REPORT
NATIONAL WEATHER SERVICE NEW YORK NY
444 PM EST FRI JAN 13 2017


...................................

...THE CENTRAL PARK NY CLIMATE SUMMARY FOR JANUARY 13 2017...
VALID TODAY AS OF 0400 PM LOCAL TIME.

CLIMATE NORMAL PERIOD 1981 TO 2010
CLIMATE RECORD PERIOD 1869 TO 2017


WEATHER ITEM   OBSERVED TIME   RECORD YEAR NORMAL DEPARTURE LAST
                VALUE   (LST)  VALUE       VALUE  FROM      YEAR
                                                  NORMAL
..................................................................
TEMPERATURE (F)
 TODAY
  MAXIMUM         62   1217 AM  68    1932  38     24       30
  MINIMUM         42    359 PM  -3    1914  27     15       22
                                      1912
  AVERAGE         52                        32     20       26

PRECIPITATION (IN)
  TODAY            0.00          1.44 1892   0.12  -0.12     0.00
  MONTH TO DATE    1.73                      1.58   0.15     1.80
  SINCE DEC 1      4.62                      5.58  -0.96     6.52
  SINCE JAN 1      1.73                      1.58   0.15     1.80

SNOWFALL (IN)
  TODAY            0.0          11.5  1964   0.2   -0.2      0.0
  MONTH TO DATE    6.3                       2.8    3.5       T
  SINCE OCT 1      9.5                       7.9    1.6       T
  SINCE JUL 1      9.5                       7.9    1.6       T
  SNOW DEPTH       0

DEGREE DAYS
 HEATING
  TODAY           13                        33    -20       39
  MONTH TO DATE  365                       420    -55      387
  SINCE DEC 1   1184                      1272    -88      821
  SINCE JUL 1   1871                      2105   -234     1409

 COOLING
  TODAY            0                         0      0        0
  MONTH TO DATE    0                         0      0        0
  SINCE DEC 1      0                         0      0        3
  SINCE JAN 1      0                         0      0        0
..................................................................


WIND (MPH)
  HIGHEST WIND SPEED    17   HIGHEST WIND DIRECTION    NW (300)
  HIGHEST GUST SPEED    28   HIGHEST GUST DIRECTION    NW (300)
  AVERAGE WIND SPEED     7.2


SKY COVER
  AVERAGE SKY COVER 0.2


WEATHER CONDITIONS
 THE FOLLOWING WEATHER WAS RECORDED TODAY.
  NO SIGNIFICANT WEATHER WAS OBSERVED.


RELATIVE HUMIDITY (PERCENT)
 HIGHEST    80           300 AM
 LOWEST     30           400 PM
 AVERAGE    55

..........................................................


THE CENTRAL PARK NY CLIMATE NORMALS FOR TOMORROW
                         NORMAL    RECORD    YEAR
 MAXIMUM TEMPERATURE (F)   38        70      1932
 MINIMUM TEMPERATURE (F)   27        -5      1914


SUNRISE AND SUNSET
JANUARY 13 2017.......SUNRISE   719 AM EST   SUNSET   451 PM EST
JANUARY 14 2017.......SUNRISE   718 AM EST   SUNSET   452 PM EST


-  INDICATES NEGATIVE NUMBERS.
R  INDICATES RECORD WAS SET OR TIED.
MM INDICATES DATA IS MISSING.
T  INDICATES TRACE AMOUNT.




$$
