000
CDUS41 KOKX 200638
CLINYC


CLIMATE REPORT
NATIONAL WEATHER SERVICE NEW YORK NY
238 AM EDT FRI MAR 20 2015


...................................

...THE CENTRAL PARK NY CLIMATE SUMMARY FOR MARCH 19 2015...

CLIMATE NORMAL PERIOD 1981 TO 2010
CLIMATE RECORD PERIOD 1869 TO 2015


WEATHER ITEM   OBSERVED TIME   RECORD YEAR NORMAL DEPARTURE LAST
                VALUE   (LST)  VALUE       VALUE  FROM      YEAR
                                                  NORMAL
..................................................................
TEMPERATURE (F)
 YESTERDAY
  MAXIMUM         43    340 PM  76    1918  51     -8       46
  MINIMUM         29    744 AM   8    1967  36     -7       32
  AVERAGE         36                        43     -7       39

PRECIPITATION (IN)
  YESTERDAY        0.00          2.19 1881   0.15  -0.15     0.92
  MONTH TO DATE    3.51                      2.53   0.98     1.31
  SINCE MAR 1      3.51                      2.53   0.98     1.31
  SINCE JAN 1     10.78                      9.27   1.51     9.58

SNOWFALL (IN)
  YESTERDAY        0.0           7.8  1956   0.1   -0.1      0.0
  MONTH TO DATE   14.1                       3.0   11.1      0.1
  SINCE OCT 1     42.5                      24.3   18.2     57.4
  SINCE JUL 1     42.5                      24.3   18.2     57.4
  SNOW DEPTH       0

DEGREE DAYS
 HEATING
  YESTERDAY       29                        22      7       26
  MONTH TO DATE  513                       465     48      556
  SINCE MAR 1    513                       465     48      556
  SINCE JUL 1   4272                      3987    285     4226

 COOLING
  YESTERDAY        0                         0      0        0
  MONTH TO DATE    0                         0      0        0
  SINCE MAR 1      0                         0      0        0
  SINCE JAN 1      0                         0      0        0
..................................................................


WIND (MPH)
  HIGHEST WIND SPEED    14   HIGHEST WIND DIRECTION     W (280)
  HIGHEST GUST SPEED    22   HIGHEST GUST DIRECTION    NW (310)
  AVERAGE WIND SPEED     5.9


SKY COVER
  AVERAGE SKY COVER 0.1


WEATHER CONDITIONS
 THE FOLLOWING WEATHER WAS RECORDED YESTERDAY.
  NO SIGNIFICANT WEATHER WAS OBSERVED.


RELATIVE HUMIDITY (PERCENT)
 HIGHEST    46           600 AM
 LOWEST     17           300 PM
 AVERAGE    32

..........................................................


THE CENTRAL PARK NY CLIMATE NORMALS FOR TODAY
                         NORMAL    RECORD    YEAR
 MAXIMUM TEMPERATURE (F)   51        83      1945
 MINIMUM TEMPERATURE (F)   36        11      1885


SUNRISE AND SUNSET
MARCH 20 2015.........SUNRISE   700 AM EDT   SUNSET   708 PM EDT
MARCH 21 2015.........SUNRISE   658 AM EDT   SUNSET   709 PM EDT


-  INDICATES NEGATIVE NUMBERS.
R  INDICATES RECORD WAS SET OR TIED.
MM INDICATES DATA IS MISSING.
T  INDICATES TRACE AMOUNT.




$$
