000
CDUS41 KOKX 020618
CLINYC


CLIMATE REPORT
NATIONAL WEATHER SERVICE NEW YORK NY
218 AM EDT WED APR 2 2014


...................................

...THE CENTRAL PARK NY CLIMATE SUMMARY FOR APRIL 1 2014...

CLIMATE NORMAL PERIOD 1981 TO 2010
CLIMATE RECORD PERIOD 1869 TO 2014


WEATHER ITEM   OBSERVED TIME   RECORD YEAR NORMAL DEPARTURE LAST
                VALUE   (LST)  VALUE       VALUE  FROM      YEAR
                                                  NORMAL
..................................................................
TEMPERATURE (F)
 YESTERDAY
  MAXIMUM         60    336 PM  83    1917  56      4       62
  MINIMUM         39    646 AM  12    1923  40     -1       37
  AVERAGE         50                        48      2       50

PRECIPITATION (IN)
  YESTERDAY        0.00          1.89 1993   0.16  -0.16      T
  MONTH TO DATE    0.00                      0.16  -0.16      T
  SINCE MAR 1      3.67                      4.52  -0.85     2.90
  SINCE JAN 1     11.94                     11.26   0.68     9.91

SNOWFALL (IN)
  YESTERDAY        0.0           8.5  1924   0.1   -0.1      0.0
  MONTH TO DATE    0.0                       0.1   -0.1      0.0
  SINCE OCT 1     57.4                      25.3   32.1     26.1
  SINCE JUL 1     57.4                      25.3   32.1     26.1
  SNOW DEPTH       0

DEGREE DAYS
 HEATING
  YESTERDAY       15                        17     -2       15
  MONTH TO DATE   15                        17     -2       15
  SINCE MAR 1    857                       717    140      778
  SINCE JUL 1   4527                      4239    288     4151

 COOLING
  YESTERDAY        0                         0      0        0
  MONTH TO DATE    0                         0      0        0
  SINCE MAR 1      0                         1     -1        0
  SINCE JAN 1      0                         1     -1        0
..................................................................


WIND (MPH)
  HIGHEST WIND SPEED    17   HIGHEST WIND DIRECTION     N (20)
  HIGHEST GUST SPEED    24   HIGHEST GUST DIRECTION     N (20)
  AVERAGE WIND SPEED     4.7


SKY COVER
  AVERAGE SKY COVER 0.0


WEATHER CONDITIONS
 THE FOLLOWING WEATHER WAS RECORDED YESTERDAY.
  NO SIGNIFICANT WEATHER WAS OBSERVED.


RELATIVE HUMIDITY (PERCENT)
 HIGHEST    58          1100 PM
 LOWEST     33           300 PM
 AVERAGE    46

..........................................................


THE CENTRAL PARK NY CLIMATE NORMALS FOR TODAY
                         NORMAL    RECORD    YEAR
 MAXIMUM TEMPERATURE (F)   56        81      1967
 MINIMUM TEMPERATURE (F)   40        22      1919


SUNRISE AND SUNSET
APRIL  2 2014.........SUNRISE   638 AM EDT   SUNSET   722 PM EDT
APRIL  3 2014.........SUNRISE   636 AM EDT   SUNSET   723 PM EDT


-  INDICATES NEGATIVE NUMBERS.
R  INDICATES RECORD WAS SET OR TIED.
MM INDICATES DATA IS MISSING.
T  INDICATES TRACE AMOUNT.




$$
