000
CDUS41 KOKX 252245
CLINYC


CLIMATE REPORT
NATIONAL WEATHER SERVICE NEW YORK NY
645 PM EDT SAT JUL 25 2015


...................................

...THE CENTRAL PARK NY CLIMATE SUMMARY FOR JULY 25 2015...
VALID TODAY AS OF 0500 PM LOCAL TIME.

CLIMATE NORMAL PERIOD 1981 TO 2010
CLIMATE RECORD PERIOD 1869 TO 2015


WEATHER ITEM   OBSERVED TIME   RECORD YEAR NORMAL DEPARTURE LAST
                VALUE   (LST)  VALUE       VALUE  FROM      YEAR
                                                  NORMAL
..................................................................
TEMPERATURE (F)
 TODAY
  MAXIMUM         88   1217 PM  97    1999  84      4       82
  MINIMUM         69    523 AM  57    1953  69      0       66
  AVERAGE         79                        77      2       74

PRECIPITATION (IN)
  TODAY            0.00          1.64 1926   0.15  -0.15     0.00
  MONTH TO DATE    1.67                      3.60  -1.93     5.38
  SINCE JUN 1      6.46                      8.01  -1.55     9.64
  SINCE JAN 1     22.39                     27.80  -5.41    33.80

SNOWFALL (IN)
  TODAY            0.0           0.0  2002   0.0    0.0      0.0
                                      2001
  MONTH TO DATE    0.0                       0.0    0.0      0.0
  SINCE OCT 1     50.3                      25.8   24.5     57.4
  SINCE JUL 1      0.0                       0.0    0.0      0.0
  SNOW DEPTH       0

DEGREE DAYS
 HEATING
  TODAY            0                         0      0        0
  MONTH TO DATE    0                         0      0        0
  SINCE JUN 1     33                        19     14        0
  SINCE JUL 1      0                         0      0        0

 COOLING
  TODAY           14                        12      2        9
  MONTH TO DATE  331                       288     43      296
  SINCE JUN 1    559                       500     59      528
  SINCE JAN 1    718                       569    149      582
..................................................................


WIND (MPH)
  HIGHEST WIND SPEED     9   HIGHEST WIND DIRECTION     S (160)
  HIGHEST GUST SPEED    17   HIGHEST GUST DIRECTION     S (170)
  AVERAGE WIND SPEED     3.2


SKY COVER
  AVERAGE SKY COVER 0.0


WEATHER CONDITIONS
 THE FOLLOWING WEATHER WAS RECORDED TODAY.
  NO SIGNIFICANT WEATHER WAS OBSERVED.


RELATIVE HUMIDITY (PERCENT)
 HIGHEST    61           500 AM
 LOWEST     29          1200 PM
 AVERAGE    45

..........................................................


THE CENTRAL PARK NY CLIMATE NORMALS FOR TOMORROW
                         NORMAL    RECORD    YEAR
 MAXIMUM TEMPERATURE (F)   84        98      1940
 MINIMUM TEMPERATURE (F)   69        55      1920


SUNRISE AND SUNSET
JULY 25 2015..........SUNRISE   546 AM EDT   SUNSET   819 PM EDT
JULY 26 2015..........SUNRISE   546 AM EDT   SUNSET   818 PM EDT


-  INDICATES NEGATIVE NUMBERS.
R  INDICATES RECORD WAS SET OR TIED.
MM INDICATES DATA IS MISSING.
T  INDICATES TRACE AMOUNT.




$$
