000
CDUS41 KOKX 142038
CLINYC


CLIMATE REPORT
NATIONAL WEATHER SERVICE NEW YORK NY
438 PM EDT SAT MAY 14 2016


...................................

...THE CENTRAL PARK NY CLIMATE SUMMARY FOR MAY 14 2016...
VALID TODAY AS OF 0400 PM LOCAL TIME.

CLIMATE NORMAL PERIOD 1981 TO 2010
CLIMATE RECORD PERIOD 1869 TO 2016


WEATHER ITEM   OBSERVED TIME   RECORD YEAR NORMAL DEPARTURE LAST
                VALUE   (LST)  VALUE       VALUE  FROM      YEAR
                                                  NORMAL
..................................................................
TEMPERATURE (F)
 TODAY
  MAXIMUM         73    800 AM  88    1900  70      3       73
  MINIMUM         56    400 AM  40    1878  53      3       50
  AVERAGE         65                        62      3       62

PRECIPITATION (IN)
  TODAY            0.00          3.38 1978   0.12  -0.12     0.00
  MONTH TO DATE    1.77                      1.77   0.00      T
  SINCE MAR 1      4.55                     10.63  -6.08     6.80
  SINCE JAN 1     13.36                     17.37  -4.01    14.07

SNOWFALL (IN)
  TODAY            0.0           0.0  2002   0.0    0.0      0.0
                                      2001
  MONTH TO DATE    0.0                       0.0    0.0      0.0
  SINCE OCT 1     32.8                      25.8    7.0     50.3
  SINCE JUL 1     32.8                      25.8    7.0     50.3
  SNOW DEPTH       0

DEGREE DAYS
 HEATING
  TODAY            0                         5     -5        3
  MONTH TO DATE  116                        85     31       20
  SINCE MAR 1    969                      1156   -187     1165
  SINCE JUL 1   3716                      4678   -962     4924

 COOLING
  TODAY            0                         1     -1        0
  MONTH TO DATE    3                        14    -11       55
  SINCE MAR 1     22                        26     -4       60
  SINCE JAN 1     22                        26     -4       60
..................................................................


WIND (MPH)
  HIGHEST WIND SPEED    MM   HIGHEST WIND DIRECTION    MM
  HIGHEST GUST SPEED    MM   HIGHEST GUST DIRECTION    MM
  AVERAGE WIND SPEED    MM


SKY COVER
  AVERAGE SKY COVER 0.0


WEATHER CONDITIONS
 THE FOLLOWING WEATHER WAS RECORDED TODAY.
  NO SIGNIFICANT WEATHER WAS OBSERVED.


RELATIVE HUMIDITY (PERCENT)
 HIGHEST   100          1200 AM
 LOWEST     65           800 AM
 AVERAGE    83

..........................................................


THE CENTRAL PARK NY CLIMATE NORMALS FOR TOMORROW
                         NORMAL    RECORD    YEAR
 MAXIMUM TEMPERATURE (F)   71        90      1900
 MINIMUM TEMPERATURE (F)   54        42      1947
                                             1920


SUNRISE AND SUNSET
MAY 14 2016...........SUNRISE   539 AM EDT   SUNSET   806 PM EDT
MAY 15 2016...........SUNRISE   538 AM EDT   SUNSET   807 PM EDT


-  INDICATES NEGATIVE NUMBERS.
R  INDICATES RECORD WAS SET OR TIED.
MM INDICATES DATA IS MISSING.
T  INDICATES TRACE AMOUNT.




$$
