000
CDUS41 KOKX 100634
CLINYC


CLIMATE REPORT
NATIONAL WEATHER SERVICE NEW YORK NY
234 AM EDT WED MAY 10 2017


...................................

...THE CENTRAL PARK NY CLIMATE SUMMARY FOR MAY 9 2017...

CLIMATE NORMAL PERIOD 1981 TO 2010
CLIMATE RECORD PERIOD 1869 TO 2017


WEATHER ITEM   OBSERVED TIME   RECORD YEAR NORMAL DEPARTURE LAST
                VALUE   (LST)  VALUE       VALUE  FROM      YEAR
                                                  NORMAL
..................................................................
TEMPERATURE (F)
 YESTERDAY
  MAXIMUM         63    124 PM  94    1979  69     -6       72
  MINIMUM         47    550 AM  35    1947  52     -5       52
  AVERAGE         55                        60     -5       62

PRECIPITATION (IN)
  YESTERDAY        0.00          1.42 1998   0.13  -0.13     0.00
  MONTH TO DATE    3.21                      1.15   2.06     1.52
  SINCE MAR 1     12.30                     10.01   2.29     4.30
  SINCE JAN 1     19.61                     16.75   2.86    13.11

SNOWFALL (IN)
  YESTERDAY        0.0           T    1977   0.0    0.0      0.0
  MONTH TO DATE    0.0                       0.0    0.0      0.0
  SINCE OCT 1     30.2                      25.8    4.4     32.8
  SINCE JUL 1     30.2                      25.8    4.4     32.8
  SNOW DEPTH       0

DEGREE DAYS
 HEATING
  YESTERDAY       10                         6      4        3
  MONTH TO DATE   71                        60     11      103
  SINCE MAR 1   1125                      1131     -6      956
  SINCE JUL 1   4108                      4653   -545     3703

 COOLING
  YESTERDAY        0                         1     -1        0
  MONTH TO DATE    4                         9     -5        0
  SINCE MAR 1     38                        21     17       19
  SINCE JAN 1     38                        21     17       19
..................................................................


WIND (MPH)
  HIGHEST WIND SPEED    12   HIGHEST WIND DIRECTION    NE (50)
  HIGHEST GUST SPEED    17   HIGHEST GUST DIRECTION    NE (60)
  AVERAGE WIND SPEED     4.4


SKY COVER
  AVERAGE SKY COVER 0.4


WEATHER CONDITIONS
 THE FOLLOWING WEATHER WAS RECORDED YESTERDAY.
  NO SIGNIFICANT WEATHER WAS OBSERVED.


RELATIVE HUMIDITY (PERCENT)
 HIGHEST    71           800 PM
 LOWEST     25           100 PM
 AVERAGE    48

..........................................................


THE CENTRAL PARK NY CLIMATE NORMALS FOR TODAY
                         NORMAL    RECORD    YEAR
 MAXIMUM TEMPERATURE (F)   69        94      1979
 MINIMUM TEMPERATURE (F)   52        36      1966
                                             1947


SUNRISE AND SUNSET
MAY 10 2017...........SUNRISE   543 AM EDT   SUNSET   802 PM EDT
MAY 11 2017...........SUNRISE   542 AM EDT   SUNSET   803 PM EDT


-  INDICATES NEGATIVE NUMBERS.
R  INDICATES RECORD WAS SET OR TIED.
MM INDICATES DATA IS MISSING.
T  INDICATES TRACE AMOUNT.




$$
