780
CDUS41 KOKX 280619
CLINYC


CLIMATE REPORT
NATIONAL WEATHER SERVICE NEW YORK NY
119 AM EST MON NOV 28 2016


...................................

...THE CENTRAL PARK NY CLIMATE SUMMARY FOR NOVEMBER 27 2016...

CLIMATE NORMAL PERIOD 1981 TO 2010
CLIMATE RECORD PERIOD 1869 TO 2016


WEATHER ITEM   OBSERVED TIME   RECORD YEAR NORMAL DEPARTURE LAST
                VALUE   (LST)  VALUE       VALUE  FROM      YEAR
                                                  NORMAL
..................................................................
TEMPERATURE (F)
 YESTERDAY
  MAXIMUM         50   1253 PM  72    1896  50      0       64
  MINIMUM         39    650 AM  12    1932  38      1       51
  AVERAGE         45                        44      1       58

PRECIPITATION (IN)
  YESTERDAY        0.00          2.15 1889   0.13  -0.13     0.00
  MONTH TO DATE    2.48                      3.59  -1.11     1.99
  SINCE SEP 1      9.42                     12.27  -2.85     9.18
  SINCE JAN 1     36.35                     45.51  -9.16    36.23

SNOWFALL (IN)
  YESTERDAY        0.0           5.0  1898   0.0    0.0      0.0
  MONTH TO DATE    T                         0.2   -0.2      0.0
  SINCE OCT 1      T                         0.2   -0.2      0.0
  SINCE JUL 1      T                         0.2   -0.2      0.0
  SNOW DEPTH       0

DEGREE DAYS
 HEATING
  YESTERDAY       20                        21     -1        7
  MONTH TO DATE  413                       454    -41      308
  SINCE SEP 1    647                       765   -118      532
  SINCE JUL 1    647                       767   -120      532

 COOLING
  YESTERDAY        0                         0      0        0
  MONTH TO DATE    0                         0      0        5
  SINCE SEP 1    257                       150    107      313
  SINCE JAN 1   1489                      1104    385     1578
..................................................................


WIND (MPH)
  HIGHEST WIND SPEED    15   HIGHEST WIND DIRECTION    NW (310)
  HIGHEST GUST SPEED    24   HIGHEST GUST DIRECTION    NW (320)
  AVERAGE WIND SPEED     4.7


SKY COVER
  AVERAGE SKY COVER 0.2


WEATHER CONDITIONS
 THE FOLLOWING WEATHER WAS RECORDED YESTERDAY.
  NO SIGNIFICANT WEATHER WAS OBSERVED.


RELATIVE HUMIDITY (PERCENT)
 HIGHEST    76           200 AM
 LOWEST     39           100 PM
 AVERAGE    58

..........................................................


THE CENTRAL PARK NY CLIMATE NORMALS FOR TODAY
                         NORMAL    RECORD    YEAR
 MAXIMUM TEMPERATURE (F)   49        70      2011
 MINIMUM TEMPERATURE (F)   38        15      1930


SUNRISE AND SUNSET
NOVEMBER 28 2016......SUNRISE   658 AM EST   SUNSET   430 PM EST
NOVEMBER 29 2016......SUNRISE   659 AM EST   SUNSET   429 PM EST


-  INDICATES NEGATIVE NUMBERS.
R  INDICATES RECORD WAS SET OR TIED.
MM INDICATES DATA IS MISSING.
T  INDICATES TRACE AMOUNT.




$$
