000
CDUS41 KOKX 020617
CLINYC


CLIMATE REPORT
NATIONAL WEATHER SERVICE NEW YORK NY
217 AM EDT WED AUG 2 2017


...................................

...THE CENTRAL PARK NY CLIMATE SUMMARY FOR AUGUST 1 2017...

CLIMATE NORMAL PERIOD 1981 TO 2010
CLIMATE RECORD PERIOD 1869 TO 2017


WEATHER ITEM   OBSERVED TIME   RECORD YEAR NORMAL DEPARTURE LAST
                VALUE   (LST)  VALUE       VALUE  FROM      YEAR
                                                  NORMAL
..................................................................
TEMPERATURE (F)
 YESTERDAY
  MAXIMUM         92    150 PM 100    1933  84      8       80
  MINIMUM         71    541 AM  59    1964  69      2       69
                                      1895
  AVERAGE         82                        76      6       75

PRECIPITATION (IN)
  YESTERDAY        0.00          2.85 1878   0.16  -0.16      T
  MONTH TO DATE    0.00                      0.16  -0.16      T
  SINCE JUN 1      8.95                      9.17  -0.22     9.62
  SINCE JAN 1     31.73                     28.96   2.77    24.96

SNOWFALL (IN)
  YESTERDAY        0.0           0.0  2002   0.0    0.0      0.0
                                      2001
  MONTH TO DATE    0.0                       0.0    0.0      0.0
  SINCE OCT 1     30.2                      25.8    4.4     32.8
  SINCE JUL 1      0.0                       0.0    0.0      0.0
  SNOW DEPTH       0

DEGREE DAYS
 HEATING
  YESTERDAY        0                         0      0        0
  MONTH TO DATE    0                         0      0        0
  SINCE JUN 1     24                        19      5        7
  SINCE JUL 1      0                         0      0        0

 COOLING
  YESTERDAY       17                        12      5       10
  MONTH TO DATE   17                        12      5       10
  SINCE JUN 1    631                       579     52      674
  SINCE JAN 1    720                       648     72      793
..................................................................


WIND (MPH)
  HIGHEST WIND SPEED     8   HIGHEST WIND DIRECTION    SE (150)
  HIGHEST GUST SPEED    14   HIGHEST GUST DIRECTION    SW (240)
  AVERAGE WIND SPEED     2.6


SKY COVER
  AVERAGE SKY COVER 0.0


WEATHER CONDITIONS
 THE FOLLOWING WEATHER WAS RECORDED YESTERDAY.
  NO SIGNIFICANT WEATHER WAS OBSERVED.


RELATIVE HUMIDITY (PERCENT)
 HIGHEST    69          1200 AM
 LOWEST     32           200 PM
 AVERAGE    51

..........................................................


THE CENTRAL PARK NY CLIMATE NORMALS FOR TODAY
                         NORMAL    RECORD    YEAR
 MAXIMUM TEMPERATURE (F)   84       100      1955
 MINIMUM TEMPERATURE (F)   69        58      1924
                                             1875


SUNRISE AND SUNSET
AUGUST  2 2017........SUNRISE   554 AM EDT   SUNSET   810 PM EDT
AUGUST  3 2017........SUNRISE   555 AM EDT   SUNSET   809 PM EDT


-  INDICATES NEGATIVE NUMBERS.
R  INDICATES RECORD WAS SET OR TIED.
MM INDICATES DATA IS MISSING.
T  INDICATES TRACE AMOUNT.




$$
