709
CDUS41 KOKX 100622
CLINYC


CLIMATE REPORT
NATIONAL WEATHER SERVICE NEW YORK NY
122 AM EST FRI FEB 10 2017


...................................

...THE CENTRAL PARK NY CLIMATE SUMMARY FOR FEBRUARY 9 2017...

CLIMATE NORMAL PERIOD 1981 TO 2010
CLIMATE RECORD PERIOD 1869 TO 2017


WEATHER ITEM   OBSERVED TIME   RECORD YEAR NORMAL DEPARTURE LAST
                VALUE   (LST)  VALUE       VALUE  FROM      YEAR
                                                  NORMAL
..................................................................
TEMPERATURE (F)
 YESTERDAY
  MAXIMUM         44   1205 AM  63    1990  40      4       36
  MINIMUM         19   1159 PM -15    1934  28     -9       27
  AVERAGE         32                        34     -2       32

PRECIPITATION (IN)
  YESTERDAY        1.16          1.74 1885   0.10   1.06      T
  MONTH TO DATE    1.46                      0.97   0.49     1.32
  SINCE DEC 1      9.18                      8.62   0.56    10.45
  SINCE JAN 1      6.29                      4.62   1.67     5.73

SNOWFALL (IN)
  YESTERDAY        9.4          14.0  1969   0.3    9.1       T
  MONTH TO DATE    9.4                       2.9    6.5      2.6
  SINCE OCT 1     20.5                      15.0    5.5     30.5
  SINCE JUL 1     20.5                      15.0    5.5     30.5
  SNOW DEPTH       2

DEGREE DAYS
 HEATING
  YESTERDAY       33                        31      2       33
  MONTH TO DATE  247                       282    -35      207
  SINCE DEC 1   1895                      2138   -243     1581
  SINCE JUL 1   2582                      2971   -389     2169

 COOLING
  YESTERDAY        0                         0      0        0
  MONTH TO DATE    0                         0      0        0
  SINCE DEC 1      0                         0      0        3
  SINCE JAN 1      0                         0      0        0
..................................................................


WIND (MPH)
  HIGHEST WIND SPEED    23   HIGHEST WIND DIRECTION    NW (310)
  HIGHEST GUST SPEED    36   HIGHEST GUST DIRECTION    NW (320)
  AVERAGE WIND SPEED    12.3


SKY COVER
  AVERAGE SKY COVER 0.8


WEATHER CONDITIONS
 THE FOLLOWING WEATHER WAS RECORDED YESTERDAY.
  HEAVY SNOW
  SNOW
  LIGHT SNOW
  FOG
  FOG W/VISIBILITY <= 1/4 MILE
  HAZE


RELATIVE HUMIDITY (PERCENT)
 HIGHEST   100           700 AM
 LOWEST     41           700 PM
 AVERAGE    71

..........................................................


THE CENTRAL PARK NY CLIMATE NORMALS FOR TODAY
                         NORMAL    RECORD    YEAR
 MAXIMUM TEMPERATURE (F)   41        61      2001
                                             1990
 MINIMUM TEMPERATURE (F)   28        -6      1899


SUNRISE AND SUNSET
FEBRUARY 10 2017......SUNRISE   656 AM EST   SUNSET   525 PM EST
FEBRUARY 11 2017......SUNRISE   655 AM EST   SUNSET   526 PM EST


-  INDICATES NEGATIVE NUMBERS.
R  INDICATES RECORD WAS SET OR TIED.
MM INDICATES DATA IS MISSING.
T  INDICATES TRACE AMOUNT.




$$
