000
CDUS41 KOKX 070619
CLINYC


CLIMATE REPORT
NATIONAL WEATHER SERVICE NEW YORK NY
219 AM EDT WED JUN 7 2017


...................................

...THE CENTRAL PARK NY CLIMATE SUMMARY FOR JUNE 6 2017...

CLIMATE NORMAL PERIOD 1981 TO 2010
CLIMATE RECORD PERIOD 1869 TO 2017


WEATHER ITEM   OBSERVED TIME   RECORD YEAR NORMAL DEPARTURE LAST
                VALUE   (LST)  VALUE       VALUE  FROM      YEAR
                                                  NORMAL
..................................................................
TEMPERATURE (F)
 YESTERDAY
  MAXIMUM         58    116 AM  98    1925  77    -19       83
  MINIMUM         52   1159 PM  47    1945  61     -9       65
  AVERAGE         55                        69    -14       74

PRECIPITATION (IN)
  YESTERDAY        0.06          2.62 2000   0.16  -0.10     0.00
  MONTH TO DATE    0.19                      0.96  -0.77     1.35
  SINCE JUN 1      0.19                      0.96  -0.77     1.35
  SINCE JAN 1     22.97                     20.75   2.22    16.69

SNOWFALL (IN)
  YESTERDAY        0.0           0.0  2002   0.0    0.0      0.0
                                      2001
  MONTH TO DATE    0.0                       0.0    0.0      0.0
  SINCE OCT 1     30.2                      25.8    4.4     32.8
  SINCE JUL 1     30.2                      25.8    4.4     32.8
  SNOW DEPTH       0

DEGREE DAYS
 HEATING
  YESTERDAY       10                         1      9        0
  MONTH TO DATE   15                         9      6        0
  SINCE JUN 1     15                         9      6        0
  SINCE JUL 1   4217                      4740   -523     3761

 COOLING
  YESTERDAY        0                         5     -5        9
  MONTH TO DATE    6                        27    -21       39
  SINCE JUN 1      6                        27    -21       39
  SINCE JAN 1     95                        96     -1      158
..................................................................


WIND (MPH)
  HIGHEST WIND SPEED    13   HIGHEST WIND DIRECTION     E (80)
  HIGHEST GUST SPEED    19   HIGHEST GUST DIRECTION    NE (60)
  AVERAGE WIND SPEED     7.1


SKY COVER
  AVERAGE SKY COVER 1.0


WEATHER CONDITIONS
 THE FOLLOWING WEATHER WAS RECORDED YESTERDAY.
  RAIN
  LIGHT RAIN
  FOG


RELATIVE HUMIDITY (PERCENT)
 HIGHEST   100          1200 AM
 LOWEST     77          1000 PM
 AVERAGE    89

..........................................................


THE CENTRAL PARK NY CLIMATE NORMALS FOR TODAY
                         NORMAL    RECORD    YEAR
 MAXIMUM TEMPERATURE (F)   77        96      1925
 MINIMUM TEMPERATURE (F)   61        47      1879


SUNRISE AND SUNSET
JUNE  7 2017..........SUNRISE   525 AM EDT   SUNSET   825 PM EDT
JUNE  8 2017..........SUNRISE   524 AM EDT   SUNSET   826 PM EDT


-  INDICATES NEGATIVE NUMBERS.
R  INDICATES RECORD WAS SET OR TIED.
MM INDICATES DATA IS MISSING.
T  INDICATES TRACE AMOUNT.




$$
