000
CDUS41 KOKX 032032
CLINYC


CLIMATE REPORT
NATIONAL WEATHER SERVICE NEW YORK NY
432 PM EDT TUE OCT 3 2017


...................................

...THE CENTRAL PARK NY CLIMATE SUMMARY FOR OCTOBER 3 2017...
VALID TODAY AS OF 0400 PM LOCAL TIME.

CLIMATE NORMAL PERIOD 1981 TO 2010
CLIMATE RECORD PERIOD 1869 TO 2017


WEATHER ITEM   OBSERVED TIME   RECORD YEAR NORMAL DEPARTURE LAST
                VALUE   (LST)  VALUE       VALUE  FROM      YEAR
                                                  NORMAL
..................................................................
TEMPERATURE (F)
 TODAY
  MAXIMUM         71   1259 PM  87    1919  68      3       72
  MINIMUM         57    630 AM  38    1974  54      3       60
                                      1899
                                      1888
  AVERAGE         64                        61      3       66

PRECIPITATION (IN)
  TODAY            0.00          1.55 1890   0.14  -0.14     0.00
  MONTH TO DATE    0.00                      0.43  -0.43     0.00
  SINCE SEP 1      2.00                      4.71  -2.71     2.79
  SINCE JAN 1     37.07                     37.95  -0.88    29.72

SNOWFALL (IN)
  TODAY            0.0           0.0  2002   0.0    0.0      0.0
                                      2001
  MONTH TO DATE    0.0                       0.0    0.0      0.0
  SINCE OCT 1      0.0                       0.0    0.0      0.0
  SINCE JUL 1      0.0                       0.0    0.0      0.0
  SNOW DEPTH       0

DEGREE DAYS
 HEATING
  TODAY            1                         5     -4        0
  MONTH TO DATE    9                        14     -5       11
  SINCE SEP 1     26                        57    -31       28
  SINCE JUL 1     26                        59    -33       28

 COOLING
  TODAY            0                         1     -1        1
  MONTH TO DATE    0                         3     -3        1
  SINCE SEP 1    190                       136     54      229
  SINCE JAN 1   1184                      1090     94     1461
..................................................................


WIND (MPH)
  HIGHEST WIND SPEED     8   HIGHEST WIND DIRECTION     S (160)
  HIGHEST GUST SPEED    14   HIGHEST GUST DIRECTION     S (170)
  AVERAGE WIND SPEED     2.5


SKY COVER
  AVERAGE SKY COVER 0.2


WEATHER CONDITIONS
 THE FOLLOWING WEATHER WAS RECORDED TODAY.
  HAZE


RELATIVE HUMIDITY (PERCENT)
 HIGHEST    80           500 AM
 LOWEST     47           100 PM
 AVERAGE    64

..........................................................


THE CENTRAL PARK NY CLIMATE NORMALS FOR TOMORROW
                         NORMAL    RECORD    YEAR
 MAXIMUM TEMPERATURE (F)   68        88      1941
 MINIMUM TEMPERATURE (F)   54        37      1888


SUNRISE AND SUNSET
OCTOBER  3 2017.......SUNRISE   655 AM EDT   SUNSET   634 PM EDT
OCTOBER  4 2017.......SUNRISE   656 AM EDT   SUNSET   633 PM EDT


-  INDICATES NEGATIVE NUMBERS.
R  INDICATES RECORD WAS SET OR TIED.
MM INDICATES DATA IS MISSING.
T  INDICATES TRACE AMOUNT.




$$
