000
CDUS41 KOKX 110617
CLINYC


CLIMATE REPORT
NATIONAL WEATHER SERVICE NEW YORK NY
217 AM EDT TUE APR 11 2017


...................................

...THE CENTRAL PARK NY CLIMATE SUMMARY FOR APRIL 10 2017...

CLIMATE NORMAL PERIOD 1981 TO 2010
CLIMATE RECORD PERIOD 1869 TO 2017


WEATHER ITEM   OBSERVED TIME   RECORD YEAR NORMAL DEPARTURE LAST
                VALUE   (LST)  VALUE       VALUE  FROM      YEAR
                                                  NORMAL
..................................................................
TEMPERATURE (F)
 YESTERDAY
  MAXIMUM         74    417 PM  86    1922  59     15       50
  MINIMUM         53    535 AM  28    1997  43     10       31
                                      1985
                                      1974
  AVERAGE         64                        51     13       41

PRECIPITATION (IN)
  YESTERDAY        0.00          4.31 1983   0.17  -0.17     0.00
  MONTH TO DATE    1.94                      1.59   0.35     0.95
  SINCE MAR 1      7.19                      5.95   1.24     2.12
  SINCE JAN 1     14.50                     12.69   1.81    10.93

SNOWFALL (IN)
  YESTERDAY        0.0           0.5  1882   0.1   -0.1      0.0
  MONTH TO DATE    0.0                       0.4   -0.4       T
  SINCE OCT 1     30.2                      25.6    4.6     32.8
  SINCE JUL 1     30.2                      25.6    4.6     32.8
  SNOW DEPTH       0

DEGREE DAYS
 HEATING
  YESTERDAY        1                        14    -13       24
  MONTH TO DATE  134                       157    -23      198
  SINCE MAR 1    927                       857     70      696
  SINCE JUL 1   3910                      4379   -469     3443

 COOLING
  YESTERDAY        0                         0      0        0
  MONTH TO DATE    0                         0      0        5
  SINCE MAR 1      0                         1     -1       11
  SINCE JAN 1      0                         1     -1       11
..................................................................


WIND (MPH)
  HIGHEST WIND SPEED    13   HIGHEST WIND DIRECTION     S (160)
  HIGHEST GUST SPEED    19   HIGHEST GUST DIRECTION    SW (240)
  AVERAGE WIND SPEED     6.0


SKY COVER
  AVERAGE SKY COVER 0.0


WEATHER CONDITIONS
 THE FOLLOWING WEATHER WAS RECORDED YESTERDAY.
  NO SIGNIFICANT WEATHER WAS OBSERVED.


RELATIVE HUMIDITY (PERCENT)
 HIGHEST    46           500 AM
 LOWEST     29          1100 AM
 AVERAGE    38

..........................................................


THE CENTRAL PARK NY CLIMATE NORMALS FOR TODAY
                         NORMAL    RECORD    YEAR
 MAXIMUM TEMPERATURE (F)   60        84      1955
 MINIMUM TEMPERATURE (F)   43        24      1909


SUNRISE AND SUNSET
APRIL 11 2017.........SUNRISE   623 AM EDT   SUNSET   731 PM EDT
APRIL 12 2017.........SUNRISE   621 AM EDT   SUNSET   732 PM EDT


-  INDICATES NEGATIVE NUMBERS.
R  INDICATES RECORD WAS SET OR TIED.
MM INDICATES DATA IS MISSING.
T  INDICATES TRACE AMOUNT.




$$
