373
CDUS41 KOKX 130621
CLINYC


CLIMATE REPORT
NATIONAL WEATHER SERVICE NEW YORK NY
119 AM EST FRI JAN 13 2017


...................................

...THE CENTRAL PARK NY CLIMATE SUMMARY FOR JANUARY 12 2017...

CLIMATE NORMAL PERIOD 1981 TO 2010
CLIMATE RECORD PERIOD 1869 TO 2017


WEATHER ITEM   OBSERVED TIME   RECORD YEAR NORMAL DEPARTURE LAST
                VALUE   (LST)  VALUE       VALUE  FROM      YEAR
                                                  NORMAL
..................................................................
TEMPERATURE (F)
 YESTERDAY
  MAXIMUM         66R   223 PM  64    1890  38     28       44
  MINIMUM         47   1245 AM   2    1981  27     20       25
                                      1968
                                      1886
  AVERAGE         57                        32     25       35

PRECIPITATION (IN)
  YESTERDAY        0.05          2.35 1915   0.13  -0.08      T
  MONTH TO DATE    1.73                      1.46   0.27     1.80
  SINCE DEC 1      4.62                      5.46  -0.84     6.52
  SINCE JAN 1      1.73                      1.46   0.27     1.80

SNOWFALL (IN)
  YESTERDAY        0.0           6.1  2011   0.2   -0.2       T
  MONTH TO DATE    6.3                       2.6    3.7       T
  SINCE OCT 1      9.5                       7.7    1.8       T
  SINCE JUL 1      9.5                       7.7    1.8       T
  SNOW DEPTH       0

DEGREE DAYS
 HEATING
  YESTERDAY        8                        33    -25       30
  MONTH TO DATE  352                       387    -35      348
  SINCE DEC 1   1171                      1239    -68      782
  SINCE JUL 1   1858                      2072   -214     1370

 COOLING
  YESTERDAY        0                         0      0        0
  MONTH TO DATE    0                         0      0        0
  SINCE DEC 1      0                         0      0        3
  SINCE JAN 1      0                         0      0        0
..................................................................


WIND (MPH)
  HIGHEST WIND SPEED    16   HIGHEST WIND DIRECTION     W (250)
  HIGHEST GUST SPEED    24   HIGHEST GUST DIRECTION     W (250)
  AVERAGE WIND SPEED     7.7


SKY COVER
  AVERAGE SKY COVER 0.6


WEATHER CONDITIONS
 THE FOLLOWING WEATHER WAS RECORDED YESTERDAY.
  LIGHT RAIN
  FOG


RELATIVE HUMIDITY (PERCENT)
 HIGHEST    93          1200 AM
 LOWEST     63           200 PM
 AVERAGE    78

..........................................................


THE CENTRAL PARK NY CLIMATE NORMALS FOR TODAY
                         NORMAL    RECORD    YEAR
 MAXIMUM TEMPERATURE (F)   38        68      1932
 MINIMUM TEMPERATURE (F)   27        -3      1914
                                             1912


SUNRISE AND SUNSET
JANUARY 13 2017.......SUNRISE   719 AM EST   SUNSET   451 PM EST
JANUARY 14 2017.......SUNRISE   718 AM EST   SUNSET   452 PM EST


-  INDICATES NEGATIVE NUMBERS.
R  INDICATES RECORD WAS SET OR TIED.
MM INDICATES DATA IS MISSING.
T  INDICATES TRACE AMOUNT.




$$
