000
CDUS41 KOKX 170616
CLINYC


CLIMATE REPORT
NATIONAL WEATHER SERVICE NEW YORK NY
216 AM EDT FRI MAR 17 2017


...................................

...THE CENTRAL PARK NY CLIMATE SUMMARY FOR MARCH 16 2017...

CLIMATE NORMAL PERIOD 1981 TO 2010
CLIMATE RECORD PERIOD 1869 TO 2017


WEATHER ITEM   OBSERVED TIME   RECORD YEAR NORMAL DEPARTURE LAST
                VALUE   (LST)  VALUE       VALUE  FROM      YEAR
                                                  NORMAL
..................................................................
TEMPERATURE (F)
 YESTERDAY
  MAXIMUM         39    507 PM  82    1990  50    -11       65
  MINIMUM         24    720 AM  13    1911  35    -11       48
  AVERAGE         32                        42    -10       57

PRECIPITATION (IN)
  YESTERDAY        0.00          2.03 2007   0.14  -0.14     0.02
  MONTH TO DATE    2.52                      2.09   0.43     0.62
  SINCE MAR 1      2.52                      2.09   0.43     0.62
  SINCE JAN 1      9.83                      8.83   1.00     9.43

SNOWFALL (IN)
  YESTERDAY        0.0           6.2  1956   0.1   -0.1      0.0
  MONTH TO DATE    9.7                       2.7    7.0      0.4
  SINCE OCT 1     30.2                      24.0    6.2     32.3
  SINCE JUL 1     30.2                      24.0    6.2     32.3
  SNOW DEPTH       5

DEGREE DAYS
 HEATING
  YESTERDAY       33                        23     10        8
  MONTH TO DATE  462                       399     63      264
  SINCE MAR 1    462                       399     63      264
  SINCE JUL 1   3445                      3921   -476     3011

 COOLING
  YESTERDAY        0                         0      0        0
  MONTH TO DATE    0                         0      0        6
  SINCE MAR 1      0                         0      0        6
  SINCE JAN 1      0                         0      0        6
..................................................................


WIND (MPH)
  HIGHEST WIND SPEED    20   HIGHEST WIND DIRECTION     W (290)
  HIGHEST GUST SPEED    34   HIGHEST GUST DIRECTION     W (280)
  AVERAGE WIND SPEED     7.8


SKY COVER
  AVERAGE SKY COVER 0.1


WEATHER CONDITIONS
 THE FOLLOWING WEATHER WAS RECORDED YESTERDAY.
  NO SIGNIFICANT WEATHER WAS OBSERVED.


RELATIVE HUMIDITY (PERCENT)
 HIGHEST    55           200 AM
 LOWEST     27           500 PM
 AVERAGE    41

..........................................................


THE CENTRAL PARK NY CLIMATE NORMALS FOR TODAY
                         NORMAL    RECORD    YEAR
 MAXIMUM TEMPERATURE (F)   50        75      1945
 MINIMUM TEMPERATURE (F)   35         9      1916


SUNRISE AND SUNSET
MARCH 17 2017.........SUNRISE   704 AM EDT   SUNSET   705 PM EDT
MARCH 18 2017.........SUNRISE   702 AM EDT   SUNSET   706 PM EDT


-  INDICATES NEGATIVE NUMBERS.
R  INDICATES RECORD WAS SET OR TIED.
MM INDICATES DATA IS MISSING.
T  INDICATES TRACE AMOUNT.




$$
