000
CDUS41 KOKX 272134
CLINYC


CLIMATE REPORT
NATIONAL WEATHER SERVICE NEW YORK NY
433 PM EST MON NOV 27 2017


...................................

...THE CENTRAL PARK NY CLIMATE SUMMARY FOR NOVEMBER 27 2017...
VALID TODAY AS OF 0400 PM LOCAL TIME.

CLIMATE NORMAL PERIOD 1981 TO 2010
CLIMATE RECORD PERIOD 1869 TO 2017


WEATHER ITEM   OBSERVED TIME   RECORD YEAR NORMAL DEPARTURE LAST
                VALUE   (LST)  VALUE       VALUE  FROM      YEAR
                                                  NORMAL
..................................................................
TEMPERATURE (F)
 TODAY
  MAXIMUM         51    247 PM  72    1896  50      1       50
  MINIMUM         39    456 AM  12    1932  38      1       39
  AVERAGE         45                        44      1       45

PRECIPITATION (IN)
  TODAY            0.00          2.15 1889   0.13  -0.13     0.00
  MONTH TO DATE    1.55                      3.59  -2.04     2.48
  SINCE SEP 1      7.73                     12.27  -4.54     9.42
  SINCE JAN 1     42.80                     45.51  -2.71    36.35

SNOWFALL (IN)
  TODAY            0.0           5.0  1898   0.0    0.0      0.0
  MONTH TO DATE    T                         0.2   -0.2       T
  SINCE OCT 1      T                         0.2   -0.2       T
  SINCE JUL 1      T                         0.2   -0.2       T
  SNOW DEPTH       0

DEGREE DAYS
 HEATING
  TODAY           20                        21     -1       20
  MONTH TO DATE  495                       454     41      413
  SINCE SEP 1    611                       765   -154      647
  SINCE JUL 1    611                       767   -156      647

 COOLING
  TODAY            0                         0      0        0
  MONTH TO DATE    0                         0      0        0
  SINCE SEP 1    271                       150    121      257
  SINCE JAN 1   1265                      1104    161     1489
..................................................................


WIND (MPH)
  HIGHEST WIND SPEED    14   HIGHEST WIND DIRECTION    NW (320)
  HIGHEST GUST SPEED    24   HIGHEST GUST DIRECTION     W (290)
  AVERAGE WIND SPEED     7.3


SKY COVER
  AVERAGE SKY COVER 0.0


WEATHER CONDITIONS
 THE FOLLOWING WEATHER WAS RECORDED TODAY.
  NO SIGNIFICANT WEATHER WAS OBSERVED.


RELATIVE HUMIDITY (PERCENT)
 HIGHEST    54          1200 AM
 LOWEST     36           200 PM
 AVERAGE    45

..........................................................


THE CENTRAL PARK NY CLIMATE NORMALS FOR TOMORROW
                         NORMAL    RECORD    YEAR
 MAXIMUM TEMPERATURE (F)   49        70      2011
 MINIMUM TEMPERATURE (F)   38        15      1930


SUNRISE AND SUNSET
NOVEMBER 27 2017......SUNRISE   657 AM EST   SUNSET   430 PM EST
NOVEMBER 28 2017......SUNRISE   658 AM EST   SUNSET   430 PM EST


-  INDICATES NEGATIVE NUMBERS.
R  INDICATES RECORD WAS SET OR TIED.
MM INDICATES DATA IS MISSING.
T  INDICATES TRACE AMOUNT.




$$
