000
CDUS41 KOKX 150615
CLINYC


CLIMATE REPORT
NATIONAL WEATHER SERVICE NEW YORK NY
215 AM EDT WED OCT 15 2014


...................................

...THE CENTRAL PARK NY CLIMATE SUMMARY FOR OCTOBER 14 2014...

CLIMATE NORMAL PERIOD 1981 TO 2010
CLIMATE RECORD PERIOD 1869 TO 2014


WEATHER ITEM   OBSERVED TIME   RECORD YEAR NORMAL DEPARTURE LAST
                VALUE   (LST)  VALUE       VALUE  FROM      YEAR
                                                  NORMAL
..................................................................
TEMPERATURE (F)
 YESTERDAY
  MAXIMUM         76   1234 PM  84    1920  64     12       66
  MINIMUM         63   1206 AM  37    1988  50     13       52
  AVERAGE         70                        57     13       59

PRECIPITATION (IN)
  YESTERDAY        0.00          1.76 1995   0.15  -0.15     0.00
  MONTH TO DATE    1.68                      2.03  -0.35     0.27
  SINCE SEP 1      2.89                      6.31  -3.42     3.22
  SINCE JAN 1     39.15                     39.55  -0.40    38.23

SNOWFALL (IN)
  YESTERDAY        0.0           0.0  2002   0.0    0.0      0.0
                                      2001
  MONTH TO DATE    0.0                       0.0    0.0      0.0
  SINCE OCT 1      0.0                       0.0    0.0      0.0
  SINCE JUL 1      0.0                       0.0    0.0      0.0
  SNOW DEPTH       0

DEGREE DAYS
 HEATING
  YESTERDAY        0                         8     -8        6
  MONTH TO DATE   58                        89    -31       27
  SINCE SEP 1     80                       132    -52       63
  SINCE JUL 1     80                       134    -54       63

 COOLING
  YESTERDAY        5                         0      5        0
  MONTH TO DATE   11                        13     -2       44
  SINCE SEP 1    181                       146     35      176
  SINCE JAN 1   1119                      1100     19     1269
..................................................................


WIND (MPH)
  HIGHEST WIND SPEED    13   HIGHEST WIND DIRECTION     S (180)
  HIGHEST GUST SPEED    23   HIGHEST GUST DIRECTION     S (180)
  AVERAGE WIND SPEED     4.7


SKY COVER
  AVERAGE SKY COVER 0.7


WEATHER CONDITIONS
 THE FOLLOWING WEATHER WAS RECORDED YESTERDAY.
  FOG


RELATIVE HUMIDITY (PERCENT)
 HIGHEST    93          1200 AM
 LOWEST     60           100 PM
 AVERAGE    77

..........................................................


THE CENTRAL PARK NY CLIMATE NORMALS FOR TODAY
                         NORMAL    RECORD    YEAR
 MAXIMUM TEMPERATURE (F)   64        84      1956
 MINIMUM TEMPERATURE (F)   50        32      1876


SUNRISE AND SUNSET
OCTOBER 15 2014.......SUNRISE   707 AM EDT   SUNSET   616 PM EDT
OCTOBER 16 2014.......SUNRISE   708 AM EDT   SUNSET   614 PM EDT


-  INDICATES NEGATIVE NUMBERS.
R  INDICATES RECORD WAS SET OR TIED.
MM INDICATES DATA IS MISSING.
T  INDICATES TRACE AMOUNT.




$$
