000
CDUS41 KOKX 210641
CLINYC


CLIMATE REPORT
NATIONAL WEATHER SERVICE NEW YORK NY
241 AM EDT SAT MAR 21 2015


...................................

...THE CENTRAL PARK NY CLIMATE SUMMARY FOR MARCH 20 2015...

CLIMATE NORMAL PERIOD 1981 TO 2010
CLIMATE RECORD PERIOD 1869 TO 2015


WEATHER ITEM   OBSERVED TIME   RECORD YEAR NORMAL DEPARTURE LAST
                VALUE   (LST)  VALUE       VALUE  FROM      YEAR
                                                  NORMAL
..................................................................
TEMPERATURE (F)
 YESTERDAY
  MAXIMUM         38   1050 AM  83    1945  51    -13       54
  MINIMUM         29   1159 PM  11    1885  36     -7       40
  AVERAGE         34                        44    -10       47

PRECIPITATION (IN)
  YESTERDAY        0.40          1.93 1913   0.15   0.25     0.00
  MONTH TO DATE    3.91                      2.68   1.23     1.31
  SINCE MAR 1      3.91                      2.68   1.23     1.31
  SINCE JAN 1     11.18                      9.42   1.76     9.58

SNOWFALL (IN)
  YESTERDAY        4.5           4.7  1958   0.1    4.4      0.0
  MONTH TO DATE   18.6                       3.1   15.5      0.1
  SINCE OCT 1     47.0                      24.4   22.6     57.4
  SINCE JUL 1     47.0                      24.4   22.6     57.4
  SNOW DEPTH       0

DEGREE DAYS
 HEATING
  YESTERDAY       31                        21     10       18
  MONTH TO DATE  544                       486     58      574
  SINCE MAR 1    544                       486     58      574
  SINCE JUL 1   4303                      4008    295     4244

 COOLING
  YESTERDAY        0                         0      0        0
  MONTH TO DATE    0                         0      0        0
  SINCE MAR 1      0                         0      0        0
  SINCE JAN 1      0                         0      0        0
..................................................................


WIND (MPH)
  HIGHEST WIND SPEED    17   HIGHEST WIND DIRECTION    NE (60)
  HIGHEST GUST SPEED    22   HIGHEST GUST DIRECTION     E (70)
  AVERAGE WIND SPEED     7.9


SKY COVER
  AVERAGE SKY COVER 0.7


WEATHER CONDITIONS
 THE FOLLOWING WEATHER WAS RECORDED YESTERDAY.
  HEAVY SNOW
  SNOW
  LIGHT SNOW
  FOG
  FOG W/VISIBILITY <= 1/4 MILE
  HAZE


RELATIVE HUMIDITY (PERCENT)
 HIGHEST    92           400 PM
 LOWEST     23           300 AM
 AVERAGE    58

..........................................................


THE CENTRAL PARK NY CLIMATE NORMALS FOR TODAY
                         NORMAL    RECORD    YEAR
 MAXIMUM TEMPERATURE (F)   51        84      1921
 MINIMUM TEMPERATURE (F)   37        10      1885


SUNRISE AND SUNSET
MARCH 21 2015.........SUNRISE   658 AM EDT   SUNSET   709 PM EDT
MARCH 22 2015.........SUNRISE   656 AM EDT   SUNSET   710 PM EDT


-  INDICATES NEGATIVE NUMBERS.
R  INDICATES RECORD WAS SET OR TIED.
MM INDICATES DATA IS MISSING.
T  INDICATES TRACE AMOUNT.




$$
