000
CDUS41 KOKX 282032
CLINYC


CLIMATE REPORT
NATIONAL WEATHER SERVICE NEW YORK NY
431 PM EDT THU SEP 28 2017


...................................

...THE CENTRAL PARK NY CLIMATE SUMMARY FOR SEPTEMBER 28 2017...
VALID TODAY AS OF 0400 PM LOCAL TIME.

CLIMATE NORMAL PERIOD 1981 TO 2010
CLIMATE RECORD PERIOD 1869 TO 2017


WEATHER ITEM   OBSERVED TIME   RECORD YEAR NORMAL DEPARTURE LAST
                VALUE   (LST)  VALUE       VALUE  FROM      YEAR
                                                  NORMAL
..................................................................
TEMPERATURE (F)
 TODAY
  MAXIMUM         79    129 PM  88    1881  70      9       69
  MINIMUM         69    829 AM  41    1947  56     13       56
  AVERAGE         74                        63     11       63

PRECIPITATION (IN)
  TODAY            0.00          3.84 2004   0.16  -0.16     0.00
  MONTH TO DATE    2.00                      3.96  -1.96     2.39
  SINCE SEP 1      2.00                      3.96  -1.96     2.39
  SINCE JAN 1     37.07                     37.20  -0.13    29.32

SNOWFALL (IN)
  TODAY            0.0           0.0  2002   0.0    0.0      0.0
                                      2001
  MONTH TO DATE    0.0                       0.0    0.0      0.0
  SINCE OCT 1     30.2                      25.8    4.4     32.8
  SINCE JUL 1      0.0                       0.0    0.0      0.0
  SNOW DEPTH       0

DEGREE DAYS
 HEATING
  TODAY            0                         4     -4        2
  MONTH TO DATE    9                        34    -25        6
  SINCE SEP 1      9                        34    -25        6
  SINCE JUL 1      9                        36    -27        6

 COOLING
  TODAY            9                         2      7        0
  MONTH TO DATE  195                       129     66      228
  SINCE SEP 1    195                       129     66      228
  SINCE JAN 1   1189                      1083    106     1460
..................................................................


WIND (MPH)
  HIGHEST WIND SPEED    15   HIGHEST WIND DIRECTION     N (10)
  HIGHEST GUST SPEED    22   HIGHEST GUST DIRECTION     W (280)
  AVERAGE WIND SPEED     5.8


SKY COVER
  AVERAGE SKY COVER 0.4


WEATHER CONDITIONS
 THE FOLLOWING WEATHER WAS RECORDED TODAY.
  FOG


RELATIVE HUMIDITY (PERCENT)
 HIGHEST    94           100 AM
 LOWEST     32           100 PM
 AVERAGE    63

..........................................................


THE CENTRAL PARK NY CLIMATE NORMALS FOR TOMORROW
                         NORMAL    RECORD    YEAR
 MAXIMUM TEMPERATURE (F)   70        88      1945
 MINIMUM TEMPERATURE (F)   56        42      1942
                                             1914
                                             1888


SUNRISE AND SUNSET
SEPTEMBER 28 2017.....SUNRISE   650 AM EDT   SUNSET   643 PM EDT
SEPTEMBER 29 2017.....SUNRISE   651 AM EDT   SUNSET   641 PM EDT


-  INDICATES NEGATIVE NUMBERS.
R  INDICATES RECORD WAS SET OR TIED.
MM INDICATES DATA IS MISSING.
T  INDICATES TRACE AMOUNT.




$$
