000
CDUS41 KOKX 240619
CLINYC


CLIMATE REPORT
NATIONAL WEATHER SERVICE NEW YORK NY
219 AM EDT SUN APR 24 2016


...................................

...THE CENTRAL PARK NY CLIMATE SUMMARY FOR APRIL 23 2016...

CLIMATE NORMAL PERIOD 1981 TO 2010
CLIMATE RECORD PERIOD 1869 TO 2016


WEATHER ITEM   OBSERVED TIME   RECORD YEAR NORMAL DEPARTURE LAST
                VALUE   (LST)  VALUE       VALUE  FROM      YEAR
                                                  NORMAL
..................................................................
TEMPERATURE (F)
 YESTERDAY
  MAXIMUM         71    204 PM  86    2007  64      7       52
  MINIMUM         54   1159 PM  32    1930  47      7       41
  AVERAGE         63                        56      7       47

PRECIPITATION (IN)
  YESTERDAY        0.16          2.34 2006   0.14   0.02     0.00
  MONTH TO DATE    1.32                      3.52  -2.20     2.08
  SINCE MAR 1      2.49                      7.88  -5.39     6.80
  SINCE JAN 1     11.30                     14.62  -3.32    14.07

SNOWFALL (IN)
  YESTERDAY        0.0           T    1986   0.0    0.0      0.0
                                      2000
  MONTH TO DATE    T                         0.6   -0.6      0.0
  SINCE OCT 1     32.1                      25.8    6.3     50.3
  SINCE JUL 1     32.1                      25.8    6.3     50.3
  SNOW DEPTH       0

DEGREE DAYS
 HEATING
  YESTERDAY        2                        10     -8       18
  MONTH TO DATE  288                       309    -21      254
  SINCE MAR 1    786                      1009   -223     1080
  SINCE JUL 1   3533                      4531   -998     4839

 COOLING
  YESTERDAY        0                         1     -1        0
  MONTH TO DATE   13                         2     11        5
  SINCE MAR 1     19                         3     16        5
  SINCE JAN 1     19                         3     16        5
..................................................................


WIND (MPH)
  HIGHEST WIND SPEED    16   HIGHEST WIND DIRECTION    NE (30)
  HIGHEST GUST SPEED    25   HIGHEST GUST DIRECTION     N (10)
  AVERAGE WIND SPEED     7.2


SKY COVER
  AVERAGE SKY COVER 0.5


WEATHER CONDITIONS
 THE FOLLOWING WEATHER WAS RECORDED YESTERDAY.
  RAIN
  LIGHT RAIN
  FOG
  HAZE


RELATIVE HUMIDITY (PERCENT)
 HIGHEST    93           300 AM
 LOWEST     33          1100 PM
 AVERAGE    63

..........................................................


THE CENTRAL PARK NY CLIMATE NORMALS FOR TODAY
                         NORMAL    RECORD    YEAR
 MAXIMUM TEMPERATURE (F)   64        87      2001
 MINIMUM TEMPERATURE (F)   48        31      1930


SUNRISE AND SUNSET
APRIL 24 2016.........SUNRISE   603 AM EDT   SUNSET   745 PM EDT
APRIL 25 2016.........SUNRISE   602 AM EDT   SUNSET   746 PM EDT


-  INDICATES NEGATIVE NUMBERS.
R  INDICATES RECORD WAS SET OR TIED.
MM INDICATES DATA IS MISSING.
T  INDICATES TRACE AMOUNT.




$$
