000
CDUS41 KOKX 130617
CLINYC


CLIMATE REPORT
NATIONAL WEATHER SERVICE NEW YORK NY
217 AM EDT SAT MAY 13 2017


...................................

...THE CENTRAL PARK NY CLIMATE SUMMARY FOR MAY 12 2017...

CLIMATE NORMAL PERIOD 1981 TO 2010
CLIMATE RECORD PERIOD 1869 TO 2017


WEATHER ITEM   OBSERVED TIME   RECORD YEAR NORMAL DEPARTURE LAST
                VALUE   (LST)  VALUE       VALUE  FROM      YEAR
                                                  NORMAL
..................................................................
TEMPERATURE (F)
 YESTERDAY
  MAXIMUM         65   1223 PM  93    1881  70     -5       80
  MINIMUM         48    524 AM  40    1907  53     -5       56
  AVERAGE         57                        61     -4       68

PRECIPITATION (IN)
  YESTERDAY        0.00          1.84 1943   0.13  -0.13     0.00
  MONTH TO DATE    3.21                      1.53   1.68     1.52
  SINCE MAR 1     12.30                     10.39   1.91     4.30
  SINCE JAN 1     19.61                     17.13   2.48    13.11

SNOWFALL (IN)
  YESTERDAY        0.0           0.0  2002   0.0    0.0      0.0
                                      2001
  MONTH TO DATE    0.0                       0.0    0.0      0.0
  SINCE OCT 1     30.2                      25.8    4.4     32.8
  SINCE JUL 1     30.2                      25.8    4.4     32.8
  SNOW DEPTH       0

DEGREE DAYS
 HEATING
  YESTERDAY        8                         5      3        0
  MONTH TO DATE   96                        75     21      113
  SINCE MAR 1   1150                      1146      4      966
  SINCE JUL 1   4133                      4668   -535     3713

 COOLING
  YESTERDAY        0                         1     -1        3
  MONTH TO DATE    4                        12     -8        3
  SINCE MAR 1     38                        24     14       22
  SINCE JAN 1     38                        24     14       22
..................................................................


WIND (MPH)
  HIGHEST WIND SPEED    12   HIGHEST WIND DIRECTION     E (80)
  HIGHEST GUST SPEED    17   HIGHEST GUST DIRECTION     S (160)
  AVERAGE WIND SPEED     4.1


SKY COVER
  AVERAGE SKY COVER 0.2


WEATHER CONDITIONS
 THE FOLLOWING WEATHER WAS RECORDED YESTERDAY.
  NO SIGNIFICANT WEATHER WAS OBSERVED.


RELATIVE HUMIDITY (PERCENT)
 HIGHEST    80           300 AM
 LOWEST     46          1200 PM
 AVERAGE    63

..........................................................


THE CENTRAL PARK NY CLIMATE NORMALS FOR TODAY
                         NORMAL    RECORD    YEAR
 MAXIMUM TEMPERATURE (F)   70        89      1956
 MINIMUM TEMPERATURE (F)   53        39      1895


SUNRISE AND SUNSET
MAY 13 2017...........SUNRISE   540 AM EDT   SUNSET   805 PM EDT
MAY 14 2017...........SUNRISE   539 AM EDT   SUNSET   806 PM EDT


-  INDICATES NEGATIVE NUMBERS.
R  INDICATES RECORD WAS SET OR TIED.
MM INDICATES DATA IS MISSING.
T  INDICATES TRACE AMOUNT.




$$
