000
CDUS41 KOKX 050619
CLINYC


CLIMATE REPORT
NATIONAL WEATHER SERVICE NEW YORK NY
119 AM EST MON FEB 5 2018


...................................

...THE CENTRAL PARK NY CLIMATE SUMMARY FOR FEBRUARY 4 2018...

CLIMATE NORMAL PERIOD 1981 TO 2010
CLIMATE RECORD PERIOD 1869 TO 2018


WEATHER ITEM   OBSERVED TIME   RECORD YEAR NORMAL DEPARTURE LAST
                VALUE   (LST)  VALUE       VALUE  FROM      YEAR
                                                  NORMAL
..................................................................
TEMPERATURE (F)
 YESTERDAY
  MAXIMUM         46    944 PM  68    1991  40      6       34
  MINIMUM         30    134 AM   0    1918  28      2       22
                                      1886
  AVERAGE         38                        34      4       28

PRECIPITATION (IN)
  YESTERDAY        0.96          2.10 1961   0.10   0.86     0.00
  MONTH TO DATE    1.19                      0.43   0.76     0.00
  SINCE DEC 1      5.58                      8.08  -2.50     7.72
  SINCE JAN 1      3.37                      4.08  -0.71     4.83

SNOWFALL (IN)
  YESTERDAY        T            11.4  1961   0.3   -0.3      0.0
  MONTH TO DATE    T                         1.3   -1.3      0.0
  SINCE OCT 1     18.9                      13.4    5.5     11.1
  SINCE JUL 1     18.9                      13.4    5.5     11.1
  SNOW DEPTH       0

DEGREE DAYS
 HEATING
  YESTERDAY       27                        31     -4       37
  MONTH TO DATE  130                       127      3      123
  SINCE DEC 1   2076                      1983     93     1771
  SINCE JUL 1   2738                      2816    -78     2458

 COOLING
  YESTERDAY        0                         0      0        0
  MONTH TO DATE    0                         0      0        0
  SINCE DEC 1      0                         0      0        0
  SINCE JAN 1      0                         0      0        0
..................................................................


WIND (MPH)
  HIGHEST WIND SPEED    14   HIGHEST WIND DIRECTION    SW (230)
  HIGHEST GUST SPEED    23   HIGHEST GUST DIRECTION    SW (240)
  AVERAGE WIND SPEED     4.0


SKY COVER
  AVERAGE SKY COVER 1.0


WEATHER CONDITIONS
 THE FOLLOWING WEATHER WAS RECORDED YESTERDAY.
  HEAVY RAIN
  RAIN
  LIGHT RAIN
  LIGHT SNOW
  FOG
  HAZE


RELATIVE HUMIDITY (PERCENT)
 HIGHEST   100           800 PM
 LOWEST     43          1200 AM
 AVERAGE    72

..........................................................


THE CENTRAL PARK NY CLIMATE NORMALS FOR TODAY
                         NORMAL    RECORD    YEAR
 MAXIMUM TEMPERATURE (F)   40        70      1991
 MINIMUM TEMPERATURE (F)   28        -6      1918


SUNRISE AND SUNSET
FEBRUARY  5 2018......SUNRISE   702 AM EST   SUNSET   518 PM EST
FEBRUARY  6 2018......SUNRISE   701 AM EST   SUNSET   520 PM EST


-  INDICATES NEGATIVE NUMBERS.
R  INDICATES RECORD WAS SET OR TIED.
MM INDICATES DATA IS MISSING.
T  INDICATES TRACE AMOUNT.




$$
