000
CDUS41 KOKX 250620
CLINYC


CLIMATE REPORT
NATIONAL WEATHER SERVICE NEW YORK NY
120 AM EST SAT NOV 25 2017


...................................

...THE CENTRAL PARK NY CLIMATE SUMMARY FOR NOVEMBER 24 2017...

CLIMATE NORMAL PERIOD 1981 TO 2010
CLIMATE RECORD PERIOD 1869 TO 2017


WEATHER ITEM   OBSERVED TIME   RECORD YEAR NORMAL DEPARTURE LAST
                VALUE   (LST)  VALUE       VALUE  FROM      YEAR
                                                  NORMAL
..................................................................
TEMPERATURE (F)
 YESTERDAY
  MAXIMUM         50    337 PM  73    1979  51     -1       48
  MINIMUM         35    642 AM  14    1880  39     -4       38
  AVERAGE         43                        45     -2       43

PRECIPITATION (IN)
  YESTERDAY        0.00          1.95 1873   0.14  -0.14     0.03
  MONTH TO DATE    1.55                      3.19  -1.64     2.46
  SINCE SEP 1      7.73                     11.87  -4.14     9.40
  SINCE JAN 1     42.80                     45.11  -2.31    36.33

SNOWFALL (IN)
  YESTERDAY        0.0           3.9  1938   0.0    0.0      0.0
  MONTH TO DATE    T                         0.1   -0.1       T
  SINCE OCT 1      T                         0.1   -0.1       T
  SINCE JUL 1      T                         0.1   -0.1       T
  SNOW DEPTH       0

DEGREE DAYS
 HEATING
  YESTERDAY       22                        20      2       22
  MONTH TO DATE  441                       392     49      358
  SINCE SEP 1    557                       703   -146      592
  SINCE JUL 1    557                       705   -148      592

 COOLING
  YESTERDAY        0                         0      0        0
  MONTH TO DATE    0                         0      0        0
  SINCE SEP 1    271                       150    121      257
  SINCE JAN 1   1265                      1104    161     1489
..................................................................


WIND (MPH)
  HIGHEST WIND SPEED     9   HIGHEST WIND DIRECTION     W (250)
  HIGHEST GUST SPEED    18   HIGHEST GUST DIRECTION     W (260)
  AVERAGE WIND SPEED     3.8


SKY COVER
  AVERAGE SKY COVER 0.0


WEATHER CONDITIONS
 THE FOLLOWING WEATHER WAS RECORDED YESTERDAY.
  NO SIGNIFICANT WEATHER WAS OBSERVED.


RELATIVE HUMIDITY (PERCENT)
 HIGHEST    56           200 AM
 LOWEST     31           100 PM
 AVERAGE    44

..........................................................


THE CENTRAL PARK NY CLIMATE NORMALS FOR TODAY
                         NORMAL    RECORD    YEAR
 MAXIMUM TEMPERATURE (F)   50        73      1979
 MINIMUM TEMPERATURE (F)   39        19      1938


SUNRISE AND SUNSET
NOVEMBER 25 2017......SUNRISE   655 AM EST   SUNSET   431 PM EST
NOVEMBER 26 2017......SUNRISE   656 AM EST   SUNSET   431 PM EST


-  INDICATES NEGATIVE NUMBERS.
R  INDICATES RECORD WAS SET OR TIED.
MM INDICATES DATA IS MISSING.
T  INDICATES TRACE AMOUNT.




$$
