000
CDUS41 KOKX 100622
CLINYC


CLIMATE REPORT
NATIONAL WEATHER SERVICE NEW YORK NY
221 AM EDT TUE MAY 10 2016


...................................

...THE CENTRAL PARK NY CLIMATE SUMMARY FOR MAY 9 2016...

CLIMATE NORMAL PERIOD 1981 TO 2010
CLIMATE RECORD PERIOD 1869 TO 2016


WEATHER ITEM   OBSERVED TIME   RECORD YEAR NORMAL DEPARTURE LAST
                VALUE   (LST)  VALUE       VALUE  FROM      YEAR
                                                  NORMAL
..................................................................
TEMPERATURE (F)
 YESTERDAY
  MAXIMUM         72    310 PM  94    1979  69      3       70
  MINIMUM         52    251 AM  35    1947  52      0       57
  AVERAGE         62                        60      2       64

PRECIPITATION (IN)
  YESTERDAY        0.00          1.42 1998   0.13  -0.13     0.00
  MONTH TO DATE    1.52                      1.15   0.37      T
  SINCE MAR 1      4.30                     10.01  -5.71     6.80
  SINCE JAN 1     13.11                     16.75  -3.64    14.07

SNOWFALL (IN)
  YESTERDAY        0.0           T    1977   0.0    0.0      0.0
  MONTH TO DATE    0.0                       0.0    0.0      0.0
  SINCE OCT 1     32.8                      25.8    7.0     50.3
  SINCE JUL 1     32.8                      25.8    7.0     50.3
  SNOW DEPTH       0

DEGREE DAYS
 HEATING
  YESTERDAY        3                         6     -3        1
  MONTH TO DATE  103                        60     43       14
  SINCE MAR 1    956                      1131   -175     1159
  SINCE JUL 1   3703                      4653   -950     4918

 COOLING
  YESTERDAY        0                         1     -1        0
  MONTH TO DATE    0                         9     -9       26
  SINCE MAR 1     19                        21     -2       31
  SINCE JAN 1     19                        21     -2       31
..................................................................


WIND (MPH)
  HIGHEST WIND SPEED    18   HIGHEST WIND DIRECTION     W (260)
  HIGHEST GUST SPEED    30   HIGHEST GUST DIRECTION     W (270)
  AVERAGE WIND SPEED     5.1


SKY COVER
  AVERAGE SKY COVER 0.2


WEATHER CONDITIONS
 THE FOLLOWING WEATHER WAS RECORDED YESTERDAY.
  NO SIGNIFICANT WEATHER WAS OBSERVED.


RELATIVE HUMIDITY (PERCENT)
 HIGHEST    48           300 AM
 LOWEST     25          1200 PM
 AVERAGE    37

..........................................................


THE CENTRAL PARK NY CLIMATE NORMALS FOR TODAY
                         NORMAL    RECORD    YEAR
 MAXIMUM TEMPERATURE (F)   69        94      1979
 MINIMUM TEMPERATURE (F)   52        36      1966
                                             1947


SUNRISE AND SUNSET
MAY 10 2016...........SUNRISE   543 AM EDT   SUNSET   802 PM EDT
MAY 11 2016...........SUNRISE   542 AM EDT   SUNSET   803 PM EDT


-  INDICATES NEGATIVE NUMBERS.
R  INDICATES RECORD WAS SET OR TIED.
MM INDICATES DATA IS MISSING.
T  INDICATES TRACE AMOUNT.




$$
