000
CDUS41 KOKX 150909
CLINYC


CLIMATE REPORT
NATIONAL WEATHER SERVICE NEW YORK NY
509 AM EDT WED MAR 15 2017


...................................

...THE CENTRAL PARK NY CLIMATE SUMMARY FOR MARCH 14 2017...

CLIMATE NORMAL PERIOD 1981 TO 2010
CLIMATE RECORD PERIOD 1869 TO 2017


WEATHER ITEM   OBSERVED TIME   RECORD YEAR NORMAL DEPARTURE LAST
                VALUE   (LST)  VALUE       VALUE  FROM      YEAR
                                                  NORMAL
..................................................................
TEMPERATURE (F)
 YESTERDAY
  MAXIMUM         32   1129 AM  75    1946  49    -17       51
  MINIMUM         21   1159 PM  15    1896  35    -14       40
  AVERAGE         27                        42    -15       46

PRECIPITATION (IN)
  YESTERDAY        1.97R         1.97 2017   0.14   1.83     0.29
  MONTH TO DATE    2.52                      1.81   0.71     0.60
  SINCE MAR 1      2.52                      1.81   0.71     0.60
  SINCE JAN 1      9.83                      8.55   1.28     9.41

SNOWFALL (IN)
  YESTERDAY        7.6 R         4.1  1958   0.1    7.5      0.0
  MONTH TO DATE    9.7                       2.5    7.2      0.4
  SINCE OCT 1     30.2                      23.8    6.4     32.3
  SINCE JUL 1     30.2                      23.8    6.4     32.3
  SNOW DEPTH       4

DEGREE DAYS
 HEATING
  YESTERDAY       38                        23     15       19
  MONTH TO DATE  387                       353     34      242
  SINCE MAR 1    387                       353     34      242
  SINCE JUL 1   3370                      3875   -505     2989

 COOLING
  YESTERDAY        0                         0      0        0
  MONTH TO DATE    0                         0      0        6
  SINCE MAR 1      0                         0      0        6
  SINCE JAN 1      0                         0      0        6
..................................................................


WIND (MPH)
  HIGHEST WIND SPEED    28   HIGHEST WIND DIRECTION    NE (60)
  HIGHEST GUST SPEED    38   HIGHEST GUST DIRECTION    NE (40)
  AVERAGE WIND SPEED    13.5


SKY COVER
  AVERAGE SKY COVER 0.9


WEATHER CONDITIONS
 THE FOLLOWING WEATHER WAS RECORDED YESTERDAY.
  SNOW
  LIGHT SNOW
  FOG
  FOG W/VISIBILITY <= 1/4 MILE
  HAZE


RELATIVE HUMIDITY (PERCENT)
 HIGHEST   100           400 AM
 LOWEST     57          1100 PM
 AVERAGE    79

..........................................................


THE CENTRAL PARK NY CLIMATE NORMALS FOR TODAY
                         NORMAL    RECORD    YEAR
 MAXIMUM TEMPERATURE (F)   49        77      1990
 MINIMUM TEMPERATURE (F)   35        14      1993


SUNRISE AND SUNSET
MARCH 15 2017.........SUNRISE   707 AM EDT   SUNSET   703 PM EDT
MARCH 16 2017.........SUNRISE   706 AM EDT   SUNSET   704 PM EDT


-  INDICATES NEGATIVE NUMBERS.
R  INDICATES RECORD WAS SET OR TIED.
MM INDICATES DATA IS MISSING.
T  INDICATES TRACE AMOUNT.




$$
