941
CDUS41 KOKX 172037
CLINYC


CLIMATE REPORT
NATIONAL WEATHER SERVICE NEW YORK NY
435 PM EDT MON APR 17 2017


...................................

...THE CENTRAL PARK NY CLIMATE SUMMARY FOR APRIL 17 2017...
VALID TODAY AS OF 0400 PM LOCAL TIME.

CLIMATE NORMAL PERIOD 1981 TO 2010
CLIMATE RECORD PERIOD 1869 TO 2017


WEATHER ITEM   OBSERVED TIME   RECORD YEAR NORMAL DEPARTURE LAST
                VALUE   (LST)  VALUE       VALUE  FROM      YEAR
                                                  NORMAL
..................................................................
TEMPERATURE (F)
 TODAY
  MAXIMUM         74    251 PM  96    2002  62     12       75
  MINIMUM         65    649 AM  28    1875  45     20       44
  AVERAGE         70                        54     16       60

PRECIPITATION (IN)
  TODAY            T             1.29 1954   0.15  -0.15     0.00
  MONTH TO DATE    1.96                      2.67  -0.71     1.16
  SINCE MAR 1      7.21                      7.03   0.18     2.33
  SINCE JAN 1     14.52                     13.77   0.75    11.14

SNOWFALL (IN)
  TODAY            0.0           T    1935   0.0    0.0      0.0
                                      2000
                                      2000
  MONTH TO DATE    0.0                       0.5   -0.5       T
  SINCE OCT 1     30.2                      25.7    4.5     32.8
  SINCE JUL 1     30.2                      25.7    4.5     32.8
  SNOW DEPTH       0

DEGREE DAYS
 HEATING
  TODAY            0                        12    -12        5
  MONTH TO DATE  157                       246    -89      275
  SINCE MAR 1    950                       946      4      773
  SINCE JUL 1   3933                      4468   -535     3520

 COOLING
  TODAY            5                         0      5        0
  MONTH TO DATE   21                         0     21        5
  SINCE MAR 1     21                         1     20       11
  SINCE JAN 1     21                         1     20       11
..................................................................


WIND (MPH)
  HIGHEST WIND SPEED    14   HIGHEST WIND DIRECTION     W (290)
  HIGHEST GUST SPEED    23   HIGHEST GUST DIRECTION     W (280)
  AVERAGE WIND SPEED     6.3


SKY COVER
  AVERAGE SKY COVER 0.2


WEATHER CONDITIONS
 THE FOLLOWING WEATHER WAS RECORDED TODAY.
  NO SIGNIFICANT WEATHER WAS OBSERVED.


RELATIVE HUMIDITY (PERCENT)
 HIGHEST    73           300 AM
 LOWEST     19           300 PM
 AVERAGE    46

..........................................................


THE CENTRAL PARK NY CLIMATE NORMALS FOR TOMORROW
                         NORMAL    RECORD    YEAR
 MAXIMUM TEMPERATURE (F)   62        96      1976
 MINIMUM TEMPERATURE (F)   46        25      1875


SUNRISE AND SUNSET
APRIL 17 2017.........SUNRISE   614 AM EDT   SUNSET   738 PM EDT
APRIL 18 2017.........SUNRISE   612 AM EDT   SUNSET   739 PM EDT


-  INDICATES NEGATIVE NUMBERS.
R  INDICATES RECORD WAS SET OR TIED.
MM INDICATES DATA IS MISSING.
T  INDICATES TRACE AMOUNT.




$$
