206
CDUS41 KOKX 152042
CLINYC


CLIMATE REPORT
NATIONAL WEATHER SERVICE NEW YORK NY
442 PM EDT THU JUN 15 2017


...................................

...THE CENTRAL PARK NY CLIMATE SUMMARY FOR JUNE 15 2017...
VALID TODAY AS OF 0400 PM LOCAL TIME.

CLIMATE NORMAL PERIOD 1981 TO 2010
CLIMATE RECORD PERIOD 1869 TO 2017


WEATHER ITEM   OBSERVED TIME   RECORD YEAR NORMAL DEPARTURE LAST
                VALUE   (LST)  VALUE       VALUE  FROM      YEAR
                                                  NORMAL
..................................................................
TEMPERATURE (F)
 TODAY
  MAXIMUM         76    126 PM  96    1994  79     -3       85
                                      1988
                                      1891
  MINIMUM         64    445 AM  48    1933  64      0       62
  AVERAGE         70                        72     -2       74

PRECIPITATION (IN)
  TODAY            0.00          1.13 1915   0.15  -0.15     0.00
  MONTH TO DATE    0.48                      2.39  -1.91     1.80
  SINCE JUN 1      0.48                      2.39  -1.91     1.80
  SINCE JAN 1     23.26                     22.18   1.08    17.14

SNOWFALL (IN)
  TODAY            0.0           0.0  2002   0.0    0.0      0.0
                                      2001
  MONTH TO DATE    0.0                       0.0    0.0      0.0
  SINCE OCT 1     30.2                      25.8    4.4     32.8
  SINCE JUL 1     30.2                      25.8    4.4     32.8
  SNOW DEPTH       0

DEGREE DAYS
 HEATING
  TODAY            0                         0      0        0
  MONTH TO DATE   24                        17      7        7
  SINCE JUN 1     24                        17      7        7
  SINCE JUL 1   4226                      4748   -522     3768

 COOLING
  TODAY            5                         7     -2        9
  MONTH TO DATE   93                        81     12       82
  SINCE JUN 1     93                        81     12       82
  SINCE JAN 1    182                       150     32      201
..................................................................


WIND (MPH)
  HIGHEST WIND SPEED    12   HIGHEST WIND DIRECTION     S (180)
  HIGHEST GUST SPEED    18   HIGHEST GUST DIRECTION     S (170)
  AVERAGE WIND SPEED     3.7


SKY COVER
  AVERAGE SKY COVER 0.3


WEATHER CONDITIONS
 THE FOLLOWING WEATHER WAS RECORDED TODAY.
  NO SIGNIFICANT WEATHER WAS OBSERVED.


RELATIVE HUMIDITY (PERCENT)
 HIGHEST    78           500 AM
 LOWEST     41           100 PM
 AVERAGE    60

..........................................................


THE CENTRAL PARK NY CLIMATE NORMALS FOR TOMORROW
                         NORMAL    RECORD    YEAR
 MAXIMUM TEMPERATURE (F)   80        97      1891
 MINIMUM TEMPERATURE (F)   64        52      1927


SUNRISE AND SUNSET
JUNE 15 2017..........SUNRISE   524 AM EDT   SUNSET   829 PM EDT
JUNE 16 2017..........SUNRISE   524 AM EDT   SUNSET   829 PM EDT


-  INDICATES NEGATIVE NUMBERS.
R  INDICATES RECORD WAS SET OR TIED.
MM INDICATES DATA IS MISSING.
T  INDICATES TRACE AMOUNT.




$$
