000
CDUS41 KOKX 241031
CLINYC


CLIMATE REPORT
NATIONAL WEATHER SERVICE NEW YORK NY
621 AM EDT FRI JUL 24 2015


...................................

...THE CENTRAL PARK NY CLIMATE SUMMARY FOR JULY 23 2015...

CLIMATE NORMAL PERIOD 1981 TO 2010
CLIMATE RECORD PERIOD 1869 TO 2015


WEATHER ITEM   OBSERVED TIME   RECORD YEAR NORMAL DEPARTURE LAST
                VALUE   (LST)  VALUE       VALUE  FROM      YEAR
                                                  NORMAL
..................................................................
TEMPERATURE (F)
 YESTERDAY
  MAXIMUM         86    115 PM 100    2011  84      2       88
  MINIMUM         68    524 AM  58    1890  69     -1       72
                                      1871
  AVERAGE         77                        77      0       80

PRECIPITATION (IN)
  YESTERDAY        0.00          2.41 1953   0.15  -0.15     0.19
  MONTH TO DATE    1.67                      3.30  -1.63     5.38
  SINCE JUN 1      6.46                      7.71  -1.25     9.64
  SINCE JAN 1     22.39                     27.50  -5.11    33.80

SNOWFALL (IN)
  YESTERDAY        0.0           0.0  2002   0.0    0.0      0.0
                                      2001
  MONTH TO DATE    0.0                       0.0    0.0      0.0
  SINCE OCT 1     50.3                      25.8   24.5     57.4
  SINCE JUL 1      0.0                       0.0    0.0      0.0
  SNOW DEPTH       0

DEGREE DAYS
 HEATING
  YESTERDAY        0                         0      0        0
  MONTH TO DATE    0                         0      0        0
  SINCE JUN 1     33                        19     14        0
  SINCE JUL 1      0                         0      0        0

 COOLING
  YESTERDAY       12                        12      0       15
  MONTH TO DATE  303                       264     39      277
  SINCE JUN 1    531                       476     55      509
  SINCE JAN 1    690                       545    145      563
..................................................................


WIND (MPH)
  HIGHEST WIND SPEED    13   HIGHEST WIND DIRECTION     W (280)
  HIGHEST GUST SPEED    19   HIGHEST GUST DIRECTION     W (280)
  AVERAGE WIND SPEED     3.7


SKY COVER
  AVERAGE SKY COVER 0.1


WEATHER CONDITIONS
 THE FOLLOWING WEATHER WAS RECORDED YESTERDAY.
  NO SIGNIFICANT WEATHER WAS OBSERVED.


RELATIVE HUMIDITY (PERCENT)
 HIGHEST    55           500 AM
 LOWEST     28           600 PM
 AVERAGE    42

..........................................................


THE CENTRAL PARK NY CLIMATE NORMALS FOR TODAY
                         NORMAL    RECORD    YEAR
 MAXIMUM TEMPERATURE (F)   84        97      2010
                                             1999
 MINIMUM TEMPERATURE (F)   69        56      1893


SUNRISE AND SUNSET
JULY 24 2015..........SUNRISE   545 AM EDT   SUNSET   820 PM EDT
JULY 25 2015..........SUNRISE   546 AM EDT   SUNSET   819 PM EDT


-  INDICATES NEGATIVE NUMBERS.
R  INDICATES RECORD WAS SET OR TIED.
MM INDICATES DATA IS MISSING.
T  INDICATES TRACE AMOUNT.




$$
