000
CDUS41 KOKX 210619
CLINYC


CLIMATE REPORT
NATIONAL WEATHER SERVICE NEW YORK NY
118 AM EST TUE NOV 21 2017


...................................

...THE CENTRAL PARK NY CLIMATE SUMMARY FOR NOVEMBER 20 2017...

CLIMATE NORMAL PERIOD 1981 TO 2010
CLIMATE RECORD PERIOD 1869 TO 2017


WEATHER ITEM   OBSERVED TIME   RECORD YEAR NORMAL DEPARTURE LAST
                VALUE   (LST)  VALUE       VALUE  FROM      YEAR
                                                  NORMAL
..................................................................
TEMPERATURE (F)
 YESTERDAY
  MAXIMUM         47   1233 PM  77    1985  52     -5       42
  MINIMUM         36    659 AM  20    1873  40     -4       34
  AVERAGE         42                        46     -4       38

PRECIPITATION (IN)
  YESTERDAY        T             3.37 1988   0.13  -0.13     0.31
  MONTH TO DATE    1.34                      2.63  -1.29     2.43
  SINCE SEP 1      7.52                     11.31  -3.79     9.37
  SINCE JAN 1     42.59                     44.55  -1.96    36.30

SNOWFALL (IN)
  YESTERDAY        T   R         T    2016   0.0    0.0       T
                                      2008
                                      1993
  MONTH TO DATE    T                         0.1   -0.1       T
  SINCE OCT 1      T                         0.1   -0.1       T
  SINCE JUL 1      T                         0.1   -0.1       T
  SNOW DEPTH       0

DEGREE DAYS
 HEATING
  YESTERDAY       23                        19      4       27
  MONTH TO DATE  357                       314     43      259
  SINCE SEP 1    473                       625   -152      493
  SINCE JUL 1    473                       627   -154      493

 COOLING
  YESTERDAY        0                         0      0        0
  MONTH TO DATE    0                         0      0        0
  SINCE SEP 1    271                       150    121      257
  SINCE JAN 1   1265                      1104    161     1489
..................................................................


WIND (MPH)
  HIGHEST WIND SPEED    16   HIGHEST WIND DIRECTION     W (290)
  HIGHEST GUST SPEED    27   HIGHEST GUST DIRECTION     W (260)
  AVERAGE WIND SPEED     6.8


SKY COVER
  AVERAGE SKY COVER 0.4


WEATHER CONDITIONS
 THE FOLLOWING WEATHER WAS RECORDED YESTERDAY.
  LIGHT SNOW


RELATIVE HUMIDITY (PERCENT)
 HIGHEST    64          1200 AM
 LOWEST     37           100 PM
 AVERAGE    51

..........................................................


THE CENTRAL PARK NY CLIMATE NORMALS FOR TODAY
                         NORMAL    RECORD    YEAR
 MAXIMUM TEMPERATURE (F)   52        74      1900
 MINIMUM TEMPERATURE (F)   40        16      1879


SUNRISE AND SUNSET
NOVEMBER 21 2017......SUNRISE   650 AM EST   SUNSET   433 PM EST
NOVEMBER 22 2017......SUNRISE   651 AM EST   SUNSET   433 PM EST


-  INDICATES NEGATIVE NUMBERS.
R  INDICATES RECORD WAS SET OR TIED.
MM INDICATES DATA IS MISSING.
T  INDICATES TRACE AMOUNT.




$$
