077
CDUS41 KOKX 110615
CLINYC


CLIMATE REPORT
NATIONAL WEATHER SERVICE NEW YORK NY
115 AM EST WED JAN 11 2017


...................................

...THE CENTRAL PARK NY CLIMATE SUMMARY FOR JANUARY 10 2017...

CLIMATE NORMAL PERIOD 1981 TO 2010
CLIMATE RECORD PERIOD 1869 TO 2017


WEATHER ITEM   OBSERVED TIME   RECORD YEAR NORMAL DEPARTURE LAST
                VALUE   (LST)  VALUE       VALUE  FROM      YEAR
                                                  NORMAL
..................................................................
TEMPERATURE (F)
 YESTERDAY
  MAXIMUM         46   1159 PM  60    1876  38      8       59
  MINIMUM         21    334 AM  -6    1875  27     -6       40
  AVERAGE         34                        32      2       50

PRECIPITATION (IN)
  YESTERDAY        0.00          1.80 2016   0.12  -0.12     1.80
  MONTH TO DATE    1.16                      1.21  -0.05     1.80
  SINCE DEC 1      4.05                      5.21  -1.16     6.52
  SINCE JAN 1      1.16                      1.21  -0.05     1.80

SNOWFALL (IN)
  YESTERDAY        0.0           6.3  1965   0.3   -0.3      0.0
  MONTH TO DATE    6.3                       2.2    4.1      0.0
  SINCE OCT 1      9.5                       7.3    2.2       T
  SINCE JUL 1      9.5                       7.3    2.2       T
  SNOW DEPTH       3

DEGREE DAYS
 HEATING
  YESTERDAY       31                        33     -2       15
  MONTH TO DATE  326                       321      5      286
  SINCE DEC 1   1145                      1173    -28      720
  SINCE JUL 1   1832                      2006   -174     1308

 COOLING
  YESTERDAY        0                         0      0        0
  MONTH TO DATE    0                         0      0        0
  SINCE DEC 1      0                         0      0        3
  SINCE JAN 1      0                         0      0        0
..................................................................


WIND (MPH)
  HIGHEST WIND SPEED    14   HIGHEST WIND DIRECTION     S (180)
  HIGHEST GUST SPEED    24   HIGHEST GUST DIRECTION     S (170)
  AVERAGE WIND SPEED     4.6


SKY COVER
  AVERAGE SKY COVER 0.4


WEATHER CONDITIONS
 THE FOLLOWING WEATHER WAS RECORDED YESTERDAY.
  NO SIGNIFICANT WEATHER WAS OBSERVED.


RELATIVE HUMIDITY (PERCENT)
 HIGHEST    82           700 PM
 LOWEST     43          1100 AM
 AVERAGE    63

..........................................................


THE CENTRAL PARK NY CLIMATE NORMALS FOR TODAY
                         NORMAL    RECORD    YEAR
 MAXIMUM TEMPERATURE (F)   38        63      1975
 MINIMUM TEMPERATURE (F)   27         3      1968
                                             1875


SUNRISE AND SUNSET
JANUARY 11 2017.......SUNRISE   719 AM EST   SUNSET   449 PM EST
JANUARY 12 2017.......SUNRISE   719 AM EST   SUNSET   450 PM EST


-  INDICATES NEGATIVE NUMBERS.
R  INDICATES RECORD WAS SET OR TIED.
MM INDICATES DATA IS MISSING.
T  INDICATES TRACE AMOUNT.




$$
