000
CDUS41 KOKX 132031
CLINYC


CLIMATE REPORT
NATIONAL WEATHER SERVICE NEW YORK NY
431 PM EDT MON OCT 13 2014


...................................

...THE CENTRAL PARK NY CLIMATE SUMMARY FOR OCTOBER 13 2014...
VALID TODAY AS OF 0400 PM LOCAL TIME.

CLIMATE NORMAL PERIOD 1981 TO 2010
CLIMATE RECORD PERIOD 1869 TO 2014


WEATHER ITEM   OBSERVED TIME   RECORD YEAR NORMAL DEPARTURE LAST
                VALUE   (LST)  VALUE       VALUE  FROM      YEAR
                                                  NORMAL
..................................................................
TEMPERATURE (F)
 TODAY
  MAXIMUM         65   1156 AM  87    1954  65      0       65
  MINIMUM         52    215 AM  33    1875  51      1       56
  AVERAGE         59                        58      1       61

PRECIPITATION (IN)
  TODAY            T             2.75 2005   0.14  -0.14     0.00
  MONTH TO DATE    1.63                      1.88  -0.25     0.27
  SINCE SEP 1      2.84                      6.16  -3.32     3.22
  SINCE JAN 1     39.10                     39.40  -0.30    38.23

SNOWFALL (IN)
  TODAY            0.0           T    1937   0.0    0.0      0.0
  MONTH TO DATE    0.0                       0.0    0.0      0.0
  SINCE OCT 1      0.0                       0.0    0.0      0.0
  SINCE JUL 1      0.0                       0.0    0.0      0.0
  SNOW DEPTH       0

DEGREE DAYS
 HEATING
  TODAY            6                         8     -2        4
  MONTH TO DATE   58                        81    -23       21
  SINCE SEP 1     80                       124    -44       57
  SINCE JUL 1     80                       126    -46       57

 COOLING
  TODAY            0                         1     -1        0
  MONTH TO DATE    6                        13     -7       44
  SINCE SEP 1    176                       146     30      176
  SINCE JAN 1   1114                      1100     14     1269
..................................................................


WIND (MPH)
  HIGHEST WIND SPEED     7   HIGHEST WIND DIRECTION     S (170)
  HIGHEST GUST SPEED    13   HIGHEST GUST DIRECTION     S (170)
  AVERAGE WIND SPEED     2.0


SKY COVER
  AVERAGE SKY COVER 0.8


WEATHER CONDITIONS
 THE FOLLOWING WEATHER WAS RECORDED TODAY.
  NO SIGNIFICANT WEATHER WAS OBSERVED.


RELATIVE HUMIDITY (PERCENT)
 HIGHEST    72           400 AM
 LOWEST     60          1000 AM
 AVERAGE    66

..........................................................


THE CENTRAL PARK NY CLIMATE NORMALS FOR TOMORROW
                         NORMAL    RECORD    YEAR
 MAXIMUM TEMPERATURE (F)   64        84      1920
 MINIMUM TEMPERATURE (F)   50        37      1988


SUNRISE AND SUNSET
OCTOBER 13 2014.......SUNRISE   705 AM EDT   SUNSET   619 PM EDT
OCTOBER 14 2014.......SUNRISE   706 AM EDT   SUNSET   617 PM EDT


-  INDICATES NEGATIVE NUMBERS.
R  INDICATES RECORD WAS SET OR TIED.
MM INDICATES DATA IS MISSING.
T  INDICATES TRACE AMOUNT.




$$
