000
CDUS41 KOKX 132033
CLINYC


CLIMATE REPORT
NATIONAL WEATHER SERVICE NEW YORK NY
433 PM EDT WED APR 13 2016


...................................

...THE CENTRAL PARK NY CLIMATE SUMMARY FOR APRIL 13 2016...
VALID TODAY AS OF 0400 PM LOCAL TIME.

CLIMATE NORMAL PERIOD 1981 TO 2010
CLIMATE RECORD PERIOD 1869 TO 2016


WEATHER ITEM   OBSERVED TIME   RECORD YEAR NORMAL DEPARTURE LAST
                VALUE   (LST)  VALUE       VALUE  FROM      YEAR
                                                  NORMAL
..................................................................
TEMPERATURE (F)
 TODAY
  MAXIMUM         57    329 PM  88    1977  60     -3       68
  MINIMUM         40    601 AM  25    1874  44     -4       50
  AVERAGE         49                        52     -3       59

PRECIPITATION (IN)
  TODAY            0.00          1.26 1920   0.16  -0.16     0.00
  MONTH TO DATE    1.16                      2.07  -0.91     0.37
  SINCE MAR 1      2.33                      6.43  -4.10     5.09
  SINCE JAN 1     11.14                     13.17  -2.03    12.36

SNOWFALL (IN)
  TODAY            0.0          10.0  1875   0.0    0.0      0.0
  MONTH TO DATE    T                         0.4   -0.4      0.0
  SINCE OCT 1     32.1                      25.6    6.5     50.3
  SINCE JUL 1     32.1                      25.6    6.5     50.3
  SNOW DEPTH       0

DEGREE DAYS
 HEATING
  TODAY           16                        13      3        6
  MONTH TO DATE  238                       197     41      185
  SINCE MAR 1    736                       897   -161     1011
  SINCE JUL 1   3483                      4419   -936     4770

 COOLING
  TODAY            0                         0      0        0
  MONTH TO DATE    5                         0      5        0
  SINCE MAR 1     11                         1     10        0
  SINCE JAN 1     11                         1     10        0
..................................................................


WIND (MPH)
  HIGHEST WIND SPEED    16   HIGHEST WIND DIRECTION    NE (40)
  HIGHEST GUST SPEED    25   HIGHEST GUST DIRECTION    NE (40)
  AVERAGE WIND SPEED     5.8


SKY COVER
  AVERAGE SKY COVER 0.0


WEATHER CONDITIONS
 THE FOLLOWING WEATHER WAS RECORDED TODAY.
  NO SIGNIFICANT WEATHER WAS OBSERVED.


RELATIVE HUMIDITY (PERCENT)
 HIGHEST    54           500 AM
 LOWEST     26           300 PM
 AVERAGE    40

..........................................................


THE CENTRAL PARK NY CLIMATE NORMALS FOR TOMORROW
                         NORMAL    RECORD    YEAR
 MAXIMUM TEMPERATURE (F)   61        85      1941
 MINIMUM TEMPERATURE (F)   44        26      1950


SUNRISE AND SUNSET
APRIL 13 2016.........SUNRISE   619 AM EDT   SUNSET   734 PM EDT
APRIL 14 2016.........SUNRISE   618 AM EDT   SUNSET   735 PM EDT


-  INDICATES NEGATIVE NUMBERS.
R  INDICATES RECORD WAS SET OR TIED.
MM INDICATES DATA IS MISSING.
T  INDICATES TRACE AMOUNT.




$$
