000
CDUS41 KOKX 120824
CLINYC


CLIMATE REPORT
NATIONAL WEATHER SERVICE NEW YORK NY
423 AM EDT MON SEP 12 2016


...................................

...THE CENTRAL PARK NY CLIMATE SUMMARY FOR SEPTEMBER 11 2016...

CLIMATE NORMAL PERIOD 1981 TO 2010
CLIMATE RECORD PERIOD 1869 TO 2016


WEATHER ITEM   OBSERVED TIME   RECORD YEAR NORMAL DEPARTURE LAST
                VALUE   (LST)  VALUE       VALUE  FROM      YEAR
                                                  NORMAL
..................................................................
TEMPERATURE (F)
 YESTERDAY
  MAXIMUM         83    341 PM  99    1983  77      6       81
                                      1931
  MINIMUM         67   1159 PM  43    1917  63      4       66
  AVERAGE         75                        70      5       74

PRECIPITATION (IN)
  YESTERDAY        0.00          2.90 1954   0.13  -0.13     0.00
  MONTH TO DATE    0.72                      1.45  -0.73     1.58
  SINCE SEP 1      0.72                      1.45  -0.73     1.58
  SINCE JAN 1     27.65                     34.69  -7.04    28.63

SNOWFALL (IN)
  YESTERDAY        0.0           0.0  2002   0.0    0.0      0.0
                                      2001
  MONTH TO DATE    0.0                       0.0    0.0      0.0
  SINCE OCT 1     32.8                      25.8    7.0     50.3
  SINCE JUL 1      0.0                       0.0    0.0      0.0
  SNOW DEPTH       0

DEGREE DAYS
 HEATING
  YESTERDAY        0                         1     -1        0
  MONTH TO DATE    0                         2     -2        0
  SINCE SEP 1      0                         2     -2        0
  SINCE JUL 1      0                         4     -4        0

 COOLING
  YESTERDAY       10                         5      5        9
  MONTH TO DATE  126                        73     53      165
  SINCE SEP 1    126                        73     53      165
  SINCE JAN 1   1358                      1027    331     1430
..................................................................


WIND (MPH)
  HIGHEST WIND SPEED    16   HIGHEST WIND DIRECTION    NW (310)
  HIGHEST GUST SPEED    28   HIGHEST GUST DIRECTION     W (280)
  AVERAGE WIND SPEED     5.7


SKY COVER
  AVERAGE SKY COVER 0.3


WEATHER CONDITIONS
 THE FOLLOWING WEATHER WAS RECORDED YESTERDAY.
  NO SIGNIFICANT WEATHER WAS OBSERVED.


RELATIVE HUMIDITY (PERCENT)
 HIGHEST    85           100 AM
 LOWEST     33           400 PM
 AVERAGE    59

..........................................................


THE CENTRAL PARK NY CLIMATE NORMALS FOR TODAY
                         NORMAL    RECORD    YEAR
 MAXIMUM TEMPERATURE (F)   77        94      1961
 MINIMUM TEMPERATURE (F)   62        46      1917


SUNRISE AND SUNSET
SEPTEMBER 12 2016.....SUNRISE   634 AM EDT   SUNSET   709 PM EDT
SEPTEMBER 13 2016.....SUNRISE   635 AM EDT   SUNSET   707 PM EDT


-  INDICATES NEGATIVE NUMBERS.
R  INDICATES RECORD WAS SET OR TIED.
MM INDICATES DATA IS MISSING.
T  INDICATES TRACE AMOUNT.




$$
