000
CDUS41 KOKX 110621
CLINYC


CLIMATE REPORT
NATIONAL WEATHER SERVICE NEW YORK NY
121 AM EST THU DEC 11 2014


...................................

...THE CENTRAL PARK NY CLIMATE SUMMARY FOR DECEMBER 10 2014...

CLIMATE NORMAL PERIOD 1981 TO 2010
CLIMATE RECORD PERIOD 1869 TO 2014


WEATHER ITEM   OBSERVED TIME   RECORD YEAR NORMAL DEPARTURE LAST
                VALUE   (LST)  VALUE       VALUE  FROM      YEAR
                                                  NORMAL
..................................................................
TEMPERATURE (F)
 YESTERDAY
  MAXIMUM         40    621 AM  70    1946  45     -5       37
  MINIMUM         32    805 PM   3    1876  34     -2       30
  AVERAGE         36                        39     -3       34

PRECIPITATION (IN)
  YESTERDAY        0.08          1.62 1878   0.14  -0.06     0.23
  MONTH TO DATE    4.62                      1.39   3.23     1.49
  SINCE DEC 1      4.62                      1.39   3.23     1.49
  SINCE JAN 1     52.37                     47.33   5.04    42.96

SNOWFALL (IN)
  YESTERDAY        0.5           1.4  2013   0.2    0.3      1.4
  MONTH TO DATE    0.5                       1.0   -0.5      2.1
  SINCE OCT 1      0.7                       1.3   -0.6      2.1
  SINCE JUL 1      0.7                       1.3   -0.6      2.1
  SNOW DEPTH       0

DEGREE DAYS
 HEATING
  YESTERDAY       29                        26      3       31
  MONTH TO DATE  246                       242      4      228
  SINCE DEC 1    246                       242      4      228
  SINCE JUL 1   1031                      1075    -44     1036

 COOLING
  YESTERDAY        0                         0      0        0
  MONTH TO DATE    0                         0      0        0
  SINCE DEC 1      0                         0      0        0
  SINCE JAN 1   1128                      1105     23     1271
..................................................................


WIND (MPH)
  HIGHEST WIND SPEED    16   HIGHEST WIND DIRECTION     W (290)
  HIGHEST GUST SPEED    24   HIGHEST GUST DIRECTION    NW (310)
  AVERAGE WIND SPEED     8.2


SKY COVER
  AVERAGE SKY COVER 1.0


WEATHER CONDITIONS
 THE FOLLOWING WEATHER WAS RECORDED YESTERDAY.
  LIGHT RAIN
  LIGHT SNOW
  FOG
  HAZE


RELATIVE HUMIDITY (PERCENT)
 HIGHEST    89           100 PM
 LOWEST     59          1100 PM
 AVERAGE    74

..........................................................


THE CENTRAL PARK NY CLIMATE NORMALS FOR TODAY
                         NORMAL    RECORD    YEAR
 MAXIMUM TEMPERATURE (F)   44        64      1879
 MINIMUM TEMPERATURE (F)   33         6      1880


SUNRISE AND SUNSET
DECEMBER 11 2014......SUNRISE   710 AM EST   SUNSET   428 PM EST
DECEMBER 12 2014......SUNRISE   711 AM EST   SUNSET   428 PM EST


-  INDICATES NEGATIVE NUMBERS.
R  INDICATES RECORD WAS SET OR TIED.
MM INDICATES DATA IS MISSING.
T  INDICATES TRACE AMOUNT.




$$
