000
CDUS41 KOKX 120618
CLINYC


CLIMATE REPORT
NATIONAL WEATHER SERVICE NEW YORK NY
218 AM EDT SUN OCT 12 2014


...................................

...THE CENTRAL PARK NY CLIMATE SUMMARY FOR OCTOBER 11 2014...

CLIMATE NORMAL PERIOD 1981 TO 2010
CLIMATE RECORD PERIOD 1869 TO 2014


WEATHER ITEM   OBSERVED TIME   RECORD YEAR NORMAL DEPARTURE LAST
                VALUE   (LST)  VALUE       VALUE  FROM      YEAR
                                                  NORMAL
..................................................................
TEMPERATURE (F)
 YESTERDAY
  MAXIMUM         60   1225 AM  85    1949  65     -5       68
  MINIMUM         50    857 PM  34    1964  51     -1       60
  AVERAGE         55                        58     -3       64

PRECIPITATION (IN)
  YESTERDAY        0.33          3.06 2002   0.15   0.18     0.02
  MONTH TO DATE    1.63                      1.60   0.03     0.27
  SINCE SEP 1      2.84                      5.88  -3.04     3.22
  SINCE JAN 1     39.10                     39.12  -0.02    38.23

SNOWFALL (IN)
  YESTERDAY        0.0           0.0  2002   0.0    0.0      0.0
                                      2001
  MONTH TO DATE    0.0                       0.0    0.0      0.0
  SINCE OCT 1      0.0                       0.0    0.0      0.0
  SINCE JUL 1      0.0                       0.0    0.0      0.0
  SNOW DEPTH       0

DEGREE DAYS
 HEATING
  YESTERDAY       10                         7      3        1
  MONTH TO DATE   43                        65    -22       17
  SINCE SEP 1     65                       108    -43       53
  SINCE JUL 1     65                       110    -45       53

 COOLING
  YESTERDAY        0                         1     -1        0
  MONTH TO DATE    6                        11     -5       43
  SINCE SEP 1    176                       144     32      175
  SINCE JAN 1   1114                      1098     16     1268
..................................................................


WIND (MPH)
  HIGHEST WIND SPEED    10   HIGHEST WIND DIRECTION    NE (40)
  HIGHEST GUST SPEED    17   HIGHEST GUST DIRECTION    NE (40)
  AVERAGE WIND SPEED     4.5


SKY COVER
  AVERAGE SKY COVER 0.8


WEATHER CONDITIONS
 THE FOLLOWING WEATHER WAS RECORDED YESTERDAY.
  LIGHT RAIN
  FOG


RELATIVE HUMIDITY (PERCENT)
 HIGHEST    89           400 AM
 LOWEST     53          1200 AM
 AVERAGE    71

..........................................................


THE CENTRAL PARK NY CLIMATE NORMALS FOR TODAY
                         NORMAL    RECORD    YEAR
 MAXIMUM TEMPERATURE (F)   65        86      1954
                                             1928
 MINIMUM TEMPERATURE (F)   51        35      1876


SUNRISE AND SUNSET
OCTOBER 12 2014.......SUNRISE   704 AM EDT   SUNSET   620 PM EDT
OCTOBER 13 2014.......SUNRISE   705 AM EDT   SUNSET   619 PM EDT


-  INDICATES NEGATIVE NUMBERS.
R  INDICATES RECORD WAS SET OR TIED.
MM INDICATES DATA IS MISSING.
T  INDICATES TRACE AMOUNT.




$$
