931
CDUS41 KOKX 140618
CLINYC


CLIMATE REPORT
NATIONAL WEATHER SERVICE NEW YORK NY
118 AM EST TUE FEB 14 2017


...................................

...THE CENTRAL PARK NY CLIMATE SUMMARY FOR FEBRUARY 13 2017...

CLIMATE NORMAL PERIOD 1981 TO 2010
CLIMATE RECORD PERIOD 1869 TO 2017


WEATHER ITEM   OBSERVED TIME   RECORD YEAR NORMAL DEPARTURE LAST
                VALUE   (LST)  VALUE       VALUE  FROM      YEAR
                                                  NORMAL
..................................................................
TEMPERATURE (F)
 YESTERDAY
  MAXIMUM         39    102 AM  64    1951  41     -2       22
  MINIMUM         31   1159 PM  -1    1914  29      2        6
  AVERAGE         35                        35      0       14

PRECIPITATION (IN)
  YESTERDAY        0.02          2.42 1966   0.10  -0.08     0.00
  MONTH TO DATE    1.94                      1.39   0.55     1.33
  SINCE DEC 1      9.66                      9.04   0.62    10.46
  SINCE JAN 1      6.77                      5.04   1.73     5.74

SNOWFALL (IN)
  YESTERDAY        0.0          10.7  1899   0.4   -0.4      0.0
  MONTH TO DATE    9.4                       4.3    5.1      2.6
  SINCE OCT 1     20.5                      16.4    4.1     30.5
  SINCE JUL 1     20.5                      16.4    4.1     30.5
  SNOW DEPTH       2

DEGREE DAYS
 HEATING
  YESTERDAY       30                        30      0       51
  MONTH TO DATE  372                       403    -31      372
  SINCE DEC 1   2020                      2259   -239     1746
  SINCE JUL 1   2707                      3092   -385     2334

 COOLING
  YESTERDAY        0                         0      0        0
  MONTH TO DATE    0                         0      0        0
  SINCE DEC 1      0                         0      0        3
  SINCE JAN 1      0                         0      0        0
..................................................................


WIND (MPH)
  HIGHEST WIND SPEED    28   HIGHEST WIND DIRECTION    NW (310)
  HIGHEST GUST SPEED    48   HIGHEST GUST DIRECTION    NW (310)
  AVERAGE WIND SPEED    12.4


SKY COVER
  AVERAGE SKY COVER 0.6


WEATHER CONDITIONS
 THE FOLLOWING WEATHER WAS RECORDED YESTERDAY.
  LIGHT RAIN
  FOG


RELATIVE HUMIDITY (PERCENT)
 HIGHEST    92          1200 AM
 LOWEST     47           500 PM
 AVERAGE    70

..........................................................


THE CENTRAL PARK NY CLIMATE NORMALS FOR TODAY
                         NORMAL    RECORD    YEAR
 MAXIMUM TEMPERATURE (F)   41        63      1946
 MINIMUM TEMPERATURE (F)   29        -1      2016


SUNRISE AND SUNSET
FEBRUARY 14 2017......SUNRISE   651 AM EST   SUNSET   530 PM EST
FEBRUARY 15 2017......SUNRISE   650 AM EST   SUNSET   531 PM EST


-  INDICATES NEGATIVE NUMBERS.
R  INDICATES RECORD WAS SET OR TIED.
MM INDICATES DATA IS MISSING.
T  INDICATES TRACE AMOUNT.




$$
