000
CDUS41 KOKX 070616
CLINYC


CLIMATE REPORT
NATIONAL WEATHER SERVICE NEW YORK NY
116 AM EST TUE MAR 7 2017


...................................

...THE CENTRAL PARK NY CLIMATE SUMMARY FOR MARCH 6 2017...

CLIMATE NORMAL PERIOD 1981 TO 2010
CLIMATE RECORD PERIOD 1869 TO 2017


WEATHER ITEM   OBSERVED TIME   RECORD YEAR NORMAL DEPARTURE LAST
                VALUE   (LST)  VALUE       VALUE  FROM      YEAR
                                                  NORMAL
..................................................................
TEMPERATURE (F)
 YESTERDAY
  MAXIMUM         45    231 PM  68    1935  46     -1       44
  MINIMUM         26    652 AM   6    1872  32     -6       32
  AVERAGE         36                        39     -3       38

PRECIPITATION (IN)
  YESTERDAY        0.00          2.63 1979   0.13  -0.13     0.00
  MONTH TO DATE    0.12                      0.76  -0.64     0.25
  SINCE MAR 1      0.12                      0.76  -0.64     0.25
  SINCE JAN 1      7.43                      7.50  -0.07     9.06

SNOWFALL (IN)
  YESTERDAY        0.0           7.6  1916   0.2   -0.2      0.0
  MONTH TO DATE    0.0                       1.2   -1.2      0.4
  SINCE OCT 1     20.5                      22.5   -2.0     32.3
  SINCE JUL 1     20.5                      22.5   -2.0     32.3
  SNOW DEPTH       0

DEGREE DAYS
 HEATING
  YESTERDAY       29                        26      3       27
  MONTH TO DATE  160                       158      2      163
  SINCE MAR 1    160                       158      2      163
  SINCE JUL 1   3143                      3680   -537     2910

 COOLING
  YESTERDAY        0                         0      0        0
  MONTH TO DATE    0                         0      0        0
  SINCE MAR 1      0                         0      0        0
  SINCE JAN 1      0                         0      0        0
..................................................................


WIND (MPH)
  HIGHEST WIND SPEED    10   HIGHEST WIND DIRECTION     S (180)
  HIGHEST GUST SPEED    16   HIGHEST GUST DIRECTION     S (180)
  AVERAGE WIND SPEED     3.3


SKY COVER
  AVERAGE SKY COVER 0.4


WEATHER CONDITIONS
 THE FOLLOWING WEATHER WAS RECORDED YESTERDAY.
  NO SIGNIFICANT WEATHER WAS OBSERVED.


RELATIVE HUMIDITY (PERCENT)
 HIGHEST    50           800 PM
 LOWEST     20           100 PM
 AVERAGE    35

..........................................................


THE CENTRAL PARK NY CLIMATE NORMALS FOR TODAY
                         NORMAL    RECORD    YEAR
 MAXIMUM TEMPERATURE (F)   47        74      1946
 MINIMUM TEMPERATURE (F)   33         7      1890


SUNRISE AND SUNSET
MARCH  7 2017.........SUNRISE   620 AM EST   SUNSET   554 PM EST
MARCH  8 2017.........SUNRISE   619 AM EST   SUNSET   555 PM EST


-  INDICATES NEGATIVE NUMBERS.
R  INDICATES RECORD WAS SET OR TIED.
MM INDICATES DATA IS MISSING.
T  INDICATES TRACE AMOUNT.




$$
