000
CDUS41 KOKX 172035
CLINYC


CLIMATE REPORT
NATIONAL WEATHER SERVICE NEW YORK NY
435 PM EDT TUE MAR 17 2015


...................................

...THE CENTRAL PARK NY CLIMATE SUMMARY FOR MARCH 17 2015...
VALID TODAY AS OF 0400 PM LOCAL TIME.

CLIMATE NORMAL PERIOD 1981 TO 2010
CLIMATE RECORD PERIOD 1869 TO 2015


WEATHER ITEM   OBSERVED TIME   RECORD YEAR NORMAL DEPARTURE LAST
                VALUE   (LST)  VALUE       VALUE  FROM      YEAR
                                                  NORMAL
..................................................................
TEMPERATURE (F)
 TODAY
  MAXIMUM         57   1201 PM  75    1945  50      7       35
  MINIMUM         47    649 AM   9    1916  35     12       23
  AVERAGE         52                        43      9       29

PRECIPITATION (IN)
  TODAY            0.02          1.42 1968   0.15  -0.13     0.00
  MONTH TO DATE    3.51                      2.24   1.27     0.39
  SINCE MAR 1      3.51                      2.24   1.27     0.39
  SINCE JAN 1     10.78                      8.98   1.80     8.66

SNOWFALL (IN)
  TODAY           MM             3.0  1967   0.1   MM        0.0
  MONTH TO DATE   14.1                       2.8   11.3      0.1
  SINCE OCT 1     42.5                      24.1   18.4     57.4
  SINCE JUL 1     42.5                      24.1   18.4     57.4
  SNOW DEPTH       0

DEGREE DAYS
 HEATING
  TODAY           13                        22     -9       36
  MONTH TO DATE  447                       421     26      501
  SINCE MAR 1    447                       421     26      501
  SINCE JUL 1   4206                      3943    263     4171

 COOLING
  TODAY            0                         0      0        0
  MONTH TO DATE    0                         0      0        0
  SINCE MAR 1      0                         0      0        0
  SINCE JAN 1      0                         0      0        0
..................................................................


WIND (MPH)
  HIGHEST WIND SPEED    23   HIGHEST WIND DIRECTION    NW (310)
  HIGHEST GUST SPEED    42   HIGHEST GUST DIRECTION    NW (310)
  AVERAGE WIND SPEED     7.5


SKY COVER
  AVERAGE SKY COVER 0.9


WEATHER CONDITIONS
 THE FOLLOWING WEATHER WAS RECORDED TODAY.
  LIGHT RAIN
  HAZE


RELATIVE HUMIDITY (PERCENT)
 HIGHEST    71           800 AM
 LOWEST     44          1200 AM
 AVERAGE    58

..........................................................


THE CENTRAL PARK NY CLIMATE NORMALS FOR TOMORROW
                         NORMAL    RECORD    YEAR
 MAXIMUM TEMPERATURE (F)   50        77      2011
                                             1989
 MINIMUM TEMPERATURE (F)   36         7      1916


SUNRISE AND SUNSET
MARCH 17 2015.........SUNRISE   705 AM EDT   SUNSET   704 PM EDT
MARCH 18 2015.........SUNRISE   703 AM EDT   SUNSET   706 PM EDT


-  INDICATES NEGATIVE NUMBERS.
R  INDICATES RECORD WAS SET OR TIED.
MM INDICATES DATA IS MISSING.
T  INDICATES TRACE AMOUNT.




$$
