000
CDUS41 KOKX 202146 CCA
CLINYC

CLIMATE REPORT
NATIONAL WEATHER SERVICE NEW YORK NY
445 PM EST SUN NOV 20 2016


...................................

...THE CENTRAL PARK NY CLIMATE SUMMARY FOR NOVEMBER 20 2016...
VALID TODAY AS OF 0400 PM LOCAL TIME.

CLIMATE NORMAL PERIOD 1981 TO 2010
CLIMATE RECORD PERIOD 1869 TO 2016


WEATHER ITEM   OBSERVED TIME   RECORD YEAR NORMAL DEPARTURE LAST
                VALUE   (LST)  VALUE       VALUE  FROM      YEAR
                                                  NORMAL
..................................................................
TEMPERATURE (F)
 TODAY
  MAXIMUM         42    116 PM  77    1985  52    -10       64
  MINIMUM         34    242 AM  20    1873  40     -6       46
  AVERAGE         38                        46     -8       55

PRECIPITATION (IN)
  TODAY            0.31          3.37 1988   0.13   0.18     0.00
  MONTH TO DATE    2.43                      2.63  -0.20     1.96
  SINCE SEP 1      9.37                     11.31  -1.94     9.15
  SINCE JAN 1     36.30                     44.55  -8.25    36.20

SNOWFALL (IN)
  TODAY            T             T    2008   0.0   MM        0.0
                                      1993
  MONTH TO DATE    T                         0.1   -0.1      0.0
  SINCE OCT 1      T                       0.1   -0.1      0.0
  SINCE JUL 1      T                       0.1   -0.1      0.0
  SNOW DEPTH       0

DEGREE DAYS
 HEATING
  TODAY           27                        19      8       10
  MONTH TO DATE  259                       314    -55      180
  SINCE SEP 1    493                       625   -132      404
  SINCE JUL 1    493                       627   -134      404

 COOLING
  TODAY            0                         0      0        0
  MONTH TO DATE    0                         0      0        5
  SINCE SEP 1    257                       150    107      313
  SINCE JAN 1   1489                      1104    385     1578
..................................................................


WIND (MPH)
  HIGHEST WIND SPEED    22   HIGHEST WIND DIRECTION     W (280)
  HIGHEST GUST SPEED    36   HIGHEST GUST DIRECTION     W (280)
  AVERAGE WIND SPEED     8.6


SKY COVER
  AVERAGE SKY COVER 0.9


WEATHER CONDITIONS
 THE FOLLOWING WEATHER WAS RECORDED TODAY.
  HEAVY RAIN
  RAIN
  LIGHT RAIN
  LIGHT SNOW
  FOG


RELATIVE HUMIDITY (PERCENT)
 HIGHEST    85           100 AM
 LOWEST     46           400 PM
 AVERAGE    66

..........................................................


THE CENTRAL PARK NY CLIMATE NORMALS FOR TOMORROW
                         NORMAL    RECORD    YEAR
 MAXIMUM TEMPERATURE (F)   52        74      1900
 MINIMUM TEMPERATURE (F)   40        16      1879


SUNRISE AND SUNSET
NOVEMBER 20 2016......SUNRISE   649 AM EST   SUNSET   434 PM EST
NOVEMBER 21 2016......SUNRISE   650 AM EST   SUNSET   433 PM EST


-  INDICATES NEGATIVE NUMBERS.
R  INDICATES RECORD WAS SET OR TIED.
MM INDICATES DATA IS MISSING.
T  INDICATES TRACE AMOUNT.




$$
