000
CDUS41 KOKX 022034
CLINYC


CLIMATE REPORT
NATIONAL WEATHER SERVICE NEW YORK NY
434 PM EDT WED JUL 2 2014


...................................

...THE CENTRAL PARK NY CLIMATE SUMMARY FOR JULY 2 2014...
VALID TODAY AS OF 0400 PM LOCAL TIME.

CLIMATE NORMAL PERIOD 1981 TO 2010
CLIMATE RECORD PERIOD 1869 TO 2014


WEATHER ITEM   OBSERVED TIME   RECORD YEAR NORMAL DEPARTURE LAST
                VALUE   (LST)  VALUE       VALUE  FROM      YEAR
                                                  NORMAL
..................................................................
TEMPERATURE (F)
 TODAY
  MAXIMUM         91   1245 PM 100    1966  83      8       82
                                      1901
  MINIMUM         76    443 AM  56    2001  68      8       72
                                      1888
  AVERAGE         84                        76      8       77

PRECIPITATION (IN)
  TODAY            0.00          1.79 1914   0.13  -0.13     0.08
  MONTH TO DATE    0.00                      0.25  -0.25     0.92
  SINCE JUN 1      4.26                      4.66  -0.40    11.02
  SINCE JAN 1     28.42                     24.45   3.97    30.24

SNOWFALL (IN)
  TODAY            0.0           0.0  2002   0.0    0.0      0.0
                                      2001
  MONTH TO DATE    0.0                       0.0    0.0      0.0
  SINCE OCT 1     57.4                      25.8   31.6     26.1
  SINCE JUL 1      0.0                       0.0    0.0      0.0
  SNOW DEPTH       0

DEGREE DAYS
 HEATING
  TODAY            0                         0      0        0
  MONTH TO DATE    0                         0      0        0
  SINCE JUN 1      0                        19    -19        9
  SINCE JUL 1      0                         0      0        0

 COOLING
  TODAY           19                        11      8       12
  MONTH TO DATE   35                        21     14       22
  SINCE JUN 1    267                       233     34      267
  SINCE JAN 1    321                       302     19      346
..................................................................


WIND (MPH)
  HIGHEST WIND SPEED    13   HIGHEST WIND DIRECTION     S (180)
  HIGHEST GUST SPEED    26   HIGHEST GUST DIRECTION     S (160)
  AVERAGE WIND SPEED     3.2


SKY COVER
  AVERAGE SKY COVER 0.1


WEATHER CONDITIONS
 THE FOLLOWING WEATHER WAS RECORDED TODAY.
  NO SIGNIFICANT WEATHER WAS OBSERVED.


RELATIVE HUMIDITY (PERCENT)
 HIGHEST    76           600 AM
 LOWEST     52           200 PM
 AVERAGE    64

..........................................................


THE CENTRAL PARK NY CLIMATE NORMALS FOR TOMORROW
                         NORMAL    RECORD    YEAR
 MAXIMUM TEMPERATURE (F)   83       103      1966
 MINIMUM TEMPERATURE (F)   68        54      1933


SUNRISE AND SUNSET
JULY  2 2014..........SUNRISE   529 AM EDT   SUNSET   831 PM EDT
JULY  3 2014..........SUNRISE   529 AM EDT   SUNSET   831 PM EDT


-  INDICATES NEGATIVE NUMBERS.
R  INDICATES RECORD WAS SET OR TIED.
MM INDICATES DATA IS MISSING.
T  INDICATES TRACE AMOUNT.




$$
