000
CDUS41 KOKX 202041
CLINYC


CLIMATE REPORT
NATIONAL WEATHER SERVICE NEW YORK NY
440 PM EDT FRI MAY 20 2016


...................................

...THE CENTRAL PARK NY CLIMATE SUMMARY FOR MAY 20 2016...
VALID TODAY AS OF 0400 PM LOCAL TIME.

CLIMATE NORMAL PERIOD 1981 TO 2010
CLIMATE RECORD PERIOD 1869 TO 2016


WEATHER ITEM   OBSERVED TIME   RECORD YEAR NORMAL DEPARTURE LAST
                VALUE   (LST)  VALUE       VALUE  FROM      YEAR
                                                  NORMAL
..................................................................
TEMPERATURE (F)
 TODAY
  MAXIMUM         76    259 PM  96    1996  72      4       67
  MINIMUM         53    516 AM  43    2002  55     -2       54
                                      1907
  AVERAGE         65                        64      1       61

PRECIPITATION (IN)
  TODAY            0.00          2.03 1972   0.14  -0.14     0.00
  MONTH TO DATE    1.77                      2.56  -0.79     0.32
  SINCE MAR 1      4.55                     11.42  -6.87     7.12
  SINCE JAN 1     13.36                     18.16  -4.80    14.39

SNOWFALL (IN)
  TODAY            0.0           0.0  2002   0.0    0.0      0.0
                                      2001
  MONTH TO DATE    0.0                       0.0    0.0      0.0
  SINCE OCT 1     32.8                      25.8    7.0     50.3
  SINCE JUL 1     32.8                      25.8    7.0     50.3
  SNOW DEPTH       0

DEGREE DAYS
 HEATING
  TODAY            0                         4     -4        4
  MONTH TO DATE  152                       109     43       24
  SINCE MAR 1   1005                      1180   -175     1169
  SINCE JUL 1   3752                      4702   -950     4928

 COOLING
  TODAY            0                         2     -2        0
  MONTH TO DATE    3                        26    -23       73
  SINCE MAR 1     22                        38    -16       78
  SINCE JAN 1     22                        38    -16       78
..................................................................


WIND (MPH)
  HIGHEST WIND SPEED    12   HIGHEST WIND DIRECTION    NE (50)
  HIGHEST GUST SPEED    15   HIGHEST GUST DIRECTION    NE (60)
  AVERAGE WIND SPEED     4.2


SKY COVER
  AVERAGE SKY COVER 0.0


WEATHER CONDITIONS
 THE FOLLOWING WEATHER WAS RECORDED TODAY.
  NO SIGNIFICANT WEATHER WAS OBSERVED.


RELATIVE HUMIDITY (PERCENT)
 HIGHEST    59           400 AM
 LOWEST     25           100 PM
 AVERAGE    42

..........................................................


THE CENTRAL PARK NY CLIMATE NORMALS FOR TOMORROW
                         NORMAL    RECORD    YEAR
 MAXIMUM TEMPERATURE (F)   72        93      1996
 MINIMUM TEMPERATURE (F)   55        40      1907


SUNRISE AND SUNSET
MAY 20 2016...........SUNRISE   534 AM EDT   SUNSET   812 PM EDT
MAY 21 2016...........SUNRISE   533 AM EDT   SUNSET   812 PM EDT


-  INDICATES NEGATIVE NUMBERS.
R  INDICATES RECORD WAS SET OR TIED.
MM INDICATES DATA IS MISSING.
T  INDICATES TRACE AMOUNT.




$$
