000
CDUS41 KOKX 310721
CLINYC


CLIMATE REPORT
NATIONAL WEATHER SERVICE NEW YORK NY
218 AM EST WED JAN 31 2018


...................................

...THE CENTRAL PARK NY CLIMATE SUMMARY FOR JANUARY 30 2018...

CLIMATE NORMAL PERIOD 1981 TO 2010
CLIMATE RECORD PERIOD 1869 TO 2018


WEATHER ITEM   OBSERVED TIME   RECORD YEAR NORMAL DEPARTURE LAST
                VALUE   (LST)  VALUE       VALUE  FROM      YEAR
                                                  NORMAL
..................................................................
TEMPERATURE (F)
 YESTERDAY
  MAXIMUM         36    319 PM  64    2006  39     -3       37
  MINIMUM         24   1159 PM   2    1873  27     -3       30
  AVERAGE         30                        33     -3       34

PRECIPITATION (IN)
  YESTERDAY        0.11          1.19 1939   0.11   0.00     0.00
  MONTH TO DATE    2.18                      3.53  -1.35     4.77
  SINCE DEC 1      4.39                      7.53  -3.14     7.66
  SINCE JAN 1      2.18                      3.53  -1.35     4.77

SNOWFALL (IN)
  YESTERDAY        0.9           5.8  1966   0.2    0.7      0.0
  MONTH TO DATE   11.2                       6.7    4.5      6.9
  SINCE OCT 1     18.9                      11.8    7.1     10.1
  SINCE JUL 1     18.9                      11.8    7.1     10.1
  SNOW DEPTH       1

DEGREE DAYS
 HEATING
  YESTERDAY       35                        32      3       31
  MONTH TO DATE  987                       975     12      794
  SINCE DEC 1   1907                      1827     80     1613
  SINCE JUL 1   2569                      2660    -91     2300

 COOLING
  YESTERDAY        0                         0      0        0
  MONTH TO DATE    0                         0      0        0
  SINCE DEC 1      0                         0      0        0
  SINCE JAN 1      0                         0      0        0
..................................................................


WIND (MPH)
  HIGHEST WIND SPEED    17   HIGHEST WIND DIRECTION    NW (310)
  HIGHEST GUST SPEED    31   HIGHEST GUST DIRECTION    NW (300)
  AVERAGE WIND SPEED     7.6


SKY COVER
  AVERAGE SKY COVER 0.9


WEATHER CONDITIONS
 THE FOLLOWING WEATHER WAS RECORDED YESTERDAY.
  LIGHT SNOW
  FOG
  HAZE


RELATIVE HUMIDITY (PERCENT)
 HIGHEST    92           500 AM
 LOWEST     46           800 PM
 AVERAGE    69

..........................................................


THE CENTRAL PARK NY CLIMATE NORMALS FOR TODAY
                         NORMAL    RECORD    YEAR
 MAXIMUM TEMPERATURE (F)   39        63      1947
                                             1916
 MINIMUM TEMPERATURE (F)   27        -1      1920


SUNRISE AND SUNSET
JANUARY 31 2018.......SUNRISE   707 AM EST   SUNSET   512 PM EST
FEBRUARY  1 2018......SUNRISE   706 AM EST   SUNSET   513 PM EST


-  INDICATES NEGATIVE NUMBERS.
R  INDICATES RECORD WAS SET OR TIED.
MM INDICATES DATA IS MISSING.
T  INDICATES TRACE AMOUNT.




$$
