000
CDUS41 KOKX 162031
CLINYC


CLIMATE REPORT
NATIONAL WEATHER SERVICE NEW YORK NY
430 PM EDT THU OCT 16 2014


...................................

...THE CENTRAL PARK NY CLIMATE SUMMARY FOR OCTOBER 16 2014...
VALID TODAY AS OF 0400 PM LOCAL TIME.

CLIMATE NORMAL PERIOD 1981 TO 2010
CLIMATE RECORD PERIOD 1869 TO 2014


WEATHER ITEM   OBSERVED TIME   RECORD YEAR NORMAL DEPARTURE LAST
                VALUE   (LST)  VALUE       VALUE  FROM      YEAR
                                                  NORMAL
..................................................................
TEMPERATURE (F)
 TODAY
  MAXIMUM         71    207 PM  87    1897  64      7       67
  MINIMUM         64   1041 AM  34    1876  50     14       56
  AVERAGE         68                        57     11       62

PRECIPITATION (IN)
  TODAY            1.11          2.15 1974   0.14   0.97     0.00
  MONTH TO DATE    3.48                      2.31   1.17     0.27
  SINCE SEP 1      4.69                      6.59  -1.90     3.22
  SINCE JAN 1     40.95                     39.83   1.12    38.23

SNOWFALL (IN)
  TODAY            0.0           0.0  2002   0.0    0.0      0.0
                                      2001
  MONTH TO DATE    0.0                       0.0    0.0      0.0
  SINCE OCT 1      0.0                       0.0    0.0      0.0
  SINCE JUL 1      0.0                       0.0    0.0      0.0
  SNOW DEPTH       0

DEGREE DAYS
 HEATING
  TODAY            0                         9     -9        3
  MONTH TO DATE   58                       106    -48       32
  SINCE SEP 1     80                       149    -69       68
  SINCE JUL 1     80                       151    -71       68

 COOLING
  TODAY            3                         0      3        0
  MONTH TO DATE   22                        13      9       44
  SINCE SEP 1    192                       146     46      176
  SINCE JAN 1   1130                      1100     30     1269
..................................................................


WIND (MPH)
  HIGHEST WIND SPEED    13   HIGHEST WIND DIRECTION     W (250)
  HIGHEST GUST SPEED    19   HIGHEST GUST DIRECTION     W (250)
  AVERAGE WIND SPEED     4.4


SKY COVER
  AVERAGE SKY COVER 0.6


WEATHER CONDITIONS
 THE FOLLOWING WEATHER WAS RECORDED TODAY.
  HEAVY RAIN
  RAIN
  LIGHT RAIN
  FOG


RELATIVE HUMIDITY (PERCENT)
 HIGHEST    93           600 AM
 LOWEST     57           200 PM
 AVERAGE    75

..........................................................


THE CENTRAL PARK NY CLIMATE NORMALS FOR TOMORROW
                         NORMAL    RECORD    YEAR
 MAXIMUM TEMPERATURE (F)   63        90      1938
 MINIMUM TEMPERATURE (F)   50        33      1886


SUNRISE AND SUNSET
OCTOBER 16 2014.......SUNRISE   708 AM EDT   SUNSET   614 PM EDT
OCTOBER 17 2014.......SUNRISE   709 AM EDT   SUNSET   613 PM EDT


-  INDICATES NEGATIVE NUMBERS.
R  INDICATES RECORD WAS SET OR TIED.
MM INDICATES DATA IS MISSING.
T  INDICATES TRACE AMOUNT.




$$
