000
CDUS41 KOKX 062041
CLINYC


CLIMATE REPORT
NATIONAL WEATHER SERVICE NEW YORK NY
441 PM EDT THU APR 6 2017


...................................

...THE CENTRAL PARK NY CLIMATE SUMMARY FOR APRIL 6 2017...
VALID TODAY AS OF 0400 PM LOCAL TIME.

CLIMATE NORMAL PERIOD 1981 TO 2010
CLIMATE RECORD PERIOD 1869 TO 2017


WEATHER ITEM   OBSERVED TIME   RECORD YEAR NORMAL DEPARTURE LAST
                VALUE   (LST)  VALUE       VALUE  FROM      YEAR
                                                  NORMAL
..................................................................
TEMPERATURE (F)
 TODAY
  MAXIMUM         46    206 AM  79    1947  58    -12       48
                                      1921
                                      1912
  MINIMUM         40    814 AM  21    1982  42     -2       30
  AVERAGE         43                        50     -7       39

PRECIPITATION (IN)
  TODAY            0.29          2.52 1886   0.15   0.14     0.00
  MONTH TO DATE    1.50                      0.95   0.55     0.74
  SINCE MAR 1      6.75                      5.31   1.44     1.91
  SINCE JAN 1     14.06                     12.05   2.01    10.72

SNOWFALL (IN)
  TODAY            0.0           9.6  1982   0.0    0.0      0.0
  MONTH TO DATE    0.0                       0.2   -0.2       T
  SINCE OCT 1     30.2                      25.4    4.8     32.8
  SINCE JUL 1     30.2                      25.4    4.8     32.8
  SNOW DEPTH       0

DEGREE DAYS
 HEATING
  TODAY           22                        16      6       26
  MONTH TO DATE   93                        99     -6      117
  SINCE MAR 1    886                       799     87      615
  SINCE JUL 1   3869                      4321   -452     3362

 COOLING
  TODAY            0                         0      0        0
  MONTH TO DATE    0                         0      0        5
  SINCE MAR 1      0                         1     -1       11
  SINCE JAN 1      0                         1     -1       11
..................................................................


WIND (MPH)
  HIGHEST WIND SPEED    22   HIGHEST WIND DIRECTION    NE (60)
  HIGHEST GUST SPEED    30   HIGHEST GUST DIRECTION     E (70)
  AVERAGE WIND SPEED     8.5


SKY COVER
  AVERAGE SKY COVER 1.0


WEATHER CONDITIONS
 THE FOLLOWING WEATHER WAS RECORDED TODAY.
  RAIN
  LIGHT RAIN
  FOG


RELATIVE HUMIDITY (PERCENT)
 HIGHEST   100          1200 PM
 LOWEST     76           100 AM
 AVERAGE    88

..........................................................


THE CENTRAL PARK NY CLIMATE NORMALS FOR TOMORROW
                         NORMAL    RECORD    YEAR
 MAXIMUM TEMPERATURE (F)   58        92      2010
 MINIMUM TEMPERATURE (F)   42        21      1982


SUNRISE AND SUNSET
APRIL  6 2017.........SUNRISE   631 AM EDT   SUNSET   726 PM EDT
APRIL  7 2017.........SUNRISE   629 AM EDT   SUNSET   727 PM EDT


-  INDICATES NEGATIVE NUMBERS.
R  INDICATES RECORD WAS SET OR TIED.
MM INDICATES DATA IS MISSING.
T  INDICATES TRACE AMOUNT.




$$
