420
CDUS41 KOKX 180620
CLINYC


CLIMATE REPORT
NATIONAL WEATHER SERVICE NEW YORK NY
220 AM EDT SUN SEP 18 2016


...................................

...THE CENTRAL PARK NY CLIMATE SUMMARY FOR SEPTEMBER 17 2016...

CLIMATE NORMAL PERIOD 1981 TO 2010
CLIMATE RECORD PERIOD 1869 TO 2016


WEATHER ITEM   OBSERVED TIME   RECORD YEAR NORMAL DEPARTURE LAST
                VALUE   (LST)  VALUE       VALUE  FROM      YEAR
                                                  NORMAL
..................................................................
TEMPERATURE (F)
 YESTERDAY
  MAXIMUM         77    225 PM  93    1991  75      2       89
  MINIMUM         59    511 AM  45    1986  61     -2       68
  AVERAGE         68                        68      0       79

PRECIPITATION (IN)
  YESTERDAY        0.00          3.37 1876   0.15  -0.15     0.00
  MONTH TO DATE    1.28                      2.32  -1.04     1.91
  SINCE SEP 1      1.28                      2.32  -1.04     1.91
  SINCE JAN 1     28.21                     35.56  -7.35    28.96

SNOWFALL (IN)
  YESTERDAY        0.0           0.0  2002   0.0    0.0      0.0
                                      2001
  MONTH TO DATE    0.0                       0.0    0.0      0.0
  SINCE OCT 1     32.8                      25.8    7.0     50.3
  SINCE JUL 1      0.0                       0.0    0.0      0.0
  SNOW DEPTH       0

DEGREE DAYS
 HEATING
  YESTERDAY        0                         1     -1        0
  MONTH TO DATE    0                         8     -8        0
  SINCE SEP 1      0                         8     -8        0
  SINCE JUL 1      0                        10    -10        0

 COOLING
  YESTERDAY        3                         4     -1       14
  MONTH TO DATE  162                       100     62      217
  SINCE SEP 1    162                       100     62      217
  SINCE JAN 1   1394                      1054    340     1482
..................................................................


WIND (MPH)
  HIGHEST WIND SPEED    10   HIGHEST WIND DIRECTION     S (160)
  HIGHEST GUST SPEED    19   HIGHEST GUST DIRECTION     S (200)
  AVERAGE WIND SPEED     3.3


SKY COVER
  AVERAGE SKY COVER 0.1


WEATHER CONDITIONS
 THE FOLLOWING WEATHER WAS RECORDED YESTERDAY.
  NO SIGNIFICANT WEATHER WAS OBSERVED.


RELATIVE HUMIDITY (PERCENT)
 HIGHEST    87           500 AM
 LOWEST     53          1100 AM
 AVERAGE    70

..........................................................


THE CENTRAL PARK NY CLIMATE NORMALS FOR TODAY
                         NORMAL    RECORD    YEAR
 MAXIMUM TEMPERATURE (F)   75        91      1891
 MINIMUM TEMPERATURE (F)   60        44      1990
                                             1875


SUNRISE AND SUNSET
SEPTEMBER 18 2016.....SUNRISE   640 AM EDT   SUNSET   659 PM EDT
SEPTEMBER 19 2016.....SUNRISE   641 AM EDT   SUNSET   657 PM EDT


-  INDICATES NEGATIVE NUMBERS.
R  INDICATES RECORD WAS SET OR TIED.
MM INDICATES DATA IS MISSING.
T  INDICATES TRACE AMOUNT.




$$
