000
CDUS41 KOKX 250616
CLINYC


CLIMATE REPORT
NATIONAL WEATHER SERVICE NEW YORK NY
216 AM EDT THU JUN 25 2015


...................................

...THE CENTRAL PARK NY CLIMATE SUMMARY FOR JUNE 24 2015...

CLIMATE NORMAL PERIOD 1981 TO 2010
CLIMATE RECORD PERIOD 1869 TO 2015


WEATHER ITEM   OBSERVED TIME   RECORD YEAR NORMAL DEPARTURE LAST
                VALUE   (LST)  VALUE       VALUE  FROM      YEAR
                                                  NORMAL
..................................................................
TEMPERATURE (F)
 YESTERDAY
  MAXIMUM         84    146 PM  96    1888  82      2       81
  MINIMUM         68    620 AM  52    1932  66      2       68
                                      1881
  AVERAGE         76                        74      2       75

PRECIPITATION (IN)
  YESTERDAY        0.00          1.46 1984   0.13  -0.13     0.00
  MONTH TO DATE    3.34                      3.64  -0.30     4.11
  SINCE JUN 1      3.34                      3.64  -0.30     4.11
  SINCE JAN 1     19.27                     23.43  -4.16    28.27

SNOWFALL (IN)
  YESTERDAY        0.0           0.0  2002   0.0    0.0      0.0
                                      2001
  MONTH TO DATE    0.0                       0.0    0.0      0.0
  SINCE OCT 1     50.3                      25.8   24.5     57.4
  SINCE JUL 1     50.3                      25.8   24.5     57.4
  SNOW DEPTH       0

DEGREE DAYS
 HEATING
  YESTERDAY        0                         0      0        0
  MONTH TO DATE   33                        17     16        0
  SINCE JUN 1     33                        17     16        0
  SINCE JUL 1   4974                      4748    226     4962

 COOLING
  YESTERDAY       11                         9      2       10
  MONTH TO DATE  191                       154     37      161
  SINCE JUN 1    191                       154     37      161
  SINCE JAN 1    350                       223    127      215
..................................................................


WIND (MPH)
  HIGHEST WIND SPEED    13   HIGHEST WIND DIRECTION     N (340)
  HIGHEST GUST SPEED    19   HIGHEST GUST DIRECTION     N (360)
  AVERAGE WIND SPEED     4.6


SKY COVER
  AVERAGE SKY COVER 0.0


WEATHER CONDITIONS
 THE FOLLOWING WEATHER WAS RECORDED YESTERDAY.
  NO SIGNIFICANT WEATHER WAS OBSERVED.


RELATIVE HUMIDITY (PERCENT)
 HIGHEST    63           600 AM
 LOWEST     36           700 PM
 AVERAGE    50

..........................................................


THE CENTRAL PARK NY CLIMATE NORMALS FOR TODAY
                         NORMAL    RECORD    YEAR
 MAXIMUM TEMPERATURE (F)   82        99      1952
                                             1943
 MINIMUM TEMPERATURE (F)   66        50      1873


SUNRISE AND SUNSET
JUNE 25 2015..........SUNRISE   526 AM EDT   SUNSET   831 PM EDT
JUNE 26 2015..........SUNRISE   526 AM EDT   SUNSET   831 PM EDT


-  INDICATES NEGATIVE NUMBERS.
R  INDICATES RECORD WAS SET OR TIED.
MM INDICATES DATA IS MISSING.
T  INDICATES TRACE AMOUNT.




$$
