000
CDUS41 KOKX 220618
CLINYC


CLIMATE REPORT
NATIONAL WEATHER SERVICE NEW YORK NY
217 AM EDT SUN MAY 22 2016


...................................

...THE CENTRAL PARK NY CLIMATE SUMMARY FOR MAY 21 2016...

CLIMATE NORMAL PERIOD 1981 TO 2010
CLIMATE RECORD PERIOD 1869 TO 2016


WEATHER ITEM   OBSERVED TIME   RECORD YEAR NORMAL DEPARTURE LAST
                VALUE   (LST)  VALUE       VALUE  FROM      YEAR
                                                  NORMAL
..................................................................
TEMPERATURE (F)
 YESTERDAY
  MAXIMUM         66   1156 AM  93    1996  72     -6       62
  MINIMUM         54   1159 PM  40    1907  55     -1       52
  AVERAGE         60                        64     -4       57

PRECIPITATION (IN)
  YESTERDAY        0.04          1.94 1883   0.14  -0.10     0.00
  MONTH TO DATE    1.81                      2.70  -0.89     0.32
  SINCE MAR 1      4.59                     11.56  -6.97     7.12
  SINCE JAN 1     13.40                     18.30  -4.90    14.39

SNOWFALL (IN)
  YESTERDAY        0.0           0.0  2002   0.0    0.0      0.0
                                      2001
  MONTH TO DATE    0.0                       0.0    0.0      0.0
  SINCE OCT 1     32.8                      25.8    7.0     50.3
  SINCE JUL 1     32.8                      25.8    7.0     50.3
  SNOW DEPTH       0

DEGREE DAYS
 HEATING
  YESTERDAY        5                         3      2        8
  MONTH TO DATE  157                       112     45       32
  SINCE MAR 1   1010                      1183   -173     1177
  SINCE JUL 1   3757                      4705   -948     4936

 COOLING
  YESTERDAY        0                         2     -2        0
  MONTH TO DATE    3                        28    -25       73
  SINCE MAR 1     22                        40    -18       78
  SINCE JAN 1     22                        40    -18       78
..................................................................


WIND (MPH)
  HIGHEST WIND SPEED    12   HIGHEST WIND DIRECTION    SE (150)
  HIGHEST GUST SPEED    19   HIGHEST GUST DIRECTION    SE (150)
  AVERAGE WIND SPEED     3.7


SKY COVER
  AVERAGE SKY COVER 0.5


WEATHER CONDITIONS
 THE FOLLOWING WEATHER WAS RECORDED YESTERDAY.
  LIGHT RAIN


RELATIVE HUMIDITY (PERCENT)
 HIGHEST    86           800 PM
 LOWEST     37           100 PM
 AVERAGE    62

..........................................................


THE CENTRAL PARK NY CLIMATE NORMALS FOR TODAY
                         NORMAL    RECORD    YEAR
 MAXIMUM TEMPERATURE (F)   72        96      1941
 MINIMUM TEMPERATURE (F)   56        44      1990


SUNRISE AND SUNSET
MAY 22 2016...........SUNRISE   532 AM EDT   SUNSET   813 PM EDT
MAY 23 2016...........SUNRISE   532 AM EDT   SUNSET   814 PM EDT


-  INDICATES NEGATIVE NUMBERS.
R  INDICATES RECORD WAS SET OR TIED.
MM INDICATES DATA IS MISSING.
T  INDICATES TRACE AMOUNT.




$$
