596
CDUS41 KOKX 200619
CLINYC


CLIMATE REPORT
NATIONAL WEATHER SERVICE NEW YORK NY
219 AM EDT MON MAR 20 2017


...................................

...THE CENTRAL PARK NY CLIMATE SUMMARY FOR MARCH 19 2017...

CLIMATE NORMAL PERIOD 1981 TO 2010
CLIMATE RECORD PERIOD 1869 TO 2017


WEATHER ITEM   OBSERVED TIME   RECORD YEAR NORMAL DEPARTURE LAST
                VALUE   (LST)  VALUE       VALUE  FROM      YEAR
                                                  NORMAL
..................................................................
TEMPERATURE (F)
 YESTERDAY
  MAXIMUM         47    444 PM  76    1918  51     -4       46
  MINIMUM         34    704 AM   8    1967  36     -2       36
  AVERAGE         41                        43     -2       41

PRECIPITATION (IN)
  YESTERDAY        0.00          2.19 1881   0.15  -0.15     0.00
  MONTH TO DATE    2.60                      2.53   0.07     0.62
  SINCE MAR 1      2.60                      2.53   0.07     0.62
  SINCE JAN 1      9.91                      9.27   0.64     9.43

SNOWFALL (IN)
  YESTERDAY        0.0           7.8  1956   0.1   -0.1      0.0
  MONTH TO DATE    9.7                       3.0    6.7      0.4
  SINCE OCT 1     30.2                      24.3    5.9     32.3
  SINCE JUL 1     30.2                      24.3    5.9     32.3
  SNOW DEPTH       3

DEGREE DAYS
 HEATING
  YESTERDAY       24                        22      2       24
  MONTH TO DATE  541                       465     76      314
  SINCE MAR 1    541                       465     76      314
  SINCE JUL 1   3524                      3987   -463     3061

 COOLING
  YESTERDAY        0                         0      0        0
  MONTH TO DATE    0                         0      0        6
  SINCE MAR 1      0                         0      0        6
  SINCE JAN 1      0                         0      0        6
..................................................................


WIND (MPH)
  HIGHEST WIND SPEED    18   HIGHEST WIND DIRECTION    NE (60)
  HIGHEST GUST SPEED    29   HIGHEST GUST DIRECTION     E (70)
  AVERAGE WIND SPEED     8.2


SKY COVER
  AVERAGE SKY COVER 0.3


WEATHER CONDITIONS
 THE FOLLOWING WEATHER WAS RECORDED YESTERDAY.
  NO SIGNIFICANT WEATHER WAS OBSERVED.


RELATIVE HUMIDITY (PERCENT)
 HIGHEST    70          1200 AM
 LOWEST     23           500 PM
 AVERAGE    47

..........................................................


THE CENTRAL PARK NY CLIMATE NORMALS FOR TODAY
                         NORMAL    RECORD    YEAR
 MAXIMUM TEMPERATURE (F)   51        83      1945
 MINIMUM TEMPERATURE (F)   36        11      1885


SUNRISE AND SUNSET
MARCH 20 2017.........SUNRISE   659 AM EDT   SUNSET   708 PM EDT
MARCH 21 2017.........SUNRISE   657 AM EDT   SUNSET   709 PM EDT


-  INDICATES NEGATIVE NUMBERS.
R  INDICATES RECORD WAS SET OR TIED.
MM INDICATES DATA IS MISSING.
T  INDICATES TRACE AMOUNT.




$$
