028
CDUS41 KOKX 090626
CLINYC


CLIMATE REPORT
NATIONAL WEATHER SERVICE NEW YORK NY
126 AM EST MON JAN 9 2017


...................................

...THE CENTRAL PARK NY CLIMATE SUMMARY FOR JANUARY 8 2017...

CLIMATE NORMAL PERIOD 1981 TO 2010
CLIMATE RECORD PERIOD 1869 TO 2017


WEATHER ITEM   OBSERVED TIME   RECORD YEAR NORMAL DEPARTURE LAST
                VALUE   (LST)  VALUE       VALUE  FROM      YEAR
                                                  NORMAL
..................................................................
TEMPERATURE (F)
 YESTERDAY
  MAXIMUM         25    338 PM  65    1998  38    -13       46
  MINIMUM         16    815 AM   2    1968  27    -11       31
  AVERAGE         21                        33    -12       39

PRECIPITATION (IN)
  YESTERDAY        0.00          1.25 2007   0.11  -0.11     0.00
  MONTH TO DATE    1.16                      0.96   0.20     0.00
  SINCE DEC 1      4.05                      4.96  -0.91     4.72
  SINCE JAN 1      1.16                      0.96   0.20     0.00

SNOWFALL (IN)
  YESTERDAY        0.0           6.6  1996   0.2   -0.2      0.0
  MONTH TO DATE    6.3                       1.7    4.6      0.0
  SINCE OCT 1      9.5                       6.8    2.7       T
  SINCE JUL 1      9.5                       6.8    2.7       T
  SNOW DEPTH       4

DEGREE DAYS
 HEATING
  YESTERDAY       44                        32     12       26
  MONTH TO DATE  249                       256     -7      250
  SINCE DEC 1   1068                      1108    -40      684
  SINCE JUL 1   1755                      1941   -186     1272

 COOLING
  YESTERDAY        0                         0      0        0
  MONTH TO DATE    0                         0      0        0
  SINCE DEC 1      0                         0      0        3
  SINCE JAN 1      0                         0      0        0
..................................................................


WIND (MPH)
  HIGHEST WIND SPEED    18   HIGHEST WIND DIRECTION     W (290)
  HIGHEST GUST SPEED    30   HIGHEST GUST DIRECTION     W (280)
  AVERAGE WIND SPEED     8.7


SKY COVER
  AVERAGE SKY COVER 0.3


WEATHER CONDITIONS
 THE FOLLOWING WEATHER WAS RECORDED YESTERDAY.
  NO SIGNIFICANT WEATHER WAS OBSERVED.


RELATIVE HUMIDITY (PERCENT)
 HIGHEST    68          1200 AM
 LOWEST     35           400 PM
 AVERAGE    52

..........................................................


THE CENTRAL PARK NY CLIMATE NORMALS FOR TODAY
                         NORMAL    RECORD    YEAR
 MAXIMUM TEMPERATURE (F)   38        64      2008
                                             1937
 MINIMUM TEMPERATURE (F)   27        -1      1968


SUNRISE AND SUNSET
JANUARY  9 2017.......SUNRISE   720 AM EST   SUNSET   447 PM EST
JANUARY 10 2017.......SUNRISE   719 AM EST   SUNSET   448 PM EST


-  INDICATES NEGATIVE NUMBERS.
R  INDICATES RECORD WAS SET OR TIED.
MM INDICATES DATA IS MISSING.
T  INDICATES TRACE AMOUNT.




$$
