000
CDUS41 KOKX 140620
CLINYC


CLIMATE REPORT
NATIONAL WEATHER SERVICE NEW YORK NY
219 AM EDT SUN MAY 14 2017


...................................

...THE CENTRAL PARK NY CLIMATE SUMMARY FOR MAY 13 2017...

CLIMATE NORMAL PERIOD 1981 TO 2010
CLIMATE RECORD PERIOD 1869 TO 2017


WEATHER ITEM   OBSERVED TIME   RECORD YEAR NORMAL DEPARTURE LAST
                VALUE   (LST)  VALUE       VALUE  FROM      YEAR
                                                  NORMAL
..................................................................
TEMPERATURE (F)
 YESTERDAY
  MAXIMUM         53    139 AM  89    1956  70    -17       65
  MINIMUM         45   1032 PM  39    1895  53     -8       57
  AVERAGE         49                        62    -13       61

PRECIPITATION (IN)
  YESTERDAY        1.61          1.66 1971   0.12   1.49     0.25
  MONTH TO DATE    4.82                      1.65   3.17     1.77
  SINCE MAR 1     13.91                     10.51   3.40     4.55
  SINCE JAN 1     21.22                     17.25   3.97    13.36

SNOWFALL (IN)
  YESTERDAY        0.0           0.0  2001   0.0    0.0      0.0
  MONTH TO DATE    0.0                       0.0    0.0      0.0
  SINCE OCT 1     30.2                      25.8    4.4     32.8
  SINCE JUL 1     30.2                      25.8    4.4     32.8
  SNOW DEPTH       0

DEGREE DAYS
 HEATING
  YESTERDAY       16                         5     11        4
  MONTH TO DATE  112                        80     32      117
  SINCE MAR 1   1166                      1151     15      970
  SINCE JUL 1   4149                      4673   -524     3717

 COOLING
  YESTERDAY        0                         1     -1        0
  MONTH TO DATE    4                        13     -9        3
  SINCE MAR 1     38                        25     13       22
  SINCE JAN 1     38                        25     13       22
..................................................................


WIND (MPH)
  HIGHEST WIND SPEED    18   HIGHEST WIND DIRECTION    NE (50)
  HIGHEST GUST SPEED    31   HIGHEST GUST DIRECTION    NE (50)
  AVERAGE WIND SPEED     7.7


SKY COVER
  AVERAGE SKY COVER 1.0


WEATHER CONDITIONS
 THE FOLLOWING WEATHER WAS RECORDED YESTERDAY.
  HEAVY RAIN
  RAIN
  LIGHT RAIN
  FOG


RELATIVE HUMIDITY (PERCENT)
 HIGHEST   100           700 AM
 LOWEST     71          1200 AM
 AVERAGE    86

..........................................................


THE CENTRAL PARK NY CLIMATE NORMALS FOR TODAY
                         NORMAL    RECORD    YEAR
 MAXIMUM TEMPERATURE (F)   70        88      1900
 MINIMUM TEMPERATURE (F)   53        40      1878


SUNRISE AND SUNSET
MAY 14 2017...........SUNRISE   539 AM EDT   SUNSET   806 PM EDT
MAY 15 2017...........SUNRISE   538 AM EDT   SUNSET   807 PM EDT


-  INDICATES NEGATIVE NUMBERS.
R  INDICATES RECORD WAS SET OR TIED.
MM INDICATES DATA IS MISSING.
T  INDICATES TRACE AMOUNT.




$$
