000
CDUS41 KOKX 150621
CLINYC


CLIMATE REPORT
NATIONAL WEATHER SERVICE NEW YORK NY
120 AM EST THU FEB 15 2018


...................................

...THE CENTRAL PARK NY CLIMATE SUMMARY FOR FEBRUARY 14 2018...

CLIMATE NORMAL PERIOD 1981 TO 2010
CLIMATE RECORD PERIOD 1869 TO 2018


WEATHER ITEM   OBSERVED TIME   RECORD YEAR NORMAL DEPARTURE LAST
                VALUE   (LST)  VALUE       VALUE  FROM      YEAR
                                                  NORMAL
..................................................................
TEMPERATURE (F)
 YESTERDAY
  MAXIMUM         53    557 PM  63    1946  41     12       41
  MINIMUM         35    216 AM  -1    2016  29      6       28
  AVERAGE         44                        35      9       35

PRECIPITATION (IN)
  YESTERDAY        0.08          1.59 1914   0.11  -0.03     0.00
  MONTH TO DATE    3.91                      1.50   2.41     1.94
  SINCE DEC 1      8.30                      9.15  -0.85     9.66
  SINCE JAN 1      6.09                      5.15   0.94     6.77

SNOWFALL (IN)
  YESTERDAY        0.0           8.1  1914   0.3   -0.3      0.0
  MONTH TO DATE    0.5                       4.6   -4.1      9.4
  SINCE OCT 1     19.4                      16.7    2.7     20.5
  SINCE JUL 1     19.4                      16.7    2.7     20.5
  SNOW DEPTH       0

DEGREE DAYS
 HEATING
  YESTERDAY       21                        30     -9       30
  MONTH TO DATE  393                       433    -40      402
  SINCE DEC 1   2339                      2289     50     2050
  SINCE JUL 1   3001                      3122   -121     2737

 COOLING
  YESTERDAY        0                         0      0        0
  MONTH TO DATE    0                         0      0        0
  SINCE DEC 1      0                         0      0        0
  SINCE JAN 1      0                         0      0        0
..................................................................


WIND (MPH)
  HIGHEST WIND SPEED    14   HIGHEST WIND DIRECTION     W (250)
  HIGHEST GUST SPEED    20   HIGHEST GUST DIRECTION    SW (240)
  AVERAGE WIND SPEED     5.3


SKY COVER
  AVERAGE SKY COVER 0.8


WEATHER CONDITIONS
 THE FOLLOWING WEATHER WAS RECORDED YESTERDAY.
  LIGHT RAIN


RELATIVE HUMIDITY (PERCENT)
 HIGHEST    82           500 AM
 LOWEST     50           300 PM
 AVERAGE    66

..........................................................


THE CENTRAL PARK NY CLIMATE NORMALS FOR TODAY
                         NORMAL    RECORD    YEAR
 MAXIMUM TEMPERATURE (F)   42        73      1949
 MINIMUM TEMPERATURE (F)   29        -8      1943


SUNRISE AND SUNSET
FEBRUARY 15 2018......SUNRISE   650 AM EST   SUNSET   531 PM EST
FEBRUARY 16 2018......SUNRISE   649 AM EST   SUNSET   532 PM EST


-  INDICATES NEGATIVE NUMBERS.
R  INDICATES RECORD WAS SET OR TIED.
MM INDICATES DATA IS MISSING.
T  INDICATES TRACE AMOUNT.




$$
