000
CDUS41 KOKX 082041
CLINYC


CLIMATE REPORT
NATIONAL WEATHER SERVICE NEW YORK NY
440 PM EDT THU JUN 8 2017


...................................

...THE CENTRAL PARK NY CLIMATE SUMMARY FOR JUNE 8 2017...
VALID TODAY AS OF 0400 PM LOCAL TIME.

CLIMATE NORMAL PERIOD 1981 TO 2010
CLIMATE RECORD PERIOD 1869 TO 2017


WEATHER ITEM   OBSERVED TIME   RECORD YEAR NORMAL DEPARTURE LAST
                VALUE   (LST)  VALUE       VALUE  FROM      YEAR
                                                  NORMAL
..................................................................
TEMPERATURE (F)
 TODAY
  MAXIMUM         69   1058 AM  95    1933  77     -8       67
  MINIMUM         55    404 AM  47    1932  61     -6       52
  AVERAGE         62                        69     -7       60

PRECIPITATION (IN)
  TODAY            0.00          1.47 1871   0.16  -0.16     0.45
  MONTH TO DATE    0.19                      1.28  -1.09     1.80
  SINCE JUN 1      0.19                      1.28  -1.09     1.80
  SINCE JAN 1     22.97                     21.07   1.90    17.14

SNOWFALL (IN)
  TODAY            0.0           0.0  2002   0.0    0.0      0.0
                                      2001
  MONTH TO DATE    0.0                       0.0    0.0      0.0
  SINCE OCT 1     30.2                      25.8    4.4     32.8
  SINCE JUL 1     30.2                      25.8    4.4     32.8
  SNOW DEPTH       0

DEGREE DAYS
 HEATING
  TODAY            3                         1      2        5
  MONTH TO DATE   24                        11     13        5
  SINCE JUN 1     24                        11     13        5
  SINCE JUL 1   4226                      4742   -516     3766

 COOLING
  TODAY            0                         5     -5        0
  MONTH TO DATE    6                        37    -31       49
  SINCE JUN 1      6                        37    -31       49
  SINCE JAN 1     95                       106    -11      168
..................................................................


WIND (MPH)
  HIGHEST WIND SPEED     9   HIGHEST WIND DIRECTION     S (160)
  HIGHEST GUST SPEED    15   HIGHEST GUST DIRECTION    SE (140)
  AVERAGE WIND SPEED     2.9


SKY COVER
  AVERAGE SKY COVER 0.0


WEATHER CONDITIONS
 THE FOLLOWING WEATHER WAS RECORDED TODAY.
  NO SIGNIFICANT WEATHER WAS OBSERVED.


RELATIVE HUMIDITY (PERCENT)
 HIGHEST    83           400 AM
 LOWEST     42           200 PM
 AVERAGE    63

..........................................................


THE CENTRAL PARK NY CLIMATE NORMALS FOR TOMORROW
                         NORMAL    RECORD    YEAR
 MAXIMUM TEMPERATURE (F)   78        97      1933
 MINIMUM TEMPERATURE (F)   62        47      1980


SUNRISE AND SUNSET
JUNE  8 2017..........SUNRISE   524 AM EDT   SUNSET   826 PM EDT
JUNE  9 2017..........SUNRISE   524 AM EDT   SUNSET   826 PM EDT


-  INDICATES NEGATIVE NUMBERS.
R  INDICATES RECORD WAS SET OR TIED.
MM INDICATES DATA IS MISSING.
T  INDICATES TRACE AMOUNT.




$$
