000
CDUS41 KOKX 170617
CLINYC


CLIMATE REPORT
NATIONAL WEATHER SERVICE NEW YORK NY
117 AM EST SAT JAN 17 2015


...................................

...THE CENTRAL PARK NY CLIMATE SUMMARY FOR JANUARY 16 2015...

CLIMATE NORMAL PERIOD 1981 TO 2010
CLIMATE RECORD PERIOD 1869 TO 2015


WEATHER ITEM   OBSERVED TIME   RECORD YEAR NORMAL DEPARTURE LAST
                VALUE   (LST)  VALUE       VALUE  FROM      YEAR
                                                  NORMAL
..................................................................
TEMPERATURE (F)
 YESTERDAY
  MAXIMUM         43    153 PM  58    1995  38      5       42
  MINIMUM         20   1159 PM   1    2004  27     -7       36
                                      1893
  AVERAGE         32                        32      0       39

PRECIPITATION (IN)
  YESTERDAY        0.00          1.44 1924   0.12  -0.12      T
  MONTH TO DATE    1.49                      1.95  -0.46     2.16
  SINCE DEC 1      7.53                      5.95   1.58     7.01
  SINCE JAN 1      1.49                      1.95  -0.46     2.16

SNOWFALL (IN)
  YESTERDAY        0.0          13.0  1879   0.2   -0.2      0.0
  MONTH TO DATE    2.0                       3.5   -1.5      6.4
  SINCE OCT 1      3.2                       8.6   -5.4     15.0
  SINCE JUL 1      3.2                       8.6   -5.4     15.0
  SNOW DEPTH       0

DEGREE DAYS
 HEATING
  YESTERDAY       33                        33      0       26
  MONTH TO DATE  570                       519     51      524
  SINCE DEC 1   1321                      1371    -50     1339
  SINCE JUL 1   2106                      2204    -98     2147

 COOLING
  YESTERDAY        0                         0      0        0
  MONTH TO DATE    0                         0      0        0
  SINCE DEC 1      0                         0      0        1
  SINCE JAN 1      0                         0      0        0
..................................................................


WIND (MPH)
  HIGHEST WIND SPEED    21   HIGHEST WIND DIRECTION    NW (310)
  HIGHEST GUST SPEED    32   HIGHEST GUST DIRECTION    NW (320)
  AVERAGE WIND SPEED     9.8


SKY COVER
  AVERAGE SKY COVER 0.3


WEATHER CONDITIONS
 THE FOLLOWING WEATHER WAS RECORDED YESTERDAY.
  HAZE


RELATIVE HUMIDITY (PERCENT)
 HIGHEST    58           800 AM
 LOWEST     31           700 PM
 AVERAGE    45

..........................................................


THE CENTRAL PARK NY CLIMATE NORMALS FOR TODAY
                         NORMAL    RECORD    YEAR
 MAXIMUM TEMPERATURE (F)   38        63      1990
 MINIMUM TEMPERATURE (F)   27        -2      1977


SUNRISE AND SUNSET
JANUARY 17 2015.......SUNRISE   717 AM EST   SUNSET   455 PM EST
JANUARY 18 2015.......SUNRISE   717 AM EST   SUNSET   456 PM EST


-  INDICATES NEGATIVE NUMBERS.
R  INDICATES RECORD WAS SET OR TIED.
MM INDICATES DATA IS MISSING.
T  INDICATES TRACE AMOUNT.




$$
