000
CDUS41 KOKX 102038
CLINYC


CLIMATE REPORT
NATIONAL WEATHER SERVICE NEW YORK NY
438 PM EDT WED AUG 10 2016


...................................

...THE CENTRAL PARK NY CLIMATE SUMMARY FOR AUGUST 10 2016...
VALID TODAY AS OF 0400 PM LOCAL TIME.

CLIMATE NORMAL PERIOD 1981 TO 2010
CLIMATE RECORD PERIOD 1869 TO 2016


WEATHER ITEM   OBSERVED TIME   RECORD YEAR NORMAL DEPARTURE LAST
                VALUE   (LST)  VALUE       VALUE  FROM      YEAR
                                                  NORMAL
..................................................................
TEMPERATURE (F)
 TODAY
  MAXIMUM         85    231 PM  98    1949  83      2       84
                                      1891
  MINIMUM         75    316 AM  55    1879  69      6       70
  AVERAGE         80                        76      4       77

PRECIPITATION (IN)
  TODAY            0.09          4.64 1990   0.14  -0.05     0.00
  MONTH TO DATE    0.14                      1.56  -1.42     0.43
  SINCE JUN 1      9.76                     10.57  -0.81     9.20
  SINCE JAN 1     25.10                     30.36  -5.26    25.13

SNOWFALL (IN)
  TODAY            0.0           0.0  2002   0.0    0.0      0.0
                                      2001
  MONTH TO DATE    0.0                       0.0    0.0      0.0
  SINCE OCT 1     32.8                      25.8    7.0     50.3
  SINCE JUL 1      0.0                       0.0    0.0      0.0
  SNOW DEPTH       0

DEGREE DAYS
 HEATING
  TODAY            0                         0      0        0
  MONTH TO DATE    0                         0      0        0
  SINCE JUN 1      7                        19    -12       33
  SINCE JUL 1      0                         0      0        0

 COOLING
  TODAY           15                        11      4       12
  MONTH TO DATE  118                       111      7      135
  SINCE JUN 1    782                       678    104      800
  SINCE JAN 1    901                       747    154      959
..................................................................


WIND (MPH)
  HIGHEST WIND SPEED    12   HIGHEST WIND DIRECTION     W (260)
  HIGHEST GUST SPEED    20   HIGHEST GUST DIRECTION     W (250)
  AVERAGE WIND SPEED     3.8


SKY COVER
  AVERAGE SKY COVER 0.8


WEATHER CONDITIONS
 THE FOLLOWING WEATHER WAS RECORDED TODAY.
  RAIN
  LIGHT RAIN
  FOG
  HAZE


RELATIVE HUMIDITY (PERCENT)
 HIGHEST    87           300 AM
 LOWEST     74           100 AM
 AVERAGE    81

..........................................................


THE CENTRAL PARK NY CLIMATE NORMALS FOR TOMORROW
                         NORMAL    RECORD    YEAR
 MAXIMUM TEMPERATURE (F)   83       102      1944
 MINIMUM TEMPERATURE (F)   69        56      1962


SUNRISE AND SUNSET
AUGUST 10 2016........SUNRISE   602 AM EDT   SUNSET   800 PM EDT
AUGUST 11 2016........SUNRISE   603 AM EDT   SUNSET   759 PM EDT


-  INDICATES NEGATIVE NUMBERS.
R  INDICATES RECORD WAS SET OR TIED.
MM INDICATES DATA IS MISSING.
T  INDICATES TRACE AMOUNT.




$$
