000
CDUS41 KOKX 150616
CLINYC


CLIMATE REPORT
NATIONAL WEATHER SERVICE NEW YORK NY
216 AM EDT FRI MAY 15 2015


...................................

...THE CENTRAL PARK NY CLIMATE SUMMARY FOR MAY 14 2015...

CLIMATE NORMAL PERIOD 1981 TO 2010
CLIMATE RECORD PERIOD 1869 TO 2015


WEATHER ITEM   OBSERVED TIME   RECORD YEAR NORMAL DEPARTURE LAST
                VALUE   (LST)  VALUE       VALUE  FROM      YEAR
                                                  NORMAL
..................................................................
TEMPERATURE (F)
 YESTERDAY
  MAXIMUM         73    351 PM  88    1900  70      3       71
  MINIMUM         50    541 AM  40    1878  53     -3       52
  AVERAGE         62                        62      0       62

PRECIPITATION (IN)
  YESTERDAY        0.00          3.38 1978   0.12  -0.12     0.01
  MONTH TO DATE    T                         1.77  -1.77     1.08
  SINCE MAR 1      6.80                     10.63  -3.83    12.60
  SINCE JAN 1     14.07                     17.37  -3.30    20.87

SNOWFALL (IN)
  YESTERDAY        0.0           0.0  2002   0.0    0.0      0.0
                                      2001
  MONTH TO DATE    0.0                       0.0    0.0      0.0
  SINCE OCT 1     50.3                      25.8   24.5     57.4
  SINCE JUL 1     50.3                      25.8   24.5     57.4
  SNOW DEPTH       0

DEGREE DAYS
 HEATING
  YESTERDAY        3                         5     -2        3
  MONTH TO DATE   20                        85    -65       42
  SINCE MAR 1   1165                      1156      9     1261
  SINCE JUL 1   4924                      4678    246     4931

 COOLING
  YESTERDAY        0                         1     -1        0
  MONTH TO DATE   55                        14     41       21
  SINCE MAR 1     60                        26     34       25
  SINCE JAN 1     60                        26     34       25
..................................................................


WIND (MPH)
  HIGHEST WIND SPEED    13   HIGHEST WIND DIRECTION     W (250)
  HIGHEST GUST SPEED    20   HIGHEST GUST DIRECTION    SW (240)
  AVERAGE WIND SPEED     3.8


SKY COVER
  AVERAGE SKY COVER 0.0


WEATHER CONDITIONS
 THE FOLLOWING WEATHER WAS RECORDED YESTERDAY.
  NO SIGNIFICANT WEATHER WAS OBSERVED.


RELATIVE HUMIDITY (PERCENT)
 HIGHEST    56           500 AM
 LOWEST     17           300 PM
 AVERAGE    37

..........................................................


THE CENTRAL PARK NY CLIMATE NORMALS FOR TODAY
                         NORMAL    RECORD    YEAR
 MAXIMUM TEMPERATURE (F)   71        90      1900
 MINIMUM TEMPERATURE (F)   54        42      1947
                                             1920


SUNRISE AND SUNSET
MAY 15 2015...........SUNRISE   539 AM EDT   SUNSET   806 PM EDT
MAY 16 2015...........SUNRISE   538 AM EDT   SUNSET   807 PM EDT


-  INDICATES NEGATIVE NUMBERS.
R  INDICATES RECORD WAS SET OR TIED.
MM INDICATES DATA IS MISSING.
T  INDICATES TRACE AMOUNT.




$$
