000
CDUS41 KOKX 292032
CLINYC


CLIMATE REPORT
NATIONAL WEATHER SERVICE NEW YORK NY
432 PM EDT SUN JUN 29 2014


...................................

...THE CENTRAL PARK NY CLIMATE SUMMARY FOR JUNE 29 2014...
VALID TODAY AS OF 0400 PM LOCAL TIME.

CLIMATE NORMAL PERIOD 1981 TO 2010
CLIMATE RECORD PERIOD 1869 TO 2014


WEATHER ITEM   OBSERVED TIME   RECORD YEAR NORMAL DEPARTURE LAST
                VALUE   (LST)  VALUE       VALUE  FROM      YEAR
                                                  NORMAL
..................................................................
TEMPERATURE (F)
 TODAY
  MAXIMUM         83   1036 AM 101    1934  83      0       83
  MINIMUM         68    502 AM  52    1919  67      1       71
                                      1888
  AVERAGE         76                        75      1       77

PRECIPITATION (IN)
  TODAY            0.00          2.57 1903   0.12  -0.12     0.00
  MONTH TO DATE    4.26                      4.28  -0.02    10.10
  SINCE JUN 1      4.26                      4.28  -0.02    10.10
  SINCE JAN 1     28.42                     24.07   4.35    29.32

SNOWFALL (IN)
  TODAY            0.0           0.0  2002   0.0    0.0      0.0
                                      2001
  MONTH TO DATE    0.0                       0.0    0.0      0.0
  SINCE OCT 1     57.4                      25.8   31.6     26.1
  SINCE JUL 1     57.4                      25.8   31.6     26.1
  SNOW DEPTH       0

DEGREE DAYS
 HEATING
  TODAY            0                         0      0        0
  MONTH TO DATE    0                        17    -17        9
  SINCE JUN 1      0                        17    -17        9
  SINCE JUL 1   4962                      4748    214     4637

 COOLING
  TODAY           11                        10      1       12
  MONTH TO DATE  220                       202     18      230
  SINCE JUN 1    220                       202     18      230
  SINCE JAN 1    274                       271      3      309
..................................................................


WIND (MPH)
  HIGHEST WIND SPEED     9   HIGHEST WIND DIRECTION     S (200)
  HIGHEST GUST SPEED    16   HIGHEST GUST DIRECTION     S (180)
  AVERAGE WIND SPEED     2.5


SKY COVER
  AVERAGE SKY COVER 0.0


WEATHER CONDITIONS
 THE FOLLOWING WEATHER WAS RECORDED TODAY.
  NO SIGNIFICANT WEATHER WAS OBSERVED.


RELATIVE HUMIDITY (PERCENT)
 HIGHEST    68           500 AM
 LOWEST     42           300 PM
 AVERAGE    55

..........................................................


THE CENTRAL PARK NY CLIMATE NORMALS FOR TOMORROW
                         NORMAL    RECORD    YEAR
 MAXIMUM TEMPERATURE (F)   83        99      1964
 MINIMUM TEMPERATURE (F)   67        53      1919


SUNRISE AND SUNSET
JUNE 29 2014..........SUNRISE   527 AM EDT   SUNSET   831 PM EDT
JUNE 30 2014..........SUNRISE   528 AM EDT   SUNSET   831 PM EDT


-  INDICATES NEGATIVE NUMBERS.
R  INDICATES RECORD WAS SET OR TIED.
MM INDICATES DATA IS MISSING.
T  INDICATES TRACE AMOUNT.




$$
