000
CDUS41 KOKX 110622
CLINYC


CLIMATE REPORT
NATIONAL WEATHER SERVICE NEW YORK NY
221 AM EDT SAT OCT 11 2014


...................................

...THE CENTRAL PARK NY CLIMATE SUMMARY FOR OCTOBER 10 2014...

CLIMATE NORMAL PERIOD 1981 TO 2010
CLIMATE RECORD PERIOD 1869 TO 2014


WEATHER ITEM   OBSERVED TIME   RECORD YEAR NORMAL DEPARTURE LAST
                VALUE   (LST)  VALUE       VALUE  FROM      YEAR
                                                  NORMAL
..................................................................
TEMPERATURE (F)
 YESTERDAY
  MAXIMUM         64    154 PM  91    1939  66     -2       65
  MINIMUM         52    608 AM  35    1888  52      0       54
  AVERAGE         58                        59     -1       60

PRECIPITATION (IN)
  YESTERDAY        T             2.16 1971   0.16  -0.16      T
  MONTH TO DATE    1.30                      1.45  -0.15     0.25
  SINCE SEP 1      2.51                      5.73  -3.22     3.20
  SINCE JAN 1     38.77                     38.97  -0.20    38.21

SNOWFALL (IN)
  YESTERDAY        0.0           T    1979   0.0    0.0      0.0
  MONTH TO DATE    0.0                       0.0    0.0      0.0
  SINCE OCT 1      0.0                       0.0    0.0      0.0
  SINCE JUL 1      0.0                       0.0    0.0      0.0
  SNOW DEPTH       0

DEGREE DAYS
 HEATING
  YESTERDAY        7                         7      0        5
  MONTH TO DATE   33                        58    -25       16
  SINCE SEP 1     55                       101    -46       52
  SINCE JUL 1     55                       103    -48       52

 COOLING
  YESTERDAY        0                         1     -1        0
  MONTH TO DATE    6                        10     -4       43
  SINCE SEP 1    176                       143     33      175
  SINCE JAN 1   1114                      1097     17     1268
..................................................................


WIND (MPH)
  HIGHEST WIND SPEED     7   HIGHEST WIND DIRECTION     W (290)
  HIGHEST GUST SPEED    11   HIGHEST GUST DIRECTION     W (280)
  AVERAGE WIND SPEED     2.2


SKY COVER
  AVERAGE SKY COVER 0.5


WEATHER CONDITIONS
 THE FOLLOWING WEATHER WAS RECORDED YESTERDAY.
  LIGHT RAIN


RELATIVE HUMIDITY (PERCENT)
 HIGHEST    54           400 AM
 LOWEST     37           200 PM
 AVERAGE    46

..........................................................


THE CENTRAL PARK NY CLIMATE NORMALS FOR TODAY
                         NORMAL    RECORD    YEAR
 MAXIMUM TEMPERATURE (F)   65        85      1949
 MINIMUM TEMPERATURE (F)   51        34      1964


SUNRISE AND SUNSET
OCTOBER 11 2014.......SUNRISE   703 AM EDT   SUNSET   622 PM EDT
OCTOBER 12 2014.......SUNRISE   704 AM EDT   SUNSET   620 PM EDT


-  INDICATES NEGATIVE NUMBERS.
R  INDICATES RECORD WAS SET OR TIED.
MM INDICATES DATA IS MISSING.
T  INDICATES TRACE AMOUNT.




$$
