000
CDUS41 KOKX 262137
CLINYC


CLIMATE REPORT
NATIONAL WEATHER SERVICE NEW YORK NY
436 PM EST TUE DEC 26 2017


...................................

...THE CENTRAL PARK NY CLIMATE SUMMARY FOR DECEMBER 26 2017...
VALID TODAY AS OF 0400 PM LOCAL TIME.

CLIMATE NORMAL PERIOD 1981 TO 2010
CLIMATE RECORD PERIOD 1869 TO 2017


WEATHER ITEM   OBSERVED TIME   RECORD YEAR NORMAL DEPARTURE LAST
                VALUE   (LST)  VALUE       VALUE  FROM      YEAR
                                                  NORMAL
..................................................................
TEMPERATURE (F)
 TODAY
  MAXIMUM         28    339 PM  63    1982  40    -12       50
                                      1936
  MINIMUM         24   1123 AM   3    1914  29     -5       33
  AVERAGE         26                        34     -8       42

PRECIPITATION (IN)
  TODAY            0.00          1.66 1975   0.12  -0.12     0.02
  MONTH TO DATE    2.16                      3.42  -1.26     2.49
  SINCE DEC 1      2.16                      3.42  -1.26     2.49
  SINCE JAN 1     44.99                     49.36  -4.37    41.77

SNOWFALL (IN)
  TODAY            0.0          12.2  2010   0.2   -0.2      0.0
  MONTH TO DATE    7.0                       3.7    3.3      3.2
  SINCE OCT 1      7.0                       4.0    3.0      3.2
  SINCE JUL 1      7.0                       4.0    3.0      3.2
  SNOW DEPTH       0

DEGREE DAYS
 HEATING
  TODAY           39                        30      9       23
  MONTH TO DATE  683                       695    -12      696
  SINCE DEC 1    683                       695    -12      696
  SINCE JUL 1   1345                      1528   -183     1383

 COOLING
  TODAY            0                         0      0        0
  MONTH TO DATE    0                         0      0        0
  SINCE DEC 1      0                         0      0        0
  SINCE JAN 1   1265                      1105    160     1489
..................................................................


WIND (MPH)
  HIGHEST WIND SPEED    18   HIGHEST WIND DIRECTION     W (280)
  HIGHEST GUST SPEED    30   HIGHEST GUST DIRECTION     W (260)
  AVERAGE WIND SPEED     9.5


SKY COVER
  AVERAGE SKY COVER 0.0


WEATHER CONDITIONS
 THE FOLLOWING WEATHER WAS RECORDED TODAY.
  NO SIGNIFICANT WEATHER WAS OBSERVED.


RELATIVE HUMIDITY (PERCENT)
 HIGHEST    42          1200 AM
 LOWEST     32           400 AM
 AVERAGE    37

..........................................................


THE CENTRAL PARK NY CLIMATE NORMALS FOR TOMORROW
                         NORMAL    RECORD    YEAR
 MAXIMUM TEMPERATURE (F)   40        63      1949
 MINIMUM TEMPERATURE (F)   29         6      1872


SUNRISE AND SUNSET
DECEMBER 26 2017......SUNRISE   719 AM EST   SUNSET   434 PM EST
DECEMBER 27 2017......SUNRISE   719 AM EST   SUNSET   435 PM EST


-  INDICATES NEGATIVE NUMBERS.
R  INDICATES RECORD WAS SET OR TIED.
MM INDICATES DATA IS MISSING.
T  INDICATES TRACE AMOUNT.




$$
