000
CDUS41 KOKX 182035
CLINYC


CLIMATE REPORT
NATIONAL WEATHER SERVICE NEW YORK NY
435 PM EDT TUE AUG 18 2015


...................................

...THE CENTRAL PARK NY CLIMATE SUMMARY FOR AUGUST 18 2015...
VALID TODAY AS OF 0400 PM LOCAL TIME.

CLIMATE NORMAL PERIOD 1981 TO 2010
CLIMATE RECORD PERIOD 1869 TO 2015


WEATHER ITEM   OBSERVED TIME   RECORD YEAR NORMAL DEPARTURE LAST
                VALUE   (LST)  VALUE       VALUE  FROM      YEAR
                                                  NORMAL
..................................................................
TEMPERATURE (F)
 TODAY
  MAXIMUM         90    112 PM  94    2002  83      7       81
                                      1987
                                      1913
  MINIMUM         73    619 AM  55    1915  68      5       63
  AVERAGE         82                        75      7       72

PRECIPITATION (IN)
  TODAY            0.29          3.95 1879   0.14   0.15     0.00
  MONTH TO DATE    1.89                      2.70  -0.81     1.21
  SINCE JUN 1     10.66                     11.71  -1.05    11.06
  SINCE JAN 1     26.59                     31.50  -4.91    35.22

SNOWFALL (IN)
  TODAY            0.0           0.0  2002   0.0    0.0      0.0
                                      2001
  MONTH TO DATE    0.0                       0.0    0.0      0.0
  SINCE OCT 1     50.3                      25.8   24.5     57.4
  SINCE JUL 1      0.0                       0.0    0.0      0.0
  SNOW DEPTH       0

DEGREE DAYS
 HEATING
  TODAY            0                         0      0        0
  MONTH TO DATE    0                         0      0        0
  SINCE JUN 1     33                        19     14        0
  SINCE JUL 1      0                         0      0        0

 COOLING
  TODAY           17                        10      7        7
  MONTH TO DATE  259                       196     63      170
  SINCE JUN 1    924                       763    161      753
  SINCE JAN 1   1083                       832    251      807
..................................................................


WIND (MPH)
  HIGHEST WIND SPEED    14   HIGHEST WIND DIRECTION     W (250)
  HIGHEST GUST SPEED    25   HIGHEST GUST DIRECTION    SW (240)
  AVERAGE WIND SPEED     3.5


SKY COVER
  AVERAGE SKY COVER 0.2


WEATHER CONDITIONS
 THE FOLLOWING WEATHER WAS RECORDED TODAY.
  HEAVY RAIN
  LIGHT RAIN
  FOG
  HAZE


RELATIVE HUMIDITY (PERCENT)
 HIGHEST    87           500 AM
 LOWEST     46           300 PM
 AVERAGE    67

..........................................................


THE CENTRAL PARK NY CLIMATE NORMALS FOR TOMORROW
                         NORMAL    RECORD    YEAR
 MAXIMUM TEMPERATURE (F)   83        94      2002
                                             1966
                                             1914
 MINIMUM TEMPERATURE (F)   68        55      1924


SUNRISE AND SUNSET
AUGUST 18 2015........SUNRISE   609 AM EDT   SUNSET   750 PM EDT
AUGUST 19 2015........SUNRISE   610 AM EDT   SUNSET   749 PM EDT


-  INDICATES NEGATIVE NUMBERS.
R  INDICATES RECORD WAS SET OR TIED.
MM INDICATES DATA IS MISSING.
T  INDICATES TRACE AMOUNT.




$$
