000
CDUS41 KOKX 070640
CLINYC


CLIMATE REPORT
NATIONAL WEATHER SERVICE NEW YORK NY
240 AM EDT SUN AUG 7 2016


...................................

...THE CENTRAL PARK NY CLIMATE SUMMARY FOR AUGUST 6 2016...

CLIMATE NORMAL PERIOD 1981 TO 2010
CLIMATE RECORD PERIOD 1869 TO 2016


WEATHER ITEM   OBSERVED TIME   RECORD YEAR NORMAL DEPARTURE LAST
                VALUE   (LST)  VALUE       VALUE  FROM      YEAR
                                                  NORMAL
..................................................................
TEMPERATURE (F)
 YESTERDAY
  MAXIMUM         87    241 PM  97    1955  84      3       83
                                      1931
  MINIMUM         72    246 AM  57    1994  69      3       67
                                      1957
                                      1934
  AVERAGE         80                        76      4       75

PRECIPITATION (IN)
  YESTERDAY        0.05          3.31 1878   0.16  -0.11     0.00
  MONTH TO DATE    0.05                      0.97  -0.92     0.43
  SINCE JUN 1      9.67                      9.98  -0.31     9.20
  SINCE JAN 1     25.01                     29.77  -4.76    25.13

SNOWFALL (IN)
  YESTERDAY        0.0           0.0  2002   0.0    0.0      0.0
                                      2001
  MONTH TO DATE    0.0                       0.0    0.0      0.0
  SINCE OCT 1     32.8                      25.8    7.0     50.3
  SINCE JUL 1      0.0                       0.0    0.0      0.0
  SNOW DEPTH       0

DEGREE DAYS
 HEATING
  YESTERDAY        0                         0      0        0
  MONTH TO DATE    0                         0      0        0
  SINCE JUN 1      7                        19    -12       33
  SINCE JUL 1      0                         0      0        0

 COOLING
  YESTERDAY       15                        11      4       10
  MONTH TO DATE   62                        67     -5       89
  SINCE JUN 1    726                       634     92      754
  SINCE JAN 1    845                       703    142      913
..................................................................


WIND (MPH)
  HIGHEST WIND SPEED    14   HIGHEST WIND DIRECTION     W (290)
  HIGHEST GUST SPEED    22   HIGHEST GUST DIRECTION    NW (300)
  AVERAGE WIND SPEED     5.1


SKY COVER
  AVERAGE SKY COVER 0.5


WEATHER CONDITIONS
 THE FOLLOWING WEATHER WAS RECORDED YESTERDAY.
  RAIN
  LIGHT RAIN
  FOG
  HAZE


RELATIVE HUMIDITY (PERCENT)
 HIGHEST    82           700 AM
 LOWEST     51          1000 PM
 AVERAGE    67

..........................................................


THE CENTRAL PARK NY CLIMATE NORMALS FOR TODAY
                         NORMAL    RECORD    YEAR
 MAXIMUM TEMPERATURE (F)   84       104      1918
 MINIMUM TEMPERATURE (F)   69        57      1994


SUNRISE AND SUNSET
AUGUST  7 2016........SUNRISE   559 AM EDT   SUNSET   804 PM EDT
AUGUST  8 2016........SUNRISE   600 AM EDT   SUNSET   803 PM EDT


-  INDICATES NEGATIVE NUMBERS.
R  INDICATES RECORD WAS SET OR TIED.
MM INDICATES DATA IS MISSING.
T  INDICATES TRACE AMOUNT.




$$
