000
CDUS41 KOKX 220620
CLINYC


CLIMATE REPORT
NATIONAL WEATHER SERVICE NEW YORK NY
119 AM EST SUN FEB 22 2015


...................................

...THE CENTRAL PARK NY CLIMATE SUMMARY FOR FEBRUARY 21 2015...

CLIMATE NORMAL PERIOD 1981 TO 2010
CLIMATE RECORD PERIOD 1869 TO 2015


WEATHER ITEM   OBSERVED TIME   RECORD YEAR NORMAL DEPARTURE LAST
                VALUE   (LST)  VALUE       VALUE  FROM      YEAR
                                                  NORMAL
..................................................................
TEMPERATURE (F)
 YESTERDAY
  MAXIMUM         32   1159 PM  68    1930  43    -11       49
  MINIMUM         13   1244 AM   4    1896  30    -17       36
  AVERAGE         23                        36    -13       43

PRECIPITATION (IN)
  YESTERDAY        0.61          1.86 1902   0.11   0.50     0.09
  MONTH TO DATE    1.94                      2.27  -0.33     5.45
  SINCE DEC 1     13.21                      9.92   3.29    13.09
  SINCE JAN 1      7.17                      5.92   1.25     8.24

SNOWFALL (IN)
  YESTERDAY        3.0           8.0  1929   0.4    2.6      0.0
  MONTH TO DATE   10.9                       7.1    3.8     28.8
  SINCE OCT 1     27.4                      19.2    8.2     57.1
  SINCE JUL 1     27.4                      19.2    8.2     57.1
  SNOW DEPTH       9

DEGREE DAYS
 HEATING
  YESTERDAY       42                        29     13       22
  MONTH TO DATE  864                       638    226      700
  SINCE DEC 1   2695                      2494    201     2635
  SINCE JUL 1   3480                      3327    153     3443

 COOLING
  YESTERDAY        0                         0      0        0
  MONTH TO DATE    0                         0      0        0
  SINCE DEC 1      0                         0      0        1
  SINCE JAN 1      0                         0      0        0
..................................................................


WIND (MPH)
  HIGHEST WIND SPEED    14   HIGHEST WIND DIRECTION     S (200)
  HIGHEST GUST SPEED    23   HIGHEST GUST DIRECTION     S (180)
  AVERAGE WIND SPEED     4.4


SKY COVER
  AVERAGE SKY COVER 0.5


WEATHER CONDITIONS
 THE FOLLOWING WEATHER WAS RECORDED YESTERDAY.
  LT FREEZING RAIN
  HEAVY SNOW
  SNOW
  LIGHT SNOW
  FOG
  HAZE


RELATIVE HUMIDITY (PERCENT)
 HIGHEST    85           600 PM
 LOWEST     33           500 AM
 AVERAGE    59

..........................................................


THE CENTRAL PARK NY CLIMATE NORMALS FOR TODAY
                         NORMAL    RECORD    YEAR
 MAXIMUM TEMPERATURE (F)   43        69      1997
 MINIMUM TEMPERATURE (F)   30         8      1963
                                             1918


SUNRISE AND SUNSET
FEBRUARY 22 2015......SUNRISE   641 AM EST   SUNSET   539 PM EST
FEBRUARY 23 2015......SUNRISE   639 AM EST   SUNSET   540 PM EST


-  INDICATES NEGATIVE NUMBERS.
R  INDICATES RECORD WAS SET OR TIED.
MM INDICATES DATA IS MISSING.
T  INDICATES TRACE AMOUNT.




$$
