000
CDUS41 KOKX 192041
CLINYC


CLIMATE REPORT
NATIONAL WEATHER SERVICE NEW YORK NY
441 PM EDT TUE JUL 19 2016


...................................

...THE CENTRAL PARK NY CLIMATE SUMMARY FOR JULY 19 2016...
VALID TODAY AS OF 0400 PM LOCAL TIME.

CLIMATE NORMAL PERIOD 1981 TO 2010
CLIMATE RECORD PERIOD 1869 TO 2016


WEATHER ITEM   OBSERVED TIME   RECORD YEAR NORMAL DEPARTURE LAST
                VALUE   (LST)  VALUE       VALUE  FROM      YEAR
                                                  NORMAL
..................................................................
TEMPERATURE (F)
 TODAY
  MAXIMUM         83    233 PM 102    1977  84     -1       93
  MINIMUM         73    639 AM  57    1924  69      4       78
  AVERAGE         78                        77      1       86

PRECIPITATION (IN)
  TODAY            0.00          1.82 1919   0.16  -0.16     0.00
  MONTH TO DATE    3.60                      2.71   0.89     1.67
  SINCE JUN 1      6.20                      7.12  -0.92     6.46
  SINCE JAN 1     21.54                     26.91  -5.37    22.39

SNOWFALL (IN)
  TODAY            0.0           0.0  2002   0.0    0.0      0.0
                                      2001
  MONTH TO DATE    0.0                       0.0    0.0      0.0
  SINCE OCT 1     32.8                      25.8    7.0     50.3
  SINCE JUL 1      0.0                       0.0    0.0      0.0
  SNOW DEPTH       0

DEGREE DAYS
 HEATING
  TODAY            0                         0      0        0
  MONTH TO DATE    0                         0      0        0
  SINCE JUN 1      7                        19    -12       33
  SINCE JUL 1      0                         0      0        0

 COOLING
  TODAY           13                        12      1       21
  MONTH TO DATE  234                       216     18      239
  SINCE JUN 1    466                       428     38      467
  SINCE JAN 1    585                       497     88      626
..................................................................


WIND (MPH)
  HIGHEST WIND SPEED    12   HIGHEST WIND DIRECTION    NW (320)
  HIGHEST GUST SPEED    23   HIGHEST GUST DIRECTION    NW (320)
  AVERAGE WIND SPEED     5.3


SKY COVER
  AVERAGE SKY COVER 0.2


WEATHER CONDITIONS
 THE FOLLOWING WEATHER WAS RECORDED TODAY.
  NO SIGNIFICANT WEATHER WAS OBSERVED.


RELATIVE HUMIDITY (PERCENT)
 HIGHEST    82          1200 AM
 LOWEST     34           300 PM
 AVERAGE    58

..........................................................


THE CENTRAL PARK NY CLIMATE NORMALS FOR TOMORROW
                         NORMAL    RECORD    YEAR
 MAXIMUM TEMPERATURE (F)   84       101      1980
 MINIMUM TEMPERATURE (F)   69        55      1890


SUNRISE AND SUNSET
JULY 19 2016..........SUNRISE   541 AM EDT   SUNSET   823 PM EDT
JULY 20 2016..........SUNRISE   542 AM EDT   SUNSET   822 PM EDT


-  INDICATES NEGATIVE NUMBERS.
R  INDICATES RECORD WAS SET OR TIED.
MM INDICATES DATA IS MISSING.
T  INDICATES TRACE AMOUNT.




$$
