000
CDUS41 KOKX 020627
CLINYC


CLIMATE REPORT
NATIONAL WEATHER SERVICE NEW YORK NY
127 AM EST THU FEB 2 2017


...................................

...THE CENTRAL PARK NY CLIMATE SUMMARY FOR FEBRUARY 1 2017...

CLIMATE NORMAL PERIOD 1981 TO 2010
CLIMATE RECORD PERIOD 1869 TO 2017


WEATHER ITEM   OBSERVED TIME   RECORD YEAR NORMAL DEPARTURE LAST
                VALUE   (LST)  VALUE       VALUE  FROM      YEAR
                                                  NORMAL
..................................................................
TEMPERATURE (F)
 YESTERDAY
  MAXIMUM         47    337 PM  67    1989  39      8       59
  MINIMUM         33    148 AM  -2    1920  27      6       44
  AVERAGE         40                        33      7       52

PRECIPITATION (IN)
  YESTERDAY        0.00          2.12 1915   0.11  -0.11     0.01
  MONTH TO DATE    0.00                      0.11  -0.11     0.01
  SINCE DEC 1      7.72                      7.76  -0.04     9.14
  SINCE JAN 1      4.83                      3.76   1.07     4.42

SNOWFALL (IN)
  YESTERDAY        0.0           9.8  1934   0.3   -0.3      0.0
  MONTH TO DATE    0.0                       0.3   -0.3      0.0
  SINCE OCT 1     11.1                      12.4   -1.3     27.9
  SINCE JUL 1     11.1                      12.4   -1.3     27.9
  SNOW DEPTH       0

DEGREE DAYS
 HEATING
  YESTERDAY       25                        32     -7       13
  MONTH TO DATE   25                        32     -7       13
  SINCE DEC 1   1673                      1888   -215     1387
  SINCE JUL 1   2360                      2721   -361     1975

 COOLING
  YESTERDAY        0                         0      0        0
  MONTH TO DATE    0                         0      0        0
  SINCE DEC 1      0                         0      0        3
  SINCE JAN 1      0                         0      0        0
..................................................................


WIND (MPH)
  HIGHEST WIND SPEED    16   HIGHEST WIND DIRECTION     W (260)
  HIGHEST GUST SPEED    26   HIGHEST GUST DIRECTION     W (250)
  AVERAGE WIND SPEED     5.9


SKY COVER
  AVERAGE SKY COVER 0.5


WEATHER CONDITIONS
 THE FOLLOWING WEATHER WAS RECORDED YESTERDAY.
  NO SIGNIFICANT WEATHER WAS OBSERVED.


RELATIVE HUMIDITY (PERCENT)
 HIGHEST    82          1200 AM
 LOWEST     38           300 PM
 AVERAGE    60

..........................................................


THE CENTRAL PARK NY CLIMATE NORMALS FOR TODAY
                         NORMAL    RECORD    YEAR
 MAXIMUM TEMPERATURE (F)   39        59      1988
 MINIMUM TEMPERATURE (F)   27        -3      1881


SUNRISE AND SUNSET
FEBRUARY  2 2017......SUNRISE   705 AM EST   SUNSET   515 PM EST
FEBRUARY  3 2017......SUNRISE   704 AM EST   SUNSET   516 PM EST


-  INDICATES NEGATIVE NUMBERS.
R  INDICATES RECORD WAS SET OR TIED.
MM INDICATES DATA IS MISSING.
T  INDICATES TRACE AMOUNT.




$$
