111
CDUS41 KOKX 182042
CLINYC


CLIMATE REPORT
NATIONAL WEATHER SERVICE NEW YORK NY
441 PM EDT TUE APR 18 2017


...................................

...THE CENTRAL PARK NY CLIMATE SUMMARY FOR APRIL 18 2017...
VALID TODAY AS OF 0400 PM LOCAL TIME.

CLIMATE NORMAL PERIOD 1981 TO 2010
CLIMATE RECORD PERIOD 1869 TO 2017


WEATHER ITEM   OBSERVED TIME   RECORD YEAR NORMAL DEPARTURE LAST
                VALUE   (LST)  VALUE       VALUE  FROM      YEAR
                                                  NORMAL
..................................................................
TEMPERATURE (F)
 TODAY
  MAXIMUM         65    145 PM  96    1976  62      3       82
  MINIMUM         50    609 AM  25    1875  46      4       51
  AVERAGE         58                        54      4       67

PRECIPITATION (IN)
  TODAY            0.00          2.19 1924   0.14  -0.14     0.00
  MONTH TO DATE    1.96                      2.81  -0.85     1.16
  SINCE MAR 1      7.21                      7.17   0.04     2.33
  SINCE JAN 1     14.52                     13.91   0.61    11.14

SNOWFALL (IN)
  TODAY            0.0           3.0  1887   0.0    0.0      0.0
  MONTH TO DATE    0.0                       0.5   -0.5       T
  SINCE OCT 1     30.2                      25.7    4.5     32.8
  SINCE JUL 1     30.2                      25.7    4.5     32.8
  SNOW DEPTH       0

DEGREE DAYS
 HEATING
  TODAY            7                        11     -4        0
  MONTH TO DATE  164                       257    -93      275
  SINCE MAR 1    957                       957      0      773
  SINCE JUL 1   3940                      4479   -539     3520

 COOLING
  TODAY            0                         0      0        2
  MONTH TO DATE   17                         0     17        7
  SINCE MAR 1     17                         1     16       13
  SINCE JAN 1     17                         1     16       13
..................................................................


WIND (MPH)
  HIGHEST WIND SPEED    13   HIGHEST WIND DIRECTION    NE (50)
  HIGHEST GUST SPEED    19   HIGHEST GUST DIRECTION    NW (330)
  AVERAGE WIND SPEED     5.8


SKY COVER
  AVERAGE SKY COVER 0.0


WEATHER CONDITIONS
 THE FOLLOWING WEATHER WAS RECORDED TODAY.
  NO SIGNIFICANT WEATHER WAS OBSERVED.


RELATIVE HUMIDITY (PERCENT)
 HIGHEST    54           700 AM
 LOWEST     26           100 PM
 AVERAGE    40

..........................................................


THE CENTRAL PARK NY CLIMATE NORMALS FOR TOMORROW
                         NORMAL    RECORD    YEAR
 MAXIMUM TEMPERATURE (F)   63        92      1976
 MINIMUM TEMPERATURE (F)   46        21      1875


SUNRISE AND SUNSET
APRIL 18 2017.........SUNRISE   612 AM EDT   SUNSET   739 PM EDT
APRIL 19 2017.........SUNRISE   611 AM EDT   SUNSET   740 PM EDT


-  INDICATES NEGATIVE NUMBERS.
R  INDICATES RECORD WAS SET OR TIED.
MM INDICATES DATA IS MISSING.
T  INDICATES TRACE AMOUNT.




$$
