000
CDUS41 KOKX 070626
CLINYC


CLIMATE REPORT
NATIONAL WEATHER SERVICE NEW YORK NY
226 AM EDT WED SEP 7 2016


...................................

...THE CENTRAL PARK NY CLIMATE SUMMARY FOR SEPTEMBER 6 2016...

CLIMATE NORMAL PERIOD 1981 TO 2010
CLIMATE RECORD PERIOD 1869 TO 2016


WEATHER ITEM   OBSERVED TIME   RECORD YEAR NORMAL DEPARTURE LAST
                VALUE   (LST)  VALUE       VALUE  FROM      YEAR
                                                  NORMAL
..................................................................
TEMPERATURE (F)
 YESTERDAY
  MAXIMUM         80    507 PM  97    1881  79      1       87
  MINIMUM         71   1159 PM  48    1924  64      7       65
  AVERAGE         76                        71      5       76

PRECIPITATION (IN)
  YESTERDAY        T             3.26 2008   0.13  -0.13     0.00
  MONTH TO DATE    0.50                      0.79  -0.29     0.00
  SINCE SEP 1      0.50                      0.79  -0.29     0.00
  SINCE JAN 1     27.43                     34.03  -6.60    27.05

SNOWFALL (IN)
  YESTERDAY        0.0           0.0  2002   0.0    0.0      0.0
                                      2001
  MONTH TO DATE    0.0                       0.0    0.0      0.0
  SINCE OCT 1     32.8                      25.8    7.0     50.3
  SINCE JUL 1      0.0                       0.0    0.0      0.0
  SNOW DEPTH       0

DEGREE DAYS
 HEATING
  YESTERDAY        0                         0      0        0
  MONTH TO DATE    0                         0      0        0
  SINCE SEP 1      0                         0      0        0
  SINCE JUL 1      0                         2     -2        0

 COOLING
  YESTERDAY       11                         7      4       11
  MONTH TO DATE   53                        44      9       90
  SINCE SEP 1     53                        44      9       90
  SINCE JAN 1   1285                       998    287     1355
..................................................................


WIND (MPH)
  HIGHEST WIND SPEED    18   HIGHEST WIND DIRECTION    NE (60)
  HIGHEST GUST SPEED    30   HIGHEST GUST DIRECTION    NE (60)
  AVERAGE WIND SPEED     9.7


SKY COVER
  AVERAGE SKY COVER 0.9


WEATHER CONDITIONS
 THE FOLLOWING WEATHER WAS RECORDED YESTERDAY.
  LIGHT RAIN
  FOG
  HAZE


RELATIVE HUMIDITY (PERCENT)
 HIGHEST    84          1000 PM
 LOWEST     46           100 AM
 AVERAGE    65

..........................................................


THE CENTRAL PARK NY CLIMATE NORMALS FOR TODAY
                         NORMAL    RECORD    YEAR
 MAXIMUM TEMPERATURE (F)   78       101      1881
 MINIMUM TEMPERATURE (F)   64        46      1888


SUNRISE AND SUNSET
SEPTEMBER  7 2016.....SUNRISE   629 AM EDT   SUNSET   718 PM EDT
SEPTEMBER  8 2016.....SUNRISE   630 AM EDT   SUNSET   716 PM EDT


-  INDICATES NEGATIVE NUMBERS.
R  INDICATES RECORD WAS SET OR TIED.
MM INDICATES DATA IS MISSING.
T  INDICATES TRACE AMOUNT.




$$
