000
CDUS41 KOKX 112048
CLINYC


CLIMATE REPORT
NATIONAL WEATHER SERVICE NEW YORK NY
438 PM EDT MON AUG 11 2014


...................................

...THE CENTRAL PARK NY CLIMATE SUMMARY FOR AUGUST 11 2014...
VALID TODAY AS OF 0400 PM LOCAL TIME.

CLIMATE NORMAL PERIOD 1981 TO 2010
CLIMATE RECORD PERIOD 1869 TO 2014


WEATHER ITEM   OBSERVED TIME   RECORD YEAR NORMAL DEPARTURE LAST
                VALUE   (LST)  VALUE       VALUE  FROM      YEAR
                                                  NORMAL
..................................................................
TEMPERATURE (F)
 TODAY
  MAXIMUM         87   1216 PM 102    1944  83      4       81
  MINIMUM         71    546 AM  56    1962  69      2       65
  AVERAGE         79                        76      3       73

PRECIPITATION (IN)
  TODAY            0.00          2.39 1983   0.14  -0.14     0.00
  MONTH TO DATE    0.48                      1.70  -1.22     1.22
  SINCE JUN 1     10.33                     10.71  -0.38    14.16
  SINCE JAN 1     34.49                     30.50   3.99    33.38

SNOWFALL (IN)
  TODAY            0.0           0.0  2002   0.0    0.0      0.0
                                      2001
  MONTH TO DATE    0.0                       0.0    0.0      0.0
  SINCE OCT 1     57.4                      25.8   31.6     26.1
  SINCE JUL 1      0.0                       0.0    0.0      0.0
  SNOW DEPTH       0

DEGREE DAYS
 HEATING
  TODAY            0                         0      0        0
  MONTH TO DATE    0                         0      0        0
  SINCE JUN 1      0                        19    -19        9
  SINCE JUL 1      0                         0      0        0

 COOLING
  TODAY           14                        11      3        8
  MONTH TO DATE  121                       122     -1      101
  SINCE JUN 1    704                       689     15      810
  SINCE JAN 1    758                       758      0      889
..................................................................


WIND (MPH)
  HIGHEST WIND SPEED     8   HIGHEST WIND DIRECTION    SW (220)
  HIGHEST GUST SPEED    15   HIGHEST GUST DIRECTION     W (280)
  AVERAGE WIND SPEED     2.9


SKY COVER
  AVERAGE SKY COVER 0.2


WEATHER CONDITIONS
 THE FOLLOWING WEATHER WAS RECORDED TODAY.
  NO SIGNIFICANT WEATHER WAS OBSERVED.


RELATIVE HUMIDITY (PERCENT)
 HIGHEST    61           500 AM
 LOWEST     34          1200 PM
 AVERAGE    48

..........................................................


THE CENTRAL PARK NY CLIMATE NORMALS FOR TOMORROW
                         NORMAL    RECORD    YEAR
 MAXIMUM TEMPERATURE (F)   83        97      1944
 MINIMUM TEMPERATURE (F)   68        55      1889


SUNRISE AND SUNSET
AUGUST 11 2014........SUNRISE   602 AM EDT   SUNSET   759 PM EDT
AUGUST 12 2014........SUNRISE   603 AM EDT   SUNSET   758 PM EDT


-  INDICATES NEGATIVE NUMBERS.
R  INDICATES RECORD WAS SET OR TIED.
MM INDICATES DATA IS MISSING.
T  INDICATES TRACE AMOUNT.




$$
