000
CDUS41 KOKX 260623
CLINYC


CLIMATE REPORT
NATIONAL WEATHER SERVICE NEW YORK NY
123 AM EST TUE JAN 26 2016


...................................

...THE CENTRAL PARK NY CLIMATE SUMMARY FOR JANUARY 25 2016...

CLIMATE NORMAL PERIOD 1981 TO 2010
CLIMATE RECORD PERIOD 1869 TO 2016


WEATHER ITEM   OBSERVED TIME   RECORD YEAR NORMAL DEPARTURE LAST
                VALUE   (LST)  VALUE       VALUE  FROM      YEAR
                                                  NORMAL
..................................................................
TEMPERATURE (F)
 YESTERDAY
  MAXIMUM         39   1159 PM  60    1967  38      1       42
  MINIMUM         28    742 AM   2    1945  27      1       31
  AVERAGE         34                        32      2       37

PRECIPITATION (IN)
  YESTERDAY        0.00          1.80 1978   0.11  -0.11     0.00
  MONTH TO DATE    4.41                      2.98   1.43     4.31
  SINCE DEC 1      9.13                      6.98   2.15    10.35
  SINCE JAN 1      4.41                      2.98   1.43     4.31

SNOWFALL (IN)
  YESTERDAY        0.0          10.0  1905   0.2   -0.2      0.0
  MONTH TO DATE   27.2                       5.5   21.7      6.1
  SINCE OCT 1     27.2                      10.6   16.6      7.3
  SINCE JUL 1     27.2                      10.6   16.6      7.3
  SNOW DEPTH      19

DEGREE DAYS
 HEATING
  YESTERDAY       31                        32     -1       28
  MONTH TO DATE  787                       815    -28      844
  SINCE DEC 1   1221                      1667   -446     1595
  SINCE JUL 1   1809                      2500   -691     2380

 COOLING
  YESTERDAY        0                         0      0        0
  MONTH TO DATE    0                         0      0        0
  SINCE DEC 1      3                         0      3        0
  SINCE JAN 1      0                         0      0        0
..................................................................


WIND (MPH)
  HIGHEST WIND SPEED     9   HIGHEST WIND DIRECTION     S (190)
  HIGHEST GUST SPEED    17   HIGHEST GUST DIRECTION     S (180)
  AVERAGE WIND SPEED     3.4


SKY COVER
  AVERAGE SKY COVER 0.3


WEATHER CONDITIONS
 THE FOLLOWING WEATHER WAS RECORDED YESTERDAY.
  NO SIGNIFICANT WEATHER WAS OBSERVED.


RELATIVE HUMIDITY (PERCENT)
 HIGHEST    64           700 PM
 LOWEST     44           400 PM
 AVERAGE    54

..........................................................


THE CENTRAL PARK NY CLIMATE NORMALS FOR TODAY
                         NORMAL    RECORD    YEAR
 MAXIMUM TEMPERATURE (F)   39        72      1950
 MINIMUM TEMPERATURE (F)   27         3      1927


SUNRISE AND SUNSET
JANUARY 26 2016.......SUNRISE   712 AM EST   SUNSET   505 PM EST
JANUARY 27 2016.......SUNRISE   711 AM EST   SUNSET   507 PM EST


-  INDICATES NEGATIVE NUMBERS.
R  INDICATES RECORD WAS SET OR TIED.
MM INDICATES DATA IS MISSING.
T  INDICATES TRACE AMOUNT.




$$
