000
CDUS41 KOKX 190630
CLINYC


CLIMATE REPORT
NATIONAL WEATHER SERVICE NEW YORK NY
230 AM EDT THU MAR 19 2015


...................................

...THE CENTRAL PARK NY CLIMATE SUMMARY FOR MARCH 18 2015...

CLIMATE NORMAL PERIOD 1981 TO 2010
CLIMATE RECORD PERIOD 1869 TO 2015


WEATHER ITEM   OBSERVED TIME   RECORD YEAR NORMAL DEPARTURE LAST
                VALUE   (LST)  VALUE       VALUE  FROM      YEAR
                                                  NORMAL
..................................................................
TEMPERATURE (F)
 YESTERDAY
  MAXIMUM         39    251 PM  77    2011  50    -11       43
                                      1989
  MINIMUM         29    840 AM   7    1916  36     -7       28
  AVERAGE         34                        43     -9       36

PRECIPITATION (IN)
  YESTERDAY        0.00          3.10 1983   0.14  -0.14     0.00
  MONTH TO DATE    3.51                      2.38   1.13     0.39
  SINCE MAR 1      3.51                      2.38   1.13     0.39
  SINCE JAN 1     10.78                      9.12   1.66     8.66

SNOWFALL (IN)
  YESTERDAY        0.0           7.2  1892   0.1   -0.1      0.0
  MONTH TO DATE   14.1                       2.9   11.2      0.1
  SINCE OCT 1     42.5                      24.2   18.3     57.4
  SINCE JUL 1     42.5                      24.2   18.3     57.4
  SNOW DEPTH       0

DEGREE DAYS
 HEATING
  YESTERDAY       31                        22      9       29
  MONTH TO DATE  484                       443     41      530
  SINCE MAR 1    484                       443     41      530
  SINCE JUL 1   4243                      3965    278     4200

 COOLING
  YESTERDAY        0                         0      0        0
  MONTH TO DATE    0                         0      0        0
  SINCE MAR 1      0                         0      0        0
  SINCE JAN 1      0                         0      0        0
..................................................................


WIND (MPH)
  HIGHEST WIND SPEED    20   HIGHEST WIND DIRECTION    NW (310)
  HIGHEST GUST SPEED    35   HIGHEST GUST DIRECTION     W (290)
  AVERAGE WIND SPEED     9.5


SKY COVER
  AVERAGE SKY COVER 0.3


WEATHER CONDITIONS
 THE FOLLOWING WEATHER WAS RECORDED YESTERDAY.
  HAZE


RELATIVE HUMIDITY (PERCENT)
 HIGHEST    43           300 AM
 LOWEST     27           500 PM
 AVERAGE    35

..........................................................


THE CENTRAL PARK NY CLIMATE NORMALS FOR TODAY
                         NORMAL    RECORD    YEAR
 MAXIMUM TEMPERATURE (F)   51        76      1918
 MINIMUM TEMPERATURE (F)   36         8      1967


SUNRISE AND SUNSET
MARCH 19 2015.........SUNRISE   701 AM EDT   SUNSET   707 PM EDT
MARCH 20 2015.........SUNRISE   700 AM EDT   SUNSET   708 PM EDT


-  INDICATES NEGATIVE NUMBERS.
R  INDICATES RECORD WAS SET OR TIED.
MM INDICATES DATA IS MISSING.
T  INDICATES TRACE AMOUNT.




$$
