000
CDUS41 KOKX 290625
CLINYC


CLIMATE REPORT
NATIONAL WEATHER SERVICE NEW YORK NY
225 AM EDT SAT MAR 29 2014


...................................

...THE CENTRAL PARK NY CLIMATE SUMMARY FOR MARCH 28 2014...

CLIMATE NORMAL PERIOD 1981 TO 2010
CLIMATE RECORD PERIOD 1869 TO 2014


WEATHER ITEM   OBSERVED TIME   RECORD YEAR NORMAL DEPARTURE LAST
                VALUE   (LST)  VALUE       VALUE  FROM      YEAR
                                                  NORMAL
..................................................................
TEMPERATURE (F)
 YESTERDAY
  MAXIMUM         62    614 PM  84    1945  54      8       51
  MINIMUM         37   1250 AM  13    1923  39     -2       37
  AVERAGE         50                        46      4       44

PRECIPITATION (IN)
  YESTERDAY        0.04          2.98 2005   0.15  -0.11      T
  MONTH TO DATE    1.35                      3.90  -2.55     2.82
  SINCE MAR 1      1.35                      3.90  -2.55     2.82
  SINCE JAN 1      9.62                     10.64  -1.02     9.83

SNOWFALL (IN)
  YESTERDAY        0.0           1.5  1984   0.0    0.0      0.0
  MONTH TO DATE    0.1                       3.7   -3.6      7.3
  SINCE OCT 1     57.4                      25.0   32.4     26.1
  SINCE JUL 1     57.4                      25.0   32.4     26.1
  SNOW DEPTH       0

DEGREE DAYS
 HEATING
  YESTERDAY       15                        19     -4       21
  MONTH TO DATE  788                       645    143      715
  SINCE MAR 1    788                       645    143      715
  SINCE JUL 1   4458                      4167    291     4088

 COOLING
  YESTERDAY        0                         0      0        0
  MONTH TO DATE    0                         0      0        0
  SINCE MAR 1      0                         0      0        0
  SINCE JAN 1      0                         0      0        0
..................................................................


WIND (MPH)
  HIGHEST WIND SPEED    13   HIGHEST WIND DIRECTION    SW (240)
  HIGHEST GUST SPEED    22   HIGHEST GUST DIRECTION     W (260)
  AVERAGE WIND SPEED     5.3


SKY COVER
  AVERAGE SKY COVER 0.7


WEATHER CONDITIONS
 THE FOLLOWING WEATHER WAS RECORDED YESTERDAY.
  RAIN
  LIGHT RAIN


RELATIVE HUMIDITY (PERCENT)
 HIGHEST    74          1100 AM
 LOWEST     48          1200 AM
 AVERAGE    61

..........................................................


THE CENTRAL PARK NY CLIMATE NORMALS FOR TODAY
                         NORMAL    RECORD    YEAR
 MAXIMUM TEMPERATURE (F)   54        86      1945
 MINIMUM TEMPERATURE (F)   39        10      1923


SUNRISE AND SUNSET
MARCH 29 2014.........SUNRISE   644 AM EDT   SUNSET   717 PM EDT
MARCH 30 2014.........SUNRISE   643 AM EDT   SUNSET   719 PM EDT


-  INDICATES NEGATIVE NUMBERS.
R  INDICATES RECORD WAS SET OR TIED.
MM INDICATES DATA IS MISSING.
T  INDICATES TRACE AMOUNT.




$$
