000
CDUS41 KOKX 172131
CLINYC


CLIMATE REPORT
NATIONAL WEATHER SERVICE NEW YORK NY
431 PM EST SAT JAN 17 2015


...................................

...THE CENTRAL PARK NY CLIMATE SUMMARY FOR JANUARY 17 2015...
VALID TODAY AS OF 0400 PM LOCAL TIME.

CLIMATE NORMAL PERIOD 1981 TO 2010
CLIMATE RECORD PERIOD 1869 TO 2015


WEATHER ITEM   OBSERVED TIME   RECORD YEAR NORMAL DEPARTURE LAST
                VALUE   (LST)  VALUE       VALUE  FROM      YEAR
                                                  NORMAL
..................................................................
TEMPERATURE (F)
 TODAY
  MAXIMUM         30    356 PM  63    1990  38     -8       44
  MINIMUM         17    853 AM  -2    1977  27    -10       33
  AVERAGE         24                        32     -8       39

PRECIPITATION (IN)
  TODAY            0.00          1.36 1994   0.12  -0.12     0.00
  MONTH TO DATE    1.49                      2.07  -0.58     2.16
  SINCE DEC 1      7.53                      6.07   1.46     7.01
  SINCE JAN 1      1.49                      2.07  -0.58     2.16

SNOWFALL (IN)
  TODAY            0.0           6.0  1907   0.2   -0.2      0.0
  MONTH TO DATE    2.0                       3.7   -1.7      6.4
  SINCE OCT 1      3.2                       8.8   -5.6     15.0
  SINCE JUL 1      3.2                       8.8   -5.6     15.0
  SNOW DEPTH       0

DEGREE DAYS
 HEATING
  TODAY           41                        33      8       26
  MONTH TO DATE  611                       552     59      550
  SINCE DEC 1   1362                      1404    -42     1365
  SINCE JUL 1   2147                      2237    -90     2173

 COOLING
  TODAY            0                         0      0        0
  MONTH TO DATE    0                         0      0        0
  SINCE DEC 1      0                         0      0        1
  SINCE JAN 1      0                         0      0        0
..................................................................


WIND (MPH)
  HIGHEST WIND SPEED    14   HIGHEST WIND DIRECTION    NW (310)
  HIGHEST GUST SPEED    22   HIGHEST GUST DIRECTION    NW (310)
  AVERAGE WIND SPEED     6.4


SKY COVER
  AVERAGE SKY COVER 0.0


WEATHER CONDITIONS
 THE FOLLOWING WEATHER WAS RECORDED TODAY.
  NO SIGNIFICANT WEATHER WAS OBSERVED.


RELATIVE HUMIDITY (PERCENT)
 HIGHEST    49           300 AM
 LOWEST     29           300 PM
 AVERAGE    39

..........................................................


THE CENTRAL PARK NY CLIMATE NORMALS FOR TOMORROW
                         NORMAL    RECORD    YEAR
 MAXIMUM TEMPERATURE (F)   38        66      1990
                                             1973
 MINIMUM TEMPERATURE (F)   27         0      1982


SUNRISE AND SUNSET
JANUARY 17 2015.......SUNRISE   717 AM EST   SUNSET   455 PM EST
JANUARY 18 2015.......SUNRISE   717 AM EST   SUNSET   456 PM EST


-  INDICATES NEGATIVE NUMBERS.
R  INDICATES RECORD WAS SET OR TIED.
MM INDICATES DATA IS MISSING.
T  INDICATES TRACE AMOUNT.




$$
