000
CDUS41 KOKX 062048
CLINYC


CLIMATE REPORT
NATIONAL WEATHER SERVICE NEW YORK NY
448 PM EDT THU JUL 6 2017


...................................

...THE CENTRAL PARK NY CLIMATE SUMMARY FOR JULY 6 2017...
VALID TODAY AS OF 0400 PM LOCAL TIME.

CLIMATE NORMAL PERIOD 1981 TO 2010
CLIMATE RECORD PERIOD 1869 TO 2017


WEATHER ITEM   OBSERVED TIME   RECORD YEAR NORMAL DEPARTURE LAST
                VALUE   (LST)  VALUE       VALUE  FROM      YEAR
                                                  NORMAL
..................................................................
TEMPERATURE (F)
 TODAY
  MAXIMUM         77    211 PM 103    2010  84     -7       91
  MINIMUM         71   1010 AM  54    1979  68      3       75
  AVERAGE         74                        76     -2       83

PRECIPITATION (IN)
  TODAY            T             1.97 1896   0.13  -0.13     0.00
  MONTH TO DATE    0.68                      0.75  -0.07     1.98
  SINCE JUN 1      5.44                      5.16   0.28     4.58
  SINCE JAN 1     28.22                     24.95   3.27    19.92

SNOWFALL (IN)
  TODAY            0.0           0.0  2002   0.0    0.0      0.0
                                      2001
  MONTH TO DATE    0.0                       0.0    0.0      0.0
  SINCE OCT 1     30.2                      25.8    4.4     32.8
  SINCE JUL 1      0.0                       0.0    0.0      0.0
  SNOW DEPTH       0

DEGREE DAYS
 HEATING
  TODAY            0                         0      0        0
  MONTH TO DATE    0                         0      0        0
  SINCE JUN 1     24                        19      5        7
  SINCE JUL 1      0                         0      0        0

 COOLING
  TODAY            9                        11     -2       18
  MONTH TO DATE   78                        65     13       60
  SINCE JUN 1    320                       277     43      292
  SINCE JAN 1    409                       346     63      411
..................................................................


WIND (MPH)
  HIGHEST WIND SPEED    10   HIGHEST WIND DIRECTION     S (160)
  HIGHEST GUST SPEED    14   HIGHEST GUST DIRECTION     S (160)
  AVERAGE WIND SPEED     3.9


SKY COVER
  AVERAGE SKY COVER 0.4


WEATHER CONDITIONS
 THE FOLLOWING WEATHER WAS RECORDED TODAY.
  NO SIGNIFICANT WEATHER WAS OBSERVED.


RELATIVE HUMIDITY (PERCENT)
 HIGHEST    73           100 AM
 LOWEST     50           200 PM
 AVERAGE    62

..........................................................


THE CENTRAL PARK NY CLIMATE NORMALS FOR TOMORROW
                         NORMAL    RECORD    YEAR
 MAXIMUM TEMPERATURE (F)   84       100      2010
 MINIMUM TEMPERATURE (F)   68        56      1914


SUNRISE AND SUNSET
JULY  6 2017..........SUNRISE   531 AM EDT   SUNSET   830 PM EDT
JULY  7 2017..........SUNRISE   532 AM EDT   SUNSET   830 PM EDT


-  INDICATES NEGATIVE NUMBERS.
R  INDICATES RECORD WAS SET OR TIED.
MM INDICATES DATA IS MISSING.
T  INDICATES TRACE AMOUNT.




$$
