000
CDUS41 KOKX 022133
CLINYC


CLIMATE REPORT
NATIONAL WEATHER SERVICE NEW YORK NY
433 PM EST SUN NOV 2 2014


...................................

...THE CENTRAL PARK NY CLIMATE SUMMARY FOR NOVEMBER 2 2014...
VALID TODAY AS OF 0400 PM LOCAL TIME.

CLIMATE NORMAL PERIOD 1981 TO 2010
CLIMATE RECORD PERIOD 1869 TO 2014


WEATHER ITEM   OBSERVED TIME   RECORD YEAR NORMAL DEPARTURE LAST
                VALUE   (LST)  VALUE       VALUE  FROM      YEAR
                                                  NORMAL
..................................................................
TEMPERATURE (F)
 TODAY
  MAXIMUM         48    157 PM  83    1950  58    -10       68
  MINIMUM         42    751 AM  30    1887  45     -3       55
  AVERAGE         45                        52     -7       62

PRECIPITATION (IN)
  TODAY            0.00          1.70 1954   0.14  -0.14     0.00
  MONTH TO DATE    0.35                      0.28   0.07     0.13
  SINCE SEP 1      7.33                      8.96  -1.63     3.44
  SINCE JAN 1     43.59                     42.20   1.39    38.45

SNOWFALL (IN)
  TODAY            0.0           T    2002   0.0    0.0      0.0
                                      1954
  MONTH TO DATE    0.0                       0.0    0.0      0.0
  SINCE OCT 1      0.0                       0.0    0.0      0.0
  SINCE JUL 1      0.0                       0.0    0.0      0.0
  SNOW DEPTH       0

DEGREE DAYS
 HEATING
  TODAY           20                        13      7        3
  MONTH TO DATE   40                        26     14        3
  SINCE SEP 1    241                       337    -96      226
  SINCE JUL 1    241                       339    -98      226

 COOLING
  TODAY            0                         0      0        0
  MONTH TO DATE    0                         0      0        0
  SINCE SEP 1    190                       150     40      178
  SINCE JAN 1   1128                      1104     24     1271
..................................................................


WIND (MPH)
  HIGHEST WIND SPEED    21   HIGHEST WIND DIRECTION     N (350)
  HIGHEST GUST SPEED    36   HIGHEST GUST DIRECTION     N (20)
  AVERAGE WIND SPEED    10.2


SKY COVER
  AVERAGE SKY COVER 0.7


WEATHER CONDITIONS
 THE FOLLOWING WEATHER WAS RECORDED TODAY.
  NO SIGNIFICANT WEATHER WAS OBSERVED.


RELATIVE HUMIDITY (PERCENT)
 HIGHEST    76          1200 AM
 LOWEST     37           300 PM
 AVERAGE    57

..........................................................


THE CENTRAL PARK NY CLIMATE NORMALS FOR TOMORROW
                         NORMAL    RECORD    YEAR
 MAXIMUM TEMPERATURE (F)   58        79      2003
 MINIMUM TEMPERATURE (F)   45        28      1875


SUNRISE AND SUNSET
NOVEMBER  2 2014......SUNRISE   627 AM EST   SUNSET   451 PM EST
NOVEMBER  3 2014......SUNRISE   629 AM EST   SUNSET   450 PM EST


-  INDICATES NEGATIVE NUMBERS.
R  INDICATES RECORD WAS SET OR TIED.
MM INDICATES DATA IS MISSING.
T  INDICATES TRACE AMOUNT.




$$
