000
CDUS41 KOKX 080618
CLINYC


CLIMATE REPORT
NATIONAL WEATHER SERVICE NEW YORK NY
218 AM EDT SUN MAY 8 2016


...................................

...THE CENTRAL PARK NY CLIMATE SUMMARY FOR MAY 7 2016...

CLIMATE NORMAL PERIOD 1981 TO 2010
CLIMATE RECORD PERIOD 1869 TO 2016


WEATHER ITEM   OBSERVED TIME   RECORD YEAR NORMAL DEPARTURE LAST
                VALUE   (LST)  VALUE       VALUE  FROM      YEAR
                                                  NORMAL
..................................................................
TEMPERATURE (F)
 YESTERDAY
  MAXIMUM         60    322 PM  93    2000  68     -8       80
  MINIMUM         48    503 AM  37    1891  51     -3       56
  AVERAGE         54                        60     -6       68

PRECIPITATION (IN)
  YESTERDAY        0.00          3.82 1908   0.14  -0.14     0.00
  MONTH TO DATE    1.36                      0.90   0.46      T
  SINCE MAR 1      4.14                      9.76  -5.62     6.80
  SINCE JAN 1     12.95                     16.50  -3.55    14.07

SNOWFALL (IN)
  YESTERDAY        0.0           0.0  2002   0.0    0.0      0.0
                                      2001
  MONTH TO DATE    0.0                       0.0    0.0      0.0
  SINCE OCT 1     32.8                      25.8    7.0     50.3
  SINCE JUL 1     32.8                      25.8    7.0     50.3
  SNOW DEPTH       0

DEGREE DAYS
 HEATING
  YESTERDAY       11                         6      5        0
  MONTH TO DATE   93                        48     45       13
  SINCE MAR 1    946                      1119   -173     1158
  SINCE JUL 1   3693                      4641   -948     4917

 COOLING
  YESTERDAY        0                         1     -1        3
  MONTH TO DATE    0                         7     -7       22
  SINCE MAR 1     19                        19      0       27
  SINCE JAN 1     19                        19      0       27
..................................................................


WIND (MPH)
  HIGHEST WIND SPEED    14   HIGHEST WIND DIRECTION     E (80)
  HIGHEST GUST SPEED    19   HIGHEST GUST DIRECTION    NE (60)
  AVERAGE WIND SPEED     4.4


SKY COVER
  AVERAGE SKY COVER 0.8


WEATHER CONDITIONS
 THE FOLLOWING WEATHER WAS RECORDED YESTERDAY.
  FOG


RELATIVE HUMIDITY (PERCENT)
 HIGHEST    93           200 AM
 LOWEST     67           200 PM
 AVERAGE    80

..........................................................


THE CENTRAL PARK NY CLIMATE NORMALS FOR TODAY
                         NORMAL    RECORD    YEAR
 MAXIMUM TEMPERATURE (F)   69        91      2000
                                             1936
 MINIMUM TEMPERATURE (F)   52        37      1947


SUNRISE AND SUNSET
MAY  8 2016...........SUNRISE   545 AM EDT   SUNSET   800 PM EDT
MAY  9 2016...........SUNRISE   544 AM EDT   SUNSET   801 PM EDT


-  INDICATES NEGATIVE NUMBERS.
R  INDICATES RECORD WAS SET OR TIED.
MM INDICATES DATA IS MISSING.
T  INDICATES TRACE AMOUNT.




$$
