000
CDUS41 KOKX 022133
CLINYC


CLIMATE REPORT
NATIONAL WEATHER SERVICE NEW YORK NY
433 PM EST TUE JAN 2 2018


...................................

...THE CENTRAL PARK NY CLIMATE SUMMARY FOR JANUARY 2 2018...
VALID TODAY AS OF 0400 PM LOCAL TIME.

CLIMATE NORMAL PERIOD 1981 TO 2010
CLIMATE RECORD PERIOD 1869 TO 2018


WEATHER ITEM   OBSERVED TIME   RECORD YEAR NORMAL DEPARTURE LAST
                VALUE   (LST)  VALUE       VALUE  FROM      YEAR
                                                  NORMAL
..................................................................
TEMPERATURE (F)
 TODAY
  MAXIMUM         26    326 PM  68    1876  39    -13       41
  MINIMUM         13    839 AM   2    1918  28    -15       37
  AVERAGE         20                        33    -13       39

PRECIPITATION (IN)
  TODAY            0.00          1.92 1925   0.12  -0.12     0.21
  MONTH TO DATE    0.00                      0.24  -0.24     0.21
  SINCE DEC 1      2.21                      4.24  -2.03     3.10
  SINCE JAN 1      0.00                      0.24  -0.24     0.21

SNOWFALL (IN)
  TODAY            0.0          11.5  1925   0.2   -0.2       T
  MONTH TO DATE    0.0                       0.4   -0.4       T
  SINCE OCT 1      7.7                       5.5    2.2      3.2
  SINCE JUL 1      7.7                       5.5    2.2      3.2
  SNOW DEPTH       0

DEGREE DAYS
 HEATING
  TODAY           45                        32     13       26
  MONTH TO DATE   97                        64     33       47
  SINCE DEC 1   1017                       916    101      866
  SINCE JUL 1   1679                      1749    -70     1553

 COOLING
  TODAY            0                         0      0        0
  MONTH TO DATE    0                         0      0        0
  SINCE DEC 1      0                         0      0        0
  SINCE JAN 1      0                         0      0        0
..................................................................


WIND (MPH)
  HIGHEST WIND SPEED    16   HIGHEST WIND DIRECTION     W (280)
  HIGHEST GUST SPEED    23   HIGHEST GUST DIRECTION     W (270)
  AVERAGE WIND SPEED     7.9


SKY COVER
  AVERAGE SKY COVER 0.0


WEATHER CONDITIONS
 THE FOLLOWING WEATHER WAS RECORDED TODAY.
  NO SIGNIFICANT WEATHER WAS OBSERVED.


RELATIVE HUMIDITY (PERCENT)
 HIGHEST    61           500 AM
 LOWEST     42           300 PM
 AVERAGE    52

..........................................................


THE CENTRAL PARK NY CLIMATE NORMALS FOR TOMORROW
                         NORMAL    RECORD    YEAR
 MAXIMUM TEMPERATURE (F)   39        64      2000
 MINIMUM TEMPERATURE (F)   28        -4      1879


SUNRISE AND SUNSET
JANUARY  2 2018.......SUNRISE   720 AM EST   SUNSET   440 PM EST
JANUARY  3 2018.......SUNRISE   720 AM EST   SUNSET   441 PM EST


-  INDICATES NEGATIVE NUMBERS.
R  INDICATES RECORD WAS SET OR TIED.
MM INDICATES DATA IS MISSING.
T  INDICATES TRACE AMOUNT.




$$
