000
CDUS41 KOKX 120620
CLINYC


CLIMATE REPORT
NATIONAL WEATHER SERVICE NEW YORK NY
119 AM EST SUN MAR 12 2017


...................................

...THE CENTRAL PARK NY CLIMATE SUMMARY FOR MARCH 11 2017...

CLIMATE NORMAL PERIOD 1981 TO 2010
CLIMATE RECORD PERIOD 1869 TO 2017


WEATHER ITEM   OBSERVED TIME   RECORD YEAR NORMAL DEPARTURE LAST
                VALUE   (LST)  VALUE       VALUE  FROM      YEAR
                                                  NORMAL
..................................................................
TEMPERATURE (F)
 YESTERDAY
  MAXIMUM         29    343 PM  73    1977  48    -19       68
  MINIMUM         17    700 AM  14    1960  34    -17       48
  AVERAGE         23                        41    -18       58

PRECIPITATION (IN)
  YESTERDAY        0.00          2.94 1901   0.13  -0.13     0.06
  MONTH TO DATE    0.55                      1.42  -0.87     0.31
  SINCE MAR 1      0.55                      1.42  -0.87     0.31
  SINCE JAN 1      7.86                      8.16  -0.30     9.12

SNOWFALL (IN)
  YESTERDAY        0.0           4.0  1896   0.2   -0.2      0.0
  MONTH TO DATE    2.1                       2.1    0.0      0.4
  SINCE OCT 1     22.6                      23.4   -0.8     32.3
  SINCE JUL 1     22.6                      23.4   -0.8     32.3
  SNOW DEPTH       1

DEGREE DAYS
 HEATING
  YESTERDAY       42                        24     18        7
  MONTH TO DATE  271                       282    -11      199
  SINCE MAR 1    271                       282    -11      199
  SINCE JUL 1   3254                      3804   -550     2946

 COOLING
  YESTERDAY        0                         0      0        0
  MONTH TO DATE    0                         0      0        6
  SINCE MAR 1      0                         0      0        6
  SINCE JAN 1      0                         0      0        6
..................................................................


WIND (MPH)
  HIGHEST WIND SPEED    18   HIGHEST WIND DIRECTION     W (290)
  HIGHEST GUST SPEED    32   HIGHEST GUST DIRECTION    NW (330)
  AVERAGE WIND SPEED     9.5


SKY COVER
  AVERAGE SKY COVER 0.6


WEATHER CONDITIONS
 THE FOLLOWING WEATHER WAS RECORDED YESTERDAY.
  NO SIGNIFICANT WEATHER WAS OBSERVED.


RELATIVE HUMIDITY (PERCENT)
 HIGHEST    54          1200 AM
 LOWEST     33           100 PM
 AVERAGE    44

..........................................................


THE CENTRAL PARK NY CLIMATE NORMALS FOR TODAY
                         NORMAL    RECORD    YEAR
 MAXIMUM TEMPERATURE (F)   48        71      2012
                                             1890
 MINIMUM TEMPERATURE (F)   34         8      1888


SUNRISE AND SUNSET
MARCH 12 2017.........SUNRISE   712 AM EDT   SUNSET   700 PM EDT
MARCH 13 2017.........SUNRISE   710 AM EDT   SUNSET   701 PM EDT


-  INDICATES NEGATIVE NUMBERS.
R  INDICATES RECORD WAS SET OR TIED.
MM INDICATES DATA IS MISSING.
T  INDICATES TRACE AMOUNT.




$$
