000
CDUS41 KOKX 200654
CLINYC


CLIMATE REPORT
NATIONAL WEATHER SERVICE NEW YORK NY
153 AM EST FRI FEB 20 2015


...................................

...THE CENTRAL PARK NY CLIMATE SUMMARY FOR FEBRUARY 19 2015...

CLIMATE NORMAL PERIOD 1981 TO 2010
CLIMATE RECORD PERIOD 1869 TO 2015


WEATHER ITEM   OBSERVED TIME   RECORD YEAR NORMAL DEPARTURE LAST
                VALUE   (LST)  VALUE       VALUE  FROM      YEAR
                                                  NORMAL
..................................................................
TEMPERATURE (F)
 YESTERDAY
  MAXIMUM         27   1204 AM  66    1997  42    -15       45
  MINIMUM          8   1159 PM   1    1936  30    -22       34
  AVERAGE         18                        36    -18       40

PRECIPITATION (IN)
  YESTERDAY        0.00          2.15 1908   0.11  -0.11     0.26
  MONTH TO DATE    1.33                      2.05  -0.72     5.33
  SINCE DEC 1     12.60                      9.70   2.90    12.97
  SINCE JAN 1      6.56                      5.70   0.86     8.12

SNOWFALL (IN)
  YESTERDAY        0.0          12.7  1979   0.4   -0.4      0.0
  MONTH TO DATE    7.9                       6.4    1.5     28.8
  SINCE OCT 1     24.4                      18.5    5.9     57.1
  SINCE JUL 1     24.4                      18.5    5.9     57.1
  SNOW DEPTH       9

DEGREE DAYS
 HEATING
  YESTERDAY       47                        29     18       25
  MONTH TO DATE  768                       580    188      657
  SINCE DEC 1   2599                      2436    163     2592
  SINCE JUL 1   3384                      3269    115     3400

 COOLING
  YESTERDAY        0                         0      0        0
  MONTH TO DATE    0                         0      0        0
  SINCE DEC 1      0                         0      0        1
  SINCE JAN 1      0                         0      0        0
..................................................................


WIND (MPH)
  HIGHEST WIND SPEED    20   HIGHEST WIND DIRECTION     W (280)
  HIGHEST GUST SPEED    31   HIGHEST GUST DIRECTION     W (280)
  AVERAGE WIND SPEED    11.4


SKY COVER
  AVERAGE SKY COVER 0.4


WEATHER CONDITIONS
 THE FOLLOWING WEATHER WAS RECORDED YESTERDAY.
  NO SIGNIFICANT WEATHER WAS OBSERVED.


RELATIVE HUMIDITY (PERCENT)
 HIGHEST    55           100 AM
 LOWEST     25           300 PM
 AVERAGE    40

..........................................................


THE CENTRAL PARK NY CLIMATE NORMALS FOR TODAY
                         NORMAL    RECORD    YEAR
 MAXIMUM TEMPERATURE (F)   43        69      1939
                                             1930
 MINIMUM TEMPERATURE (F)   30         7      1950


SUNRISE AND SUNSET
FEBRUARY 20 2015......SUNRISE   643 AM EST   SUNSET   536 PM EST
FEBRUARY 21 2015......SUNRISE   642 AM EST   SUNSET   537 PM EST


-  INDICATES NEGATIVE NUMBERS.
R  INDICATES RECORD WAS SET OR TIED.
MM INDICATES DATA IS MISSING.
T  INDICATES TRACE AMOUNT.




$$
