145
CDUS41 KOKX 170617
CLINYC


CLIMATE REPORT
NATIONAL WEATHER SERVICE NEW YORK NY
217 AM EDT WED MAY 17 2017


...................................

...THE CENTRAL PARK NY CLIMATE SUMMARY FOR MAY 16 2017...

CLIMATE NORMAL PERIOD 1981 TO 2010
CLIMATE RECORD PERIOD 1869 TO 2017


WEATHER ITEM   OBSERVED TIME   RECORD YEAR NORMAL DEPARTURE LAST
                VALUE   (LST)  VALUE       VALUE  FROM      YEAR
                                                  NORMAL
..................................................................
TEMPERATURE (F)
 YESTERDAY
  MAXIMUM         79    318 PM  90    1951  71      8       66
  MINIMUM         56    601 AM  42    1878  54      2       43
                                      1873
  AVERAGE         68                        62      6       55

PRECIPITATION (IN)
  YESTERDAY        0.00          2.66 1916   0.13  -0.13     0.00
  MONTH TO DATE    4.84                      2.03   2.81     1.77
  SINCE MAR 1     13.93                     10.89   3.04     4.55
  SINCE JAN 1     21.24                     17.63   3.61    13.36

SNOWFALL (IN)
  YESTERDAY        0.0           0.0  2002   0.0    0.0      0.0
                                      2001
  MONTH TO DATE    0.0                       0.0    0.0      0.0
  SINCE OCT 1     30.2                      25.8    4.4     32.8
  SINCE JUL 1     30.2                      25.8    4.4     32.8
  SNOW DEPTH       0

DEGREE DAYS
 HEATING
  YESTERDAY        0                         4     -4       10
  MONTH TO DATE  124                        93     31      139
  SINCE MAR 1   1178                      1164     14      992
  SINCE JUL 1   4161                      4686   -525     3739

 COOLING
  YESTERDAY        3                         2      1        0
  MONTH TO DATE    7                        18    -11        3
  SINCE MAR 1     41                        30     11       22
  SINCE JAN 1     41                        30     11       22
..................................................................


WIND (MPH)
  HIGHEST WIND SPEED    12   HIGHEST WIND DIRECTION    NW (300)
  HIGHEST GUST SPEED    18   HIGHEST GUST DIRECTION     W (290)
  AVERAGE WIND SPEED     4.3


SKY COVER
  AVERAGE SKY COVER 0.0


WEATHER CONDITIONS
 THE FOLLOWING WEATHER WAS RECORDED YESTERDAY.
  HAZE


RELATIVE HUMIDITY (PERCENT)
 HIGHEST    67           700 AM
 LOWEST     29           400 PM
 AVERAGE    48

..........................................................


THE CENTRAL PARK NY CLIMATE NORMALS FOR TODAY
                         NORMAL    RECORD    YEAR
 MAXIMUM TEMPERATURE (F)   71        92      1974
 MINIMUM TEMPERATURE (F)   54        39      1956


SUNRISE AND SUNSET
MAY 17 2017...........SUNRISE   537 AM EDT   SUNSET   808 PM EDT
MAY 18 2017...........SUNRISE   536 AM EDT   SUNSET   809 PM EDT


-  INDICATES NEGATIVE NUMBERS.
R  INDICATES RECORD WAS SET OR TIED.
MM INDICATES DATA IS MISSING.
T  INDICATES TRACE AMOUNT.




$$
