000
CDUS41 KOKX 022031
CLINYC


CLIMATE REPORT
NATIONAL WEATHER SERVICE NEW YORK NY
431 PM EDT WED APR 2 2014


...................................

...THE CENTRAL PARK NY CLIMATE SUMMARY FOR APRIL 2 2014...
VALID TODAY AS OF 0400 PM LOCAL TIME.

CLIMATE NORMAL PERIOD 1981 TO 2010
CLIMATE RECORD PERIOD 1869 TO 2014


WEATHER ITEM   OBSERVED TIME   RECORD YEAR NORMAL DEPARTURE LAST
                VALUE   (LST)  VALUE       VALUE  FROM      YEAR
                                                  NORMAL
..................................................................
TEMPERATURE (F)
 TODAY
  MAXIMUM         51    149 PM  81    1967  56     -5       43
  MINIMUM         42    555 AM  22    1919  40      2       33
  AVERAGE         47                        48     -1       38

PRECIPITATION (IN)
  TODAY            0.00          1.93 1970   0.16  -0.16     0.00
  MONTH TO DATE    0.00                      0.32  -0.32      T
  SINCE MAR 1      3.67                      4.68  -1.01     2.90
  SINCE JAN 1     11.94                     11.42   0.52     9.91

SNOWFALL (IN)
  TODAY            0.0           2.0  1871   0.0    0.0      0.0
  MONTH TO DATE    0.0                       0.1   -0.1      0.0
  SINCE OCT 1     57.4                      25.3   32.1     26.1
  SINCE JUL 1     57.4                      25.3   32.1     26.1
  SNOW DEPTH       0

DEGREE DAYS
 HEATING
  TODAY           18                        17      1       27
  MONTH TO DATE   33                        34     -1       42
  SINCE MAR 1    875                       734    141      805
  SINCE JUL 1   4545                      4256    289     4178

 COOLING
  TODAY            0                         0      0        0
  MONTH TO DATE    0                         0      0        0
  SINCE MAR 1      0                         1     -1        0
  SINCE JAN 1      0                         1     -1        0
..................................................................


WIND (MPH)
  HIGHEST WIND SPEED     9   HIGHEST WIND DIRECTION    SW (230)
  HIGHEST GUST SPEED    14   HIGHEST GUST DIRECTION    SW (240)
  AVERAGE WIND SPEED     2.1


SKY COVER
  AVERAGE SKY COVER 0.4


WEATHER CONDITIONS
 THE FOLLOWING WEATHER WAS RECORDED TODAY.
  NO SIGNIFICANT WEATHER WAS OBSERVED.


RELATIVE HUMIDITY (PERCENT)
 HIGHEST    76           500 AM
 LOWEST     58          1200 AM
 AVERAGE    67

..........................................................


THE CENTRAL PARK NY CLIMATE NORMALS FOR TOMORROW
                         NORMAL    RECORD    YEAR
 MAXIMUM TEMPERATURE (F)   56        81      1981
 MINIMUM TEMPERATURE (F)   41        24      1954


SUNRISE AND SUNSET
APRIL  2 2014.........SUNRISE   638 AM EDT   SUNSET   722 PM EDT
APRIL  3 2014.........SUNRISE   636 AM EDT   SUNSET   723 PM EDT


-  INDICATES NEGATIVE NUMBERS.
R  INDICATES RECORD WAS SET OR TIED.
MM INDICATES DATA IS MISSING.
T  INDICATES TRACE AMOUNT.




$$
