000
CDUS41 KOKX 200618
CLINYC


CLIMATE REPORT
NATIONAL WEATHER SERVICE NEW YORK NY
118 AM EST TUE JAN 20 2015


...................................

...THE CENTRAL PARK NY CLIMATE SUMMARY FOR JANUARY 19 2015...

CLIMATE NORMAL PERIOD 1981 TO 2010
CLIMATE RECORD PERIOD 1869 TO 2015


WEATHER ITEM   OBSERVED TIME   RECORD YEAR NORMAL DEPARTURE LAST
                VALUE   (LST)  VALUE       VALUE  FROM      YEAR
                                                  NORMAL
..................................................................
TEMPERATURE (F)
 YESTERDAY
  MAXIMUM         42   1222 PM  64    1951  38      4       38
  MINIMUM         36    731 AM  -3    1875  27      9       24
  AVERAGE         39                        32      7       31

PRECIPITATION (IN)
  YESTERDAY        0.00          2.39 1936   0.12  -0.12     0.00
  MONTH TO DATE    3.59                      2.30   1.29     2.23
  SINCE DEC 1      9.63                      6.30   3.33     7.08
  SINCE JAN 1      3.59                      2.30   1.29     2.23

SNOWFALL (IN)
  YESTERDAY        0.0           9.0  1936   0.2   -0.2      0.0
  MONTH TO DATE    2.0                       4.1   -2.1      6.4
  SINCE OCT 1      3.2                       9.2   -6.0     15.0
  SINCE JUL 1      3.2                       9.2   -6.0     15.0
  SNOW DEPTH       0

DEGREE DAYS
 HEATING
  YESTERDAY       26                        33     -7       34
  MONTH TO DATE  664                       618     46      614
  SINCE DEC 1   1415                      1470    -55     1429
  SINCE JUL 1   2200                      2303   -103     2237

 COOLING
  YESTERDAY        0                         0      0        0
  MONTH TO DATE    0                         0      0        0
  SINCE DEC 1      0                         0      0        1
  SINCE JAN 1      0                         0      0        0
..................................................................


WIND (MPH)
  HIGHEST WIND SPEED    16   HIGHEST WIND DIRECTION     W (290)
  HIGHEST GUST SPEED    33   HIGHEST GUST DIRECTION     W (270)
  AVERAGE WIND SPEED     7.6


SKY COVER
  AVERAGE SKY COVER 0.8


WEATHER CONDITIONS
 THE FOLLOWING WEATHER WAS RECORDED YESTERDAY.
  NO SIGNIFICANT WEATHER WAS OBSERVED.


RELATIVE HUMIDITY (PERCENT)
 HIGHEST    82           100 AM
 LOWEST     41           400 PM
 AVERAGE    62

..........................................................


THE CENTRAL PARK NY CLIMATE NORMALS FOR TODAY
                         NORMAL    RECORD    YEAR
 MAXIMUM TEMPERATURE (F)   38        61      2006
                                             1951
 MINIMUM TEMPERATURE (F)   27         0      1994


SUNRISE AND SUNSET
JANUARY 20 2015.......SUNRISE   716 AM EST   SUNSET   458 PM EST
JANUARY 21 2015.......SUNRISE   715 AM EST   SUNSET   500 PM EST


-  INDICATES NEGATIVE NUMBERS.
R  INDICATES RECORD WAS SET OR TIED.
MM INDICATES DATA IS MISSING.
T  INDICATES TRACE AMOUNT.




$$
