000
CDUS41 KOKX 282142
CLINYC


CLIMATE REPORT
NATIONAL WEATHER SERVICE NEW YORK NY
442 PM EST THU JAN 28 2016


...................................

...THE CENTRAL PARK NY CLIMATE SUMMARY FOR JANUARY 28 2016...
VALID TODAY AS OF 0400 PM LOCAL TIME.

CLIMATE NORMAL PERIOD 1981 TO 2010
CLIMATE RECORD PERIOD 1869 TO 2016


WEATHER ITEM   OBSERVED TIME   RECORD YEAR NORMAL DEPARTURE LAST
                VALUE   (LST)  VALUE       VALUE  FROM      YEAR
                                                  NORMAL
..................................................................
TEMPERATURE (F)
 TODAY
  MAXIMUM         42    346 PM  66    1916  39      3       34
  MINIMUM         32    746 AM  -2    1925  27      5       16
  AVERAGE         37                        33      4       25

PRECIPITATION (IN)
  TODAY            0.00          1.87 1994   0.11  -0.11     0.00
  MONTH TO DATE    4.41                      3.31   1.10     5.15
  SINCE DEC 1      9.13                      7.31   1.82    11.19
  SINCE JAN 1      4.41                      3.31   1.10     5.15

SNOWFALL (IN)
  TODAY            0.0           7.5  1897   0.3   -0.3      0.0
  MONTH TO DATE   27.2                       6.2   21.0     15.9
  SINCE OCT 1     27.2                      11.3   15.9     17.1
  SINCE JUL 1     27.2                      11.3   15.9     17.1
  SNOW DEPTH       6

DEGREE DAYS
 HEATING
  TODAY           28                        32     -4       40
  MONTH TO DATE  861                       911    -50      962
  SINCE DEC 1   1295                      1763   -468     1713
  SINCE JUL 1   1883                      2596   -713     2498

 COOLING
  TODAY            0                         0      0        0
  MONTH TO DATE    0                         0      0        0
  SINCE DEC 1      3                         0      3        0
  SINCE JAN 1      0                         0      0        0
..................................................................


WIND (MPH)
  HIGHEST WIND SPEED    14   HIGHEST WIND DIRECTION     W (250)
  HIGHEST GUST SPEED    22   HIGHEST GUST DIRECTION     W (260)
  AVERAGE WIND SPEED     4.7


SKY COVER
  AVERAGE SKY COVER 0.0


WEATHER CONDITIONS
 THE FOLLOWING WEATHER WAS RECORDED TODAY.
  NO SIGNIFICANT WEATHER WAS OBSERVED.


RELATIVE HUMIDITY (PERCENT)
 HIGHEST    64           800 AM
 LOWEST     38           100 PM
 AVERAGE    51

..........................................................


THE CENTRAL PARK NY CLIMATE NORMALS FOR TOMORROW
                         NORMAL    RECORD    YEAR
 MAXIMUM TEMPERATURE (F)   39        69      2002
 MINIMUM TEMPERATURE (F)   27         0      1873


SUNRISE AND SUNSET
JANUARY 28 2016.......SUNRISE   710 AM EST   SUNSET   508 PM EST
JANUARY 29 2016.......SUNRISE   709 AM EST   SUNSET   509 PM EST


-  INDICATES NEGATIVE NUMBERS.
R  INDICATES RECORD WAS SET OR TIED.
MM INDICATES DATA IS MISSING.
T  INDICATES TRACE AMOUNT.




$$
