000
CDUS41 KOKX 122050
CLINYC


CLIMATE REPORT
NATIONAL WEATHER SERVICE NEW YORK NY
450 PM EDT THU MAY 12 2016


...................................

...THE CENTRAL PARK NY CLIMATE SUMMARY FOR MAY 12 2016...
VALID TODAY AS OF 0400 PM LOCAL TIME.

CLIMATE NORMAL PERIOD 1981 TO 2010
CLIMATE RECORD PERIOD 1869 TO 2016


WEATHER ITEM   OBSERVED TIME   RECORD YEAR NORMAL DEPARTURE LAST
                VALUE   (LST)  VALUE       VALUE  FROM      YEAR
                                                  NORMAL
..................................................................
TEMPERATURE (F)
 TODAY
  MAXIMUM         80   1256 PM  93    1881  70     10       86
  MINIMUM         56    530 AM  40    1907  53      3       64
  AVERAGE         68                        61      7       75

PRECIPITATION (IN)
  TODAY            0.00          1.84 1943   0.13  -0.13     0.00
  MONTH TO DATE    1.52                      1.53  -0.01      T
  SINCE MAR 1      4.30                     10.39  -6.09     6.80
  SINCE JAN 1     13.11                     17.13  -4.02    14.07

SNOWFALL (IN)
  TODAY            0.0           0.0  2002   0.0    0.0      0.0
                                      2001
  MONTH TO DATE    0.0                       0.0    0.0      0.0
  SINCE OCT 1     32.8                      25.8    7.0     50.3
  SINCE JUL 1     32.8                      25.8    7.0     50.3
  SNOW DEPTH       0

DEGREE DAYS
 HEATING
  TODAY            0                         5     -5        0
  MONTH TO DATE  113                        75     38       14
  SINCE MAR 1    966                      1146   -180     1159
  SINCE JUL 1   3713                      4668   -955     4918

 COOLING
  TODAY            3                         1      2       10
  MONTH TO DATE    3                        12     -9       55
  SINCE MAR 1     22                        24     -2       60
  SINCE JAN 1     22                        24     -2       60
..................................................................


WIND (MPH)
  HIGHEST WIND SPEED    12   HIGHEST WIND DIRECTION     E (70)
  HIGHEST GUST SPEED    18   HIGHEST GUST DIRECTION    NE (50)
  AVERAGE WIND SPEED     3.1


SKY COVER
  AVERAGE SKY COVER 0.0


WEATHER CONDITIONS
 THE FOLLOWING WEATHER WAS RECORDED TODAY.
  NO SIGNIFICANT WEATHER WAS OBSERVED.


RELATIVE HUMIDITY (PERCENT)
 HIGHEST    67           500 AM
 LOWEST     21           100 PM
 AVERAGE    44

..........................................................


THE CENTRAL PARK NY CLIMATE NORMALS FOR TOMORROW
                         NORMAL    RECORD    YEAR
 MAXIMUM TEMPERATURE (F)   70        89      1956
 MINIMUM TEMPERATURE (F)   53        39      1895


SUNRISE AND SUNSET
MAY 12 2016...........SUNRISE   541 AM EDT   SUNSET   804 PM EDT
MAY 13 2016...........SUNRISE   540 AM EDT   SUNSET   805 PM EDT


-  INDICATES NEGATIVE NUMBERS.
R  INDICATES RECORD WAS SET OR TIED.
MM INDICATES DATA IS MISSING.
T  INDICATES TRACE AMOUNT.




$$
