000
CDUS41 KOKX 160617
CLINYC


CLIMATE REPORT
NATIONAL WEATHER SERVICE NEW YORK NY
217 AM EDT SUN AUG 16 2015


...................................

...THE CENTRAL PARK NY CLIMATE SUMMARY FOR AUGUST 15 2015...

CLIMATE NORMAL PERIOD 1981 TO 2010
CLIMATE RECORD PERIOD 1869 TO 2015


WEATHER ITEM   OBSERVED TIME   RECORD YEAR NORMAL DEPARTURE LAST
                VALUE   (LST)  VALUE       VALUE  FROM      YEAR
                                                  NORMAL
..................................................................
TEMPERATURE (F)
 YESTERDAY
  MAXIMUM         92    210 PM  97    1988  83      9       73
  MINIMUM         73    513 AM  54    1964  68      5       61
  AVERAGE         83                        76      7       67

PRECIPITATION (IN)
  YESTERDAY        0.00          1.52 1911   0.14  -0.14     0.00
  MONTH TO DATE    1.60                      2.27  -0.67     1.20
  SINCE JUN 1     10.37                     11.28  -0.91    11.05
  SINCE JAN 1     26.30                     31.07  -4.77    35.21

SNOWFALL (IN)
  YESTERDAY        0.0           0.0  2002   0.0    0.0      0.0
                                      2001
  MONTH TO DATE    0.0                       0.0    0.0      0.0
  SINCE OCT 1     50.3                      25.8   24.5     57.4
  SINCE JUL 1      0.0                       0.0    0.0      0.0
  SNOW DEPTH       0

DEGREE DAYS
 HEATING
  YESTERDAY        0                         0      0        0
  MONTH TO DATE    0                         0      0        0
  SINCE JUN 1     33                        19     14        0
  SINCE JUL 1      0                         0      0        0

 COOLING
  YESTERDAY       18                        11      7        2
  MONTH TO DATE  200                       166     34      148
  SINCE JUN 1    865                       733    132      731
  SINCE JAN 1   1024                       802    222      785
..................................................................


WIND (MPH)
  HIGHEST WIND SPEED     8   HIGHEST WIND DIRECTION     W (250)
  HIGHEST GUST SPEED    16   HIGHEST GUST DIRECTION     S (180)
  AVERAGE WIND SPEED     3.4


SKY COVER
  AVERAGE SKY COVER 0.0


WEATHER CONDITIONS
 THE FOLLOWING WEATHER WAS RECORDED YESTERDAY.
  NO SIGNIFICANT WEATHER WAS OBSERVED.


RELATIVE HUMIDITY (PERCENT)
 HIGHEST    64           300 AM
 LOWEST     36           100 PM
 AVERAGE    50

..........................................................


THE CENTRAL PARK NY CLIMATE NORMALS FOR TODAY
                         NORMAL    RECORD    YEAR
 MAXIMUM TEMPERATURE (F)   83        96      1944
 MINIMUM TEMPERATURE (F)   68        55      1880


SUNRISE AND SUNSET
AUGUST 16 2015........SUNRISE   607 AM EDT   SUNSET   753 PM EDT
AUGUST 17 2015........SUNRISE   608 AM EDT   SUNSET   752 PM EDT


-  INDICATES NEGATIVE NUMBERS.
R  INDICATES RECORD WAS SET OR TIED.
MM INDICATES DATA IS MISSING.
T  INDICATES TRACE AMOUNT.




$$
