000
CDUS41 KOKX 090700
CLINYC


CLIMATE REPORT
NATIONAL WEATHER SERVICE NEW YORK NY
259 AM EDT SAT APR 9 2016


...................................

...THE CENTRAL PARK NY CLIMATE SUMMARY FOR APRIL 8 2016...

CLIMATE NORMAL PERIOD 1981 TO 2010
CLIMATE RECORD PERIOD 1869 TO 2016


WEATHER ITEM   OBSERVED TIME   RECORD YEAR NORMAL DEPARTURE LAST
                VALUE   (LST)  VALUE       VALUE  FROM      YEAR
                                                  NORMAL
..................................................................
TEMPERATURE (F)
 YESTERDAY
  MAXIMUM         50   1207 AM  90    1991  58     -8       45
  MINIMUM         40   1159 PM  25    1982  42     -2       37
  AVERAGE         45                        50     -5       41

PRECIPITATION (IN)
  YESTERDAY        0.01          1.93 1940   0.15  -0.14     0.00
  MONTH TO DATE    0.84                      1.26  -0.42     0.20
  SINCE MAR 1      2.01                      5.62  -3.61     4.92
  SINCE JAN 1     10.82                     12.36  -1.54    12.19

SNOWFALL (IN)
  YESTERDAY        0.0           4.2  1956   0.0    0.0      0.0
  MONTH TO DATE    T                         0.3   -0.3      0.0
  SINCE OCT 1     32.1                      25.5    6.6     50.3
  SINCE JUL 1     32.1                      25.5    6.6     50.3
  SNOW DEPTH       0

DEGREE DAYS
 HEATING
  YESTERDAY       20                        15      5       24
  MONTH TO DATE  149                       129     20      113
  SINCE MAR 1    647                       829   -182      939
  SINCE JUL 1   3394                      4351   -957     4698

 COOLING
  YESTERDAY        0                         0      0        0
  MONTH TO DATE    5                         0      5        0
  SINCE MAR 1     11                         1     10        0
  SINCE JAN 1     11                         1     10        0
..................................................................


WIND (MPH)
  HIGHEST WIND SPEED    13   HIGHEST WIND DIRECTION     W (280)
  HIGHEST GUST SPEED    29   HIGHEST GUST DIRECTION    NW (300)
  AVERAGE WIND SPEED     7.1


SKY COVER
  AVERAGE SKY COVER 0.5


WEATHER CONDITIONS
 THE FOLLOWING WEATHER WAS RECORDED YESTERDAY.
  NO SIGNIFICANT WEATHER WAS OBSERVED.


RELATIVE HUMIDITY (PERCENT)
 HIGHEST    62           400 AM
 LOWEST     34           400 PM
 AVERAGE    48

..........................................................


THE CENTRAL PARK NY CLIMATE NORMALS FOR TODAY
                         NORMAL    RECORD    YEAR
 MAXIMUM TEMPERATURE (F)   59        86      1991
 MINIMUM TEMPERATURE (F)   43        25      1977


SUNRISE AND SUNSET
APRIL  9 2016.........SUNRISE   626 AM EDT   SUNSET   730 PM EDT
APRIL 10 2016.........SUNRISE   624 AM EDT   SUNSET   731 PM EDT


-  INDICATES NEGATIVE NUMBERS.
R  INDICATES RECORD WAS SET OR TIED.
MM INDICATES DATA IS MISSING.
T  INDICATES TRACE AMOUNT.




$$
