000
CDUS41 KOKX 120627
CLINYC


CLIMATE REPORT
NATIONAL WEATHER SERVICE NEW YORK NY
227 AM EDT TUE MAY 12 2015


...................................

...THE CENTRAL PARK NY CLIMATE SUMMARY FOR MAY 11 2015...

CLIMATE NORMAL PERIOD 1981 TO 2010
CLIMATE RECORD PERIOD 1869 TO 2015


WEATHER ITEM   OBSERVED TIME   RECORD YEAR NORMAL DEPARTURE LAST
                VALUE   (LST)  VALUE       VALUE  FROM      YEAR
                                                  NORMAL
..................................................................
TEMPERATURE (F)
 YESTERDAY
  MAXIMUM         84   1221 PM  92    1993  70     14       82
  MINIMUM         70   1159 PM  36    1913  52     18       60
  AVERAGE         77                        61     16       71

PRECIPITATION (IN)
  YESTERDAY        T             1.67 1981   0.12  -0.12     0.03
  MONTH TO DATE    T                         1.40  -1.40     1.07
  SINCE MAR 1      6.80                     10.26  -3.46    12.59
  SINCE JAN 1     14.07                     17.00  -2.93    20.86

SNOWFALL (IN)
  YESTERDAY        0.0           0.0  2002   0.0    0.0      0.0
                                      2001
  MONTH TO DATE    0.0                       0.0    0.0      0.0
  SINCE OCT 1     50.3                      25.8   24.5     57.4
  SINCE JUL 1     50.3                      25.8   24.5     57.4
  SNOW DEPTH       0

DEGREE DAYS
 HEATING
  YESTERDAY        0                         5     -5        0
  MONTH TO DATE   14                        70    -56       37
  SINCE MAR 1   1159                      1141     18     1256
  SINCE JUL 1   4918                      4663    255     4926

 COOLING
  YESTERDAY       12                         1     11        6
  MONTH TO DATE   45                        11     34       11
  SINCE MAR 1     50                        23     27       15
  SINCE JAN 1     50                        23     27       15
..................................................................


WIND (MPH)
  HIGHEST WIND SPEED    13   HIGHEST WIND DIRECTION     W (250)
  HIGHEST GUST SPEED    25   HIGHEST GUST DIRECTION    SW (240)
  AVERAGE WIND SPEED     3.7


SKY COVER
  AVERAGE SKY COVER 0.4


WEATHER CONDITIONS
 THE FOLLOWING WEATHER WAS RECORDED YESTERDAY.
  LIGHT RAIN
  HAZE


RELATIVE HUMIDITY (PERCENT)
 HIGHEST    84           200 AM
 LOWEST     55          1200 PM
 AVERAGE    70

..........................................................


THE CENTRAL PARK NY CLIMATE NORMALS FOR TODAY
                         NORMAL    RECORD    YEAR
 MAXIMUM TEMPERATURE (F)   70        93      1881
 MINIMUM TEMPERATURE (F)   53        40      1907


SUNRISE AND SUNSET
MAY 12 2015...........SUNRISE   542 AM EDT   SUNSET   803 PM EDT
MAY 13 2015...........SUNRISE   541 AM EDT   SUNSET   804 PM EDT


-  INDICATES NEGATIVE NUMBERS.
R  INDICATES RECORD WAS SET OR TIED.
MM INDICATES DATA IS MISSING.
T  INDICATES TRACE AMOUNT.




$$
