000
CDUS41 KOKX 142135
CLINYC


CLIMATE REPORT
NATIONAL WEATHER SERVICE NEW YORK NY
434 PM EST TUE FEB 14 2017


...................................

...THE CENTRAL PARK NY CLIMATE SUMMARY FOR FEBRUARY 14 2017...
VALID TODAY AS OF 0400 PM LOCAL TIME.

CLIMATE NORMAL PERIOD 1981 TO 2010
CLIMATE RECORD PERIOD 1869 TO 2017


WEATHER ITEM   OBSERVED TIME   RECORD YEAR NORMAL DEPARTURE LAST
                VALUE   (LST)  VALUE       VALUE  FROM      YEAR
                                                  NORMAL
..................................................................
TEMPERATURE (F)
 TODAY
  MAXIMUM         40    359 PM  63    1946  41     -1       15
  MINIMUM         28    700 AM  -1    2016  29     -1       -1
  AVERAGE         34                        35     -1        7

PRECIPITATION (IN)
  TODAY            0.00          1.59 1914   0.11  -0.11     0.00
  MONTH TO DATE    1.94                      1.50   0.44     1.33
  SINCE DEC 1      9.66                      9.15   0.51    10.46
  SINCE JAN 1      6.77                      5.15   1.62     5.74

SNOWFALL (IN)
  TODAY            0.0           8.1  1914   0.3   -0.3      0.0
  MONTH TO DATE    9.4                       4.6    4.8      2.6
  SINCE OCT 1     20.5                      16.7    3.8     30.5
  SINCE JUL 1     20.5                      16.7    3.8     30.5
  SNOW DEPTH       0

DEGREE DAYS
 HEATING
  TODAY           31                        30      1       58
  MONTH TO DATE  403                       433    -30      430
  SINCE DEC 1   2051                      2289   -238     1804
  SINCE JUL 1   2738                      3122   -384     2392

 COOLING
  TODAY            0                         0      0        0
  MONTH TO DATE    0                         0      0        0
  SINCE DEC 1      0                         0      0        3
  SINCE JAN 1      0                         0      0        0
..................................................................


WIND (MPH)
  HIGHEST WIND SPEED    13   HIGHEST WIND DIRECTION    NW (310)
  HIGHEST GUST SPEED    20   HIGHEST GUST DIRECTION    NW (310)
  AVERAGE WIND SPEED     5.3


SKY COVER
  AVERAGE SKY COVER 0.1


WEATHER CONDITIONS
 THE FOLLOWING WEATHER WAS RECORDED TODAY.
  NO SIGNIFICANT WEATHER WAS OBSERVED.


RELATIVE HUMIDITY (PERCENT)
 HIGHEST    63           400 AM
 LOWEST     48           400 PM
 AVERAGE    56

..........................................................


THE CENTRAL PARK NY CLIMATE NORMALS FOR TOMORROW
                         NORMAL    RECORD    YEAR
 MAXIMUM TEMPERATURE (F)   42        73      1949
 MINIMUM TEMPERATURE (F)   29        -8      1943


SUNRISE AND SUNSET
FEBRUARY 14 2017......SUNRISE   651 AM EST   SUNSET   530 PM EST
FEBRUARY 15 2017......SUNRISE   650 AM EST   SUNSET   531 PM EST


-  INDICATES NEGATIVE NUMBERS.
R  INDICATES RECORD WAS SET OR TIED.
MM INDICATES DATA IS MISSING.
T  INDICATES TRACE AMOUNT.




$$
