000
CDUS41 KOKX 032132
CLINYC


CLIMATE REPORT
NATIONAL WEATHER SERVICE NEW YORK NY
431 PM EST SAT FEB 3 2018


...................................

...THE CENTRAL PARK NY CLIMATE SUMMARY FOR FEBRUARY 3 2018...
VALID TODAY AS OF 0400 PM LOCAL TIME.

CLIMATE NORMAL PERIOD 1981 TO 2010
CLIMATE RECORD PERIOD 1869 TO 2018


WEATHER ITEM   OBSERVED TIME   RECORD YEAR NORMAL DEPARTURE LAST
                VALUE   (LST)  VALUE       VALUE  FROM      YEAR
                                                  NORMAL
..................................................................
TEMPERATURE (F)
 TODAY
  MAXIMUM         31    325 PM  64    1991  39     -8       33
  MINIMUM         16    318 AM   0    1955  27    -11       26
  AVERAGE         24                        33     -9       30

PRECIPITATION (IN)
  TODAY            0.00          1.55 1972   0.11  -0.11     0.00
  MONTH TO DATE    0.23                      0.33  -0.10     0.00
  SINCE DEC 1      4.62                      7.98  -3.36     7.72
  SINCE JAN 1      2.41                      3.98  -1.57     4.83

SNOWFALL (IN)
  TODAY            0.0           8.0  2014   0.4   -0.4      0.0
  MONTH TO DATE    T                         1.0   -1.0      0.0
  SINCE OCT 1     18.9                      13.1    5.8     11.1
  SINCE JUL 1     18.9                      13.1    5.8     11.1
  SNOW DEPTH       0

DEGREE DAYS
 HEATING
  TODAY           41                        32      9       35
  MONTH TO DATE  103                        96      7       86
  SINCE DEC 1   2049                      1952     97     1734
  SINCE JUL 1   2711                      2785    -74     2421

 COOLING
  TODAY            0                         0      0        0
  MONTH TO DATE    0                         0      0        0
  SINCE DEC 1      0                         0      0        0
  SINCE JAN 1      0                         0      0        0
..................................................................


WIND (MPH)
  HIGHEST WIND SPEED    15   HIGHEST WIND DIRECTION     W (260)
  HIGHEST GUST SPEED    23   HIGHEST GUST DIRECTION     W (250)
  AVERAGE WIND SPEED     8.1


SKY COVER
  AVERAGE SKY COVER 0.1


WEATHER CONDITIONS
 THE FOLLOWING WEATHER WAS RECORDED TODAY.
  NO SIGNIFICANT WEATHER WAS OBSERVED.


RELATIVE HUMIDITY (PERCENT)
 HIGHEST    51           200 AM
 LOWEST     32           300 PM
 AVERAGE    42

..........................................................


THE CENTRAL PARK NY CLIMATE NORMALS FOR TOMORROW
                         NORMAL    RECORD    YEAR
 MAXIMUM TEMPERATURE (F)   40        68      1991
 MINIMUM TEMPERATURE (F)   28         0      1918
                                             1886


SUNRISE AND SUNSET
FEBRUARY  3 2018......SUNRISE   704 AM EST   SUNSET   516 PM EST
FEBRUARY  4 2018......SUNRISE   703 AM EST   SUNSET   517 PM EST


-  INDICATES NEGATIVE NUMBERS.
R  INDICATES RECORD WAS SET OR TIED.
MM INDICATES DATA IS MISSING.
T  INDICATES TRACE AMOUNT.




$$
