000
CDUS41 KOKX 140620
CLINYC


CLIMATE REPORT
NATIONAL WEATHER SERVICE NEW YORK NY
120 AM EST SUN DEC 14 2014


...................................

...THE CENTRAL PARK NY CLIMATE SUMMARY FOR DECEMBER 13 2014...

CLIMATE NORMAL PERIOD 1981 TO 2010
CLIMATE RECORD PERIOD 1869 TO 2014


WEATHER ITEM   OBSERVED TIME   RECORD YEAR NORMAL DEPARTURE LAST
                VALUE   (LST)  VALUE       VALUE  FROM      YEAR
                                                  NORMAL
..................................................................
TEMPERATURE (F)
 YESTERDAY
  MAXIMUM         44    146 PM  64    1923  44      0       35
  MINIMUM         34    728 AM   8    1960  33      1       23
  AVERAGE         39                        38      1       29

PRECIPITATION (IN)
  YESTERDAY        0.00          3.03 1909   0.13  -0.13     0.00
  MONTH TO DATE    4.63                      1.79   2.84     1.49
  SINCE DEC 1      4.63                      1.79   2.84     1.49
  SINCE JAN 1     52.38                     47.73   4.65    42.96

SNOWFALL (IN)
  YESTERDAY        0.0           8.0  1917   0.2   -0.2      0.0
  MONTH TO DATE    1.0                       1.4   -0.4      2.1
  SINCE OCT 1      1.2                       1.7   -0.5      2.1
  SINCE JUL 1      1.2                       1.7   -0.5      2.1
  SNOW DEPTH       0

DEGREE DAYS
 HEATING
  YESTERDAY       26                        27     -1       36
  MONTH TO DATE  332                       321     11      337
  SINCE DEC 1    332                       321     11      337
  SINCE JUL 1   1117                      1154    -37     1145

 COOLING
  YESTERDAY        0                         0      0        0
  MONTH TO DATE    0                         0      0        0
  SINCE DEC 1      0                         0      0        0
  SINCE JAN 1   1128                      1105     23     1271
..................................................................


WIND (MPH)
  HIGHEST WIND SPEED    16   HIGHEST WIND DIRECTION    NW (300)
  HIGHEST GUST SPEED    28   HIGHEST GUST DIRECTION    NW (300)
  AVERAGE WIND SPEED     8.9


SKY COVER
  AVERAGE SKY COVER 0.3


WEATHER CONDITIONS
 THE FOLLOWING WEATHER WAS RECORDED YESTERDAY.
  NO SIGNIFICANT WEATHER WAS OBSERVED.


RELATIVE HUMIDITY (PERCENT)
 HIGHEST    64           200 AM
 LOWEST     43          1200 PM
 AVERAGE    54

..........................................................


THE CENTRAL PARK NY CLIMATE NORMALS FOR TODAY
                         NORMAL    RECORD    YEAR
 MAXIMUM TEMPERATURE (F)   43        67      1881
 MINIMUM TEMPERATURE (F)   32        12      1976


SUNRISE AND SUNSET
DECEMBER 14 2014......SUNRISE   712 AM EST   SUNSET   429 PM EST
DECEMBER 15 2014......SUNRISE   713 AM EST   SUNSET   429 PM EST


-  INDICATES NEGATIVE NUMBERS.
R  INDICATES RECORD WAS SET OR TIED.
MM INDICATES DATA IS MISSING.
T  INDICATES TRACE AMOUNT.




$$
