000
CDUS41 KOKX 312141
CLINYC


CLIMATE REPORT
NATIONAL WEATHER SERVICE NEW YORK NY
441 PM EST SUN JAN 31 2016


...................................

...THE CENTRAL PARK NY CLIMATE SUMMARY FOR JANUARY 31 2016...
VALID TODAY AS OF 0400 PM LOCAL TIME.

CLIMATE NORMAL PERIOD 1981 TO 2010
CLIMATE RECORD PERIOD 1869 TO 2016


WEATHER ITEM   OBSERVED TIME   RECORD YEAR NORMAL DEPARTURE LAST
                VALUE   (LST)  VALUE       VALUE  FROM      YEAR
                                                  NORMAL
..................................................................
TEMPERATURE (F)
 TODAY
  MAXIMUM         56    342 PM  63    1947  39     17       26
                                      1916
  MINIMUM         36    138 AM  -1    1920  27      9       13
  AVERAGE         46                        33     13       20

PRECIPITATION (IN)
  TODAY            0.00          1.51 1914   0.12  -0.12     0.00
  MONTH TO DATE    4.41                      3.65   0.76     5.23
  SINCE DEC 1      9.13                      7.65   1.48    11.27
  SINCE JAN 1      4.41                      3.65   0.76     5.23

SNOWFALL (IN)
  TODAY            0.0           5.0  1898   0.3   -0.3      0.0
  MONTH TO DATE   27.2                       7.0   20.2     16.9
  SINCE OCT 1     27.2                      12.1   15.1     18.1
  SINCE JUL 1     27.2                      12.1   15.1     18.1
  SNOW DEPTH       4

DEGREE DAYS
 HEATING
  TODAY           19                        32    -13       45
  MONTH TO DATE  940                      1007    -67     1080
  SINCE DEC 1   1374                      1856   -482     1831
  SINCE JUL 1   1962                      2689   -727     2616

 COOLING
  TODAY            0                         0      0        0
  MONTH TO DATE    0                         0      0        0
  SINCE DEC 1      3                         0      3        0
  SINCE JAN 1      0                         0      0        0
..................................................................


WIND (MPH)
  HIGHEST WIND SPEED    14   HIGHEST WIND DIRECTION     W (250)
  HIGHEST GUST SPEED    22   HIGHEST GUST DIRECTION    SW (240)
  AVERAGE WIND SPEED     5.9


SKY COVER
  AVERAGE SKY COVER 0.0


WEATHER CONDITIONS
 THE FOLLOWING WEATHER WAS RECORDED TODAY.
  NO SIGNIFICANT WEATHER WAS OBSERVED.


RELATIVE HUMIDITY (PERCENT)
 HIGHEST    59           300 AM
 LOWEST     32           200 PM
 AVERAGE    46

..........................................................


THE CENTRAL PARK NY CLIMATE NORMALS FOR TOMORROW
                         NORMAL    RECORD    YEAR
 MAXIMUM TEMPERATURE (F)   39        67      1989
 MINIMUM TEMPERATURE (F)   27        -2      1920


SUNRISE AND SUNSET
JANUARY 31 2016.......SUNRISE   707 AM EST   SUNSET   512 PM EST
FEBRUARY  1 2016......SUNRISE   706 AM EST   SUNSET   513 PM EST


-  INDICATES NEGATIVE NUMBERS.
R  INDICATES RECORD WAS SET OR TIED.
MM INDICATES DATA IS MISSING.
T  INDICATES TRACE AMOUNT.




$$
