000
CDUS41 KOKX 050636
CLINYC


CLIMATE REPORT
NATIONAL WEATHER SERVICE NEW YORK NY
135 AM EST WED NOV 5 2014


...................................

...THE CENTRAL PARK NY CLIMATE SUMMARY FOR NOVEMBER 4 2014...

CLIMATE NORMAL PERIOD 1981 TO 2010
CLIMATE RECORD PERIOD 1869 TO 2014


WEATHER ITEM   OBSERVED TIME   RECORD YEAR NORMAL DEPARTURE LAST
                VALUE   (LST)  VALUE       VALUE  FROM      YEAR
                                                  NORMAL
..................................................................
TEMPERATURE (F)
 YESTERDAY
  MAXIMUM         68    414 PM  78    1975  58     10       46
  MINIMUM         53   1222 AM  25    1879  45      8       35
  AVERAGE         61                        51     10       41

PRECIPITATION (IN)
  YESTERDAY        0.00          1.44 1893   0.13  -0.13     0.00
  MONTH TO DATE    0.35                      0.54  -0.19     0.13
  SINCE SEP 1      7.33                      9.22  -1.89     3.44
  SINCE JAN 1     43.59                     42.46   1.13    38.45

SNOWFALL (IN)
  YESTERDAY        0.0           0.0  2002   0.0    0.0      0.0
                                      2001
  MONTH TO DATE    0.0                       0.0    0.0      0.0
  SINCE OCT 1      0.0                       0.0    0.0      0.0
  SINCE JUL 1      0.0                       0.0    0.0      0.0
  SNOW DEPTH       0

DEGREE DAYS
 HEATING
  YESTERDAY        4                        14    -10       24
  MONTH TO DATE   59                        54      5       46
  SINCE SEP 1    260                       365   -105      269
  SINCE JUL 1    260                       367   -107      269

 COOLING
  YESTERDAY        0                         0      0        0
  MONTH TO DATE    0                         0      0        0
  SINCE SEP 1    190                       150     40      178
  SINCE JAN 1   1128                      1104     24     1271
..................................................................


WIND (MPH)
  HIGHEST WIND SPEED    13   HIGHEST WIND DIRECTION    SW (230)
  HIGHEST GUST SPEED    22   HIGHEST GUST DIRECTION    SW (240)
  AVERAGE WIND SPEED     4.7


SKY COVER
  AVERAGE SKY COVER 0.3


WEATHER CONDITIONS
 THE FOLLOWING WEATHER WAS RECORDED YESTERDAY.
  NO SIGNIFICANT WEATHER WAS OBSERVED.


RELATIVE HUMIDITY (PERCENT)
 HIGHEST    39          1100 PM
 LOWEST     21           200 PM
 AVERAGE    30

..........................................................


THE CENTRAL PARK NY CLIMATE NORMALS FOR TODAY
                         NORMAL    RECORD    YEAR
 MAXIMUM TEMPERATURE (F)   57        78      1961
 MINIMUM TEMPERATURE (F)   45        23      1879


SUNRISE AND SUNSET
NOVEMBER  5 2014......SUNRISE   631 AM EST   SUNSET   447 PM EST
NOVEMBER  6 2014......SUNRISE   632 AM EST   SUNSET   446 PM EST


-  INDICATES NEGATIVE NUMBERS.
R  INDICATES RECORD WAS SET OR TIED.
MM INDICATES DATA IS MISSING.
T  INDICATES TRACE AMOUNT.




$$
