000
CDUS41 KOKX 252034
CLINYC


CLIMATE REPORT
NATIONAL WEATHER SERVICE NEW YORK NY
434 PM EDT TUE AUG 25 2015


...................................

...THE CENTRAL PARK NY CLIMATE SUMMARY FOR AUGUST 25 2015...
VALID TODAY AS OF 0400 PM LOCAL TIME.

CLIMATE NORMAL PERIOD 1981 TO 2010
CLIMATE RECORD PERIOD 1869 TO 2015


WEATHER ITEM   OBSERVED TIME   RECORD YEAR NORMAL DEPARTURE LAST
                VALUE   (LST)  VALUE       VALUE  FROM      YEAR
                                                  NORMAL
..................................................................
TEMPERATURE (F)
 TODAY
  MAXIMUM         90   1233 PM  95    1948  82      8       88
  MINIMUM         76    618 AM  52    1940  67      9       64
  AVERAGE         83                        74      9       76

PRECIPITATION (IN)
  TODAY            0.00          1.86 1982   0.14  -0.14     0.00
  MONTH TO DATE    2.22                      3.70  -1.48     1.63
  SINCE JUN 1     10.99                     12.71  -1.72    11.48
  SINCE JAN 1     26.92                     32.50  -5.58    35.64

SNOWFALL (IN)
  TODAY            0.0           0.0  2002   0.0    0.0      0.0
                                      2001
  MONTH TO DATE    0.0                       0.0    0.0      0.0
  SINCE OCT 1     50.3                      25.8   24.5     57.4
  SINCE JUL 1      0.0                       0.0    0.0      0.0
  SNOW DEPTH       0

DEGREE DAYS
 HEATING
  TODAY            0                         0      0        0
  MONTH TO DATE    0                         0      0        0
  SINCE JUN 1     33                        19     14        0
  SINCE JUL 1      0                         0      0        0

 COOLING
  TODAY           18                         9      9       11
  MONTH TO DATE  366                       264    102      231
  SINCE JUN 1   1031                       831    200      814
  SINCE JAN 1   1190                       900    290      868
..................................................................


WIND (MPH)
  HIGHEST WIND SPEED     9   HIGHEST WIND DIRECTION    SW (220)
  HIGHEST GUST SPEED    18   HIGHEST GUST DIRECTION     W (250)
  AVERAGE WIND SPEED     3.3


SKY COVER
  AVERAGE SKY COVER 0.4


WEATHER CONDITIONS
 THE FOLLOWING WEATHER WAS RECORDED TODAY.
  NO SIGNIFICANT WEATHER WAS OBSERVED.


RELATIVE HUMIDITY (PERCENT)
 HIGHEST    69           500 AM
 LOWEST     41          1200 PM
 AVERAGE    55

..........................................................


THE CENTRAL PARK NY CLIMATE NORMALS FOR TOMORROW
                         NORMAL    RECORD    YEAR
 MAXIMUM TEMPERATURE (F)   81       103      1948
 MINIMUM TEMPERATURE (F)   67        53      1887


SUNRISE AND SUNSET
AUGUST 25 2015........SUNRISE   616 AM EDT   SUNSET   740 PM EDT
AUGUST 26 2015........SUNRISE   617 AM EDT   SUNSET   738 PM EDT


-  INDICATES NEGATIVE NUMBERS.
R  INDICATES RECORD WAS SET OR TIED.
MM INDICATES DATA IS MISSING.
T  INDICATES TRACE AMOUNT.




$$
