000
CDUS41 KOKX 170626
CLINYC


CLIMATE REPORT
NATIONAL WEATHER SERVICE NEW YORK NY
125 AM EST TUE FEB 17 2015


...................................

...THE CENTRAL PARK NY CLIMATE SUMMARY FOR FEBRUARY 16 2015...

CLIMATE NORMAL PERIOD 1981 TO 2010
CLIMATE RECORD PERIOD 1869 TO 2015


WEATHER ITEM   OBSERVED TIME   RECORD YEAR NORMAL DEPARTURE LAST
                VALUE   (LST)  VALUE       VALUE  FROM      YEAR
                                                  NORMAL
..................................................................
TEMPERATURE (F)
 YESTERDAY
  MAXIMUM         21    458 PM  71    1954  42    -21       30
  MINIMUM          3    729 AM   1    1888  29    -26       21
  AVERAGE         12                        35    -23       26

PRECIPITATION (IN)
  YESTERDAY        0.00          1.40 1885   0.12  -0.12     0.00
  MONTH TO DATE    1.19                      1.72  -0.53     4.91
  SINCE DEC 1     12.46                      9.37   3.09    12.55
  SINCE JAN 1      6.42                      5.37   1.05     7.70

SNOWFALL (IN)
  YESTERDAY        0.0           9.9  1996   0.3   -0.3      0.0
  MONTH TO DATE    4.6                       5.3   -0.7     27.3
  SINCE OCT 1     21.1                      17.4    3.7     55.6
  SINCE JUL 1     21.1                      17.4    3.7     55.6
  SNOW DEPTH       9

DEGREE DAYS
 HEATING
  YESTERDAY       53                        30     23       39
  MONTH TO DATE  638                       493    145      560
  SINCE DEC 1   2469                      2349    120     2495
  SINCE JUL 1   3254                      3182     72     3303

 COOLING
  YESTERDAY        0                         0      0        0
  MONTH TO DATE    0                         0      0        0
  SINCE DEC 1      0                         0      0        1
  SINCE JAN 1      0                         0      0        0
..................................................................


WIND (MPH)
  HIGHEST WIND SPEED    21   HIGHEST WIND DIRECTION    NW (310)
  HIGHEST GUST SPEED    36   HIGHEST GUST DIRECTION    NW (320)
  AVERAGE WIND SPEED     6.9


SKY COVER
  AVERAGE SKY COVER 0.1


WEATHER CONDITIONS
 THE FOLLOWING WEATHER WAS RECORDED YESTERDAY.
  NO SIGNIFICANT WEATHER WAS OBSERVED.


RELATIVE HUMIDITY (PERCENT)
 HIGHEST    51           700 AM
 LOWEST     25           200 PM
 AVERAGE    38

..........................................................


THE CENTRAL PARK NY CLIMATE NORMALS FOR TODAY
                         NORMAL    RECORD    YEAR
 MAXIMUM TEMPERATURE (F)   42        67      1976
 MINIMUM TEMPERATURE (F)   29        -5      1896


SUNRISE AND SUNSET
FEBRUARY 17 2015......SUNRISE   648 AM EST   SUNSET   533 PM EST
FEBRUARY 18 2015......SUNRISE   646 AM EST   SUNSET   534 PM EST


-  INDICATES NEGATIVE NUMBERS.
R  INDICATES RECORD WAS SET OR TIED.
MM INDICATES DATA IS MISSING.
T  INDICATES TRACE AMOUNT.




$$
