109
CDUS41 KOKX 212032
CLINYC


CLIMATE REPORT
NATIONAL WEATHER SERVICE NEW YORK NY
432 PM EDT THU APR 21 2016


...................................

...THE CENTRAL PARK NY CLIMATE SUMMARY FOR APRIL 21 2016...
VALID TODAY AS OF 0400 PM LOCAL TIME.

CLIMATE NORMAL PERIOD 1981 TO 2010
CLIMATE RECORD PERIOD 1869 TO 2016


WEATHER ITEM   OBSERVED TIME   RECORD YEAR NORMAL DEPARTURE LAST
                VALUE   (LST)  VALUE       VALUE  FROM      YEAR
                                                  NORMAL
..................................................................
TEMPERATURE (F)
 TODAY
  MAXIMUM         73    240 PM  87    1923  63     10       65
  MINIMUM         49    554 AM  26    1875  47      2       52
  AVERAGE         61                        55      6       59

PRECIPITATION (IN)
  TODAY            0.00          2.28 1991   0.14  -0.14     0.20
  MONTH TO DATE    1.16                      3.24  -2.08     2.03
  SINCE MAR 1      2.33                      7.60  -5.27     6.75
  SINCE JAN 1     11.14                     14.34  -3.20    14.02

SNOWFALL (IN)
  TODAY            0.0           T    1947   0.0    0.0      0.0
                                      2000
  MONTH TO DATE    T                         0.6   -0.6      0.0
  SINCE OCT 1     32.1                      25.8    6.3     50.3
  SINCE JUL 1     32.1                      25.8    6.3     50.3
  SNOW DEPTH       0

DEGREE DAYS
 HEATING
  TODAY            4                        10     -6        6
  MONTH TO DATE  286                       289     -3      230
  SINCE MAR 1    784                       989   -205     1056
  SINCE JUL 1   3531                      4511   -980     4815

 COOLING
  TODAY            0                         0      0        0
  MONTH TO DATE    7                         0      7        5
  SINCE MAR 1     13                         1     12        5
  SINCE JAN 1     13                         1     12        5
..................................................................


WIND (MPH)
  HIGHEST WIND SPEED    14   HIGHEST WIND DIRECTION     W (260)
  HIGHEST GUST SPEED    21   HIGHEST GUST DIRECTION    SE (150)
  AVERAGE WIND SPEED     6.3


SKY COVER
  AVERAGE SKY COVER 0.0


WEATHER CONDITIONS
 THE FOLLOWING WEATHER WAS RECORDED TODAY.
  NO SIGNIFICANT WEATHER WAS OBSERVED.


RELATIVE HUMIDITY (PERCENT)
 HIGHEST    52           500 AM
 LOWEST     22          1200 PM
 AVERAGE    37

..........................................................


THE CENTRAL PARK NY CLIMATE NORMALS FOR TOMORROW
                         NORMAL    RECORD    YEAR
 MAXIMUM TEMPERATURE (F)   64        86      2001
                                             1973
                                             1962
 MINIMUM TEMPERATURE (F)   47        33      1947
                                             1922


SUNRISE AND SUNSET
APRIL 21 2016.........SUNRISE   607 AM EDT   SUNSET   742 PM EDT
APRIL 22 2016.........SUNRISE   606 AM EDT   SUNSET   743 PM EDT


-  INDICATES NEGATIVE NUMBERS.
R  INDICATES RECORD WAS SET OR TIED.
MM INDICATES DATA IS MISSING.
T  INDICATES TRACE AMOUNT.




$$
