000
CDUS41 KOKX 040623
CLINYC


CLIMATE REPORT
NATIONAL WEATHER SERVICE NEW YORK NY
222 AM EDT MON JUL 4 2016


...................................

...THE CENTRAL PARK NY CLIMATE SUMMARY FOR JULY 3 2016...

CLIMATE NORMAL PERIOD 1981 TO 2010
CLIMATE RECORD PERIOD 1869 TO 2016


WEATHER ITEM   OBSERVED TIME   RECORD YEAR NORMAL DEPARTURE LAST
                VALUE   (LST)  VALUE       VALUE  FROM      YEAR
                                                  NORMAL
..................................................................
TEMPERATURE (F)
 YESTERDAY
  MAXIMUM         78    334 PM 103    1966  83     -5       82
  MINIMUM         64    416 AM  54    1933  68     -4       66
  AVERAGE         71                        76     -5       74

PRECIPITATION (IN)
  YESTERDAY        0.00          2.80 1930   0.12  -0.12     0.00
  MONTH TO DATE    0.83                      0.37   0.46     0.39
  SINCE JUN 1      3.43                      4.78  -1.35     5.18
  SINCE JAN 1     18.77                     24.57  -5.80    21.11

SNOWFALL (IN)
  YESTERDAY        0.0           0.0  2002   0.0    0.0      0.0
                                      2001
  MONTH TO DATE    0.0                       0.0    0.0      0.0
  SINCE OCT 1     32.8                      25.8    7.0     50.3
  SINCE JUL 1      0.0                       0.0    0.0      0.0
  SNOW DEPTH       0

DEGREE DAYS
 HEATING
  YESTERDAY        0                         0      0        0
  MONTH TO DATE    0                         0      0        0
  SINCE JUN 1      7                        19    -12       33
  SINCE JUL 1      0                         0      0        0

 COOLING
  YESTERDAY        6                        11     -5        9
  MONTH TO DATE   19                        32    -13       30
  SINCE JUN 1    251                       244      7      258
  SINCE JAN 1    370                       313     57      417
..................................................................


WIND (MPH)
  HIGHEST WIND SPEED     9   HIGHEST WIND DIRECTION     W (250)
  HIGHEST GUST SPEED    16   HIGHEST GUST DIRECTION     W (270)
  AVERAGE WIND SPEED     3.1


SKY COVER
  AVERAGE SKY COVER 0.0


WEATHER CONDITIONS
 THE FOLLOWING WEATHER WAS RECORDED YESTERDAY.
  NO SIGNIFICANT WEATHER WAS OBSERVED.


RELATIVE HUMIDITY (PERCENT)
 HIGHEST    67           500 AM
 LOWEST     41          1100 AM
 AVERAGE    54

..........................................................


THE CENTRAL PARK NY CLIMATE NORMALS FOR TODAY
                         NORMAL    RECORD    YEAR
 MAXIMUM TEMPERATURE (F)   84       102      1949
 MINIMUM TEMPERATURE (F)   68        55      1986


SUNRISE AND SUNSET
JULY  4 2016..........SUNRISE   530 AM EDT   SUNSET   830 PM EDT
JULY  5 2016..........SUNRISE   531 AM EDT   SUNSET   830 PM EDT


-  INDICATES NEGATIVE NUMBERS.
R  INDICATES RECORD WAS SET OR TIED.
MM INDICATES DATA IS MISSING.
T  INDICATES TRACE AMOUNT.




$$
