000
CDUS41 KOKX 292041
CLINYC


CLIMATE REPORT
NATIONAL WEATHER SERVICE NEW YORK NY
441 PM EDT SAT JUL 29 2017


...................................

...THE CENTRAL PARK NY CLIMATE SUMMARY FOR JULY 29 2017...
VALID TODAY AS OF 0400 PM LOCAL TIME.

CLIMATE NORMAL PERIOD 1981 TO 2010
CLIMATE RECORD PERIOD 1869 TO 2017


WEATHER ITEM   OBSERVED TIME   RECORD YEAR NORMAL DEPARTURE LAST
                VALUE   (LST)  VALUE       VALUE  FROM      YEAR
                                                  NORMAL
..................................................................
TEMPERATURE (F)
 TODAY
  MAXIMUM         76   1217 AM  99    1949  84     -8       85
  MINIMUM         67    847 AM  59    1914  69     -2       69
  AVERAGE         72                        77     -5       77

PRECIPITATION (IN)
  TODAY            0.00          3.47 1980   0.17  -0.17     1.09
  MONTH TO DATE    4.19                      4.26  -0.07     5.69
  SINCE JUN 1      8.95                      8.67   0.28     8.29
  SINCE JAN 1     31.73                     28.46   3.27    23.63

SNOWFALL (IN)
  TODAY            0.0           0.0  2002   0.0    0.0      0.0
                                      2001
  MONTH TO DATE    0.0                       0.0    0.0      0.0
  SINCE OCT 1     30.2                      25.8    4.4     32.8
  SINCE JUL 1      0.0                       0.0    0.0      0.0
  SNOW DEPTH       0

DEGREE DAYS
 HEATING
  TODAY            0                         0      0        0
  MONTH TO DATE    0                         0      0        0
  SINCE JUN 1     24                        19      5        7
  SINCE JUL 1      0                         0      0        0

 COOLING
  TODAY            7                        12     -5       12
  MONTH TO DATE  352                       336     16      408
  SINCE JUN 1    594                       548     46      640
  SINCE JAN 1    683                       617     66      759
..................................................................


WIND (MPH)
  HIGHEST WIND SPEED    17   HIGHEST WIND DIRECTION    NE (60)
  HIGHEST GUST SPEED    25   HIGHEST GUST DIRECTION    NE (60)
  AVERAGE WIND SPEED    10.4


SKY COVER
  AVERAGE SKY COVER 0.7


WEATHER CONDITIONS
 THE FOLLOWING WEATHER WAS RECORDED TODAY.
  NO SIGNIFICANT WEATHER WAS OBSERVED.


RELATIVE HUMIDITY (PERCENT)
 HIGHEST    61          1100 AM
 LOWEST     44           400 AM
 AVERAGE    53

..........................................................


THE CENTRAL PARK NY CLIMATE NORMALS FOR TOMORROW
                         NORMAL    RECORD    YEAR
 MAXIMUM TEMPERATURE (F)   84        98      1988
                                             1940
                                             1933
 MINIMUM TEMPERATURE (F)   69        57      1956


SUNRISE AND SUNSET
JULY 29 2017..........SUNRISE   550 AM EDT   SUNSET   814 PM EDT
JULY 30 2017..........SUNRISE   551 AM EDT   SUNSET   813 PM EDT


-  INDICATES NEGATIVE NUMBERS.
R  INDICATES RECORD WAS SET OR TIED.
MM INDICATES DATA IS MISSING.
T  INDICATES TRACE AMOUNT.




$$
