000
CDUS41 KOKX 152039
CLINYC


CLIMATE REPORT
NATIONAL WEATHER SERVICE NEW YORK NY
439 PM EDT SUN MAR 15 2015


...................................

...THE CENTRAL PARK NY CLIMATE SUMMARY FOR MARCH 15 2015...
VALID TODAY AS OF 0400 PM LOCAL TIME.

CLIMATE NORMAL PERIOD 1981 TO 2010
CLIMATE RECORD PERIOD 1869 TO 2015


WEATHER ITEM   OBSERVED TIME   RECORD YEAR NORMAL DEPARTURE LAST
                VALUE   (LST)  VALUE       VALUE  FROM      YEAR
                                                  NORMAL
..................................................................
TEMPERATURE (F)
 TODAY
  MAXIMUM         44    247 AM  77    1990  49     -5       58
  MINIMUM         41   1118 AM  14    1993  35      6       42
  AVERAGE         43                        42      1       50

PRECIPITATION (IN)
  TODAY            0.00          1.81 1912   0.14  -0.14     0.00
  MONTH TO DATE    3.49                      1.95   1.54     0.39
  SINCE MAR 1      3.49                      1.95   1.54     0.39
  SINCE JAN 1     10.76                      8.69   2.07     8.66

SNOWFALL (IN)
  TODAY            0.0           6.5  1896   0.1   -0.1      0.0
  MONTH TO DATE   14.1                       2.6   11.5      0.1
  SINCE OCT 1     42.5                      23.9   18.6     57.4
  SINCE JUL 1     42.5                      23.9   18.6     57.4
  SNOW DEPTH       0

DEGREE DAYS
 HEATING
  TODAY           22                        23     -1       15
  MONTH TO DATE  410                       376     34      436
  SINCE MAR 1    410                       376     34      436
  SINCE JUL 1   4169                      3898    271     4106

 COOLING
  TODAY            0                         0      0        0
  MONTH TO DATE    0                         0      0        0
  SINCE MAR 1      0                         0      0        0
  SINCE JAN 1      0                         0      0        0
..................................................................


WIND (MPH)
  HIGHEST WIND SPEED    21   HIGHEST WIND DIRECTION    NW (310)
  HIGHEST GUST SPEED    33   HIGHEST GUST DIRECTION     W (290)
  AVERAGE WIND SPEED     9.9


SKY COVER
  AVERAGE SKY COVER 0.9


WEATHER CONDITIONS
 THE FOLLOWING WEATHER WAS RECORDED TODAY.
  NO SIGNIFICANT WEATHER WAS OBSERVED.


RELATIVE HUMIDITY (PERCENT)
 HIGHEST    89          1200 AM
 LOWEST     45           300 PM
 AVERAGE    67

..........................................................


THE CENTRAL PARK NY CLIMATE NORMALS FOR TOMORROW
                         NORMAL    RECORD    YEAR
 MAXIMUM TEMPERATURE (F)   50        82      1990
 MINIMUM TEMPERATURE (F)   35        13      1911


SUNRISE AND SUNSET
MARCH 15 2015.........SUNRISE   708 AM EDT   SUNSET   702 PM EDT
MARCH 16 2015.........SUNRISE   706 AM EDT   SUNSET   703 PM EDT


-  INDICATES NEGATIVE NUMBERS.
R  INDICATES RECORD WAS SET OR TIED.
MM INDICATES DATA IS MISSING.
T  INDICATES TRACE AMOUNT.




$$
