000
CDUS41 KOKX 052145
CLINYC


CLIMATE REPORT
NATIONAL WEATHER SERVICE NEW YORK NY
445 PM EST THU JAN 5 2017


...................................

...THE CENTRAL PARK NY CLIMATE SUMMARY FOR JANUARY 5 2017...
VALID TODAY AS OF 0400 PM LOCAL TIME.

CLIMATE NORMAL PERIOD 1981 TO 2010
CLIMATE RECORD PERIOD 1869 TO 2017


WEATHER ITEM   OBSERVED TIME   RECORD YEAR NORMAL DEPARTURE LAST
                VALUE   (LST)  VALUE       VALUE  FROM      YEAR
                                                  NORMAL
..................................................................
TEMPERATURE (F)
 TODAY
  MAXIMUM         34   1206 AM  64    1993  38     -4       29
                                      1950
  MINIMUM         27    919 AM  -4    1904  27      0       11
  AVERAGE         31                        33     -2       20

PRECIPITATION (IN)
  TODAY            0.00          1.50 1909   0.12  -0.12     0.00
  MONTH TO DATE    0.79                      0.60   0.19     0.00
  SINCE DEC 1      3.68                      4.60  -0.92     4.72
  SINCE JAN 1      0.79                      0.60   0.19     0.00

SNOWFALL (IN)
  TODAY            0.0           3.0  1883   0.2   -0.2      0.0
  MONTH TO DATE    T                         1.0   -1.0      0.0
  SINCE OCT 1      3.2                       6.1   -2.9       T
  SINCE JUL 1      3.2                       6.1   -2.9       T
  SNOW DEPTH       0

DEGREE DAYS
 HEATING
  TODAY           34                        32      2       45
  MONTH TO DATE  127                       160    -33      166
  SINCE DEC 1    946                      1012    -66      600
  SINCE JUL 1   1633                      1845   -212     1188

 COOLING
  TODAY            0                         0      0        0
  MONTH TO DATE    0                         0      0        0
  SINCE DEC 1      0                         0      0        3
  SINCE JAN 1      0                         0      0        0
..................................................................


WIND (MPH)
  HIGHEST WIND SPEED    17   HIGHEST WIND DIRECTION     W (250)
  HIGHEST GUST SPEED    27   HIGHEST GUST DIRECTION     W (290)
  AVERAGE WIND SPEED     7.7


SKY COVER
  AVERAGE SKY COVER 0.1


WEATHER CONDITIONS
 THE FOLLOWING WEATHER WAS RECORDED TODAY.
  NO SIGNIFICANT WEATHER WAS OBSERVED.


RELATIVE HUMIDITY (PERCENT)
 HIGHEST    46           400 AM
 LOWEST     36           300 PM
 AVERAGE    41

..........................................................


THE CENTRAL PARK NY CLIMATE NORMALS FOR TOMORROW
                         NORMAL    RECORD    YEAR
 MAXIMUM TEMPERATURE (F)   38        72      2007
 MINIMUM TEMPERATURE (F)   27        -2      1896


SUNRISE AND SUNSET
JANUARY  5 2017.......SUNRISE   720 AM EST   SUNSET   443 PM EST
JANUARY  6 2017.......SUNRISE   720 AM EST   SUNSET   444 PM EST


-  INDICATES NEGATIVE NUMBERS.
R  INDICATES RECORD WAS SET OR TIED.
MM INDICATES DATA IS MISSING.
T  INDICATES TRACE AMOUNT.




$$
