000
CDUS41 KOKX 220636
CLINYC


CLIMATE REPORT
NATIONAL WEATHER SERVICE NEW YORK NY
135 AM EST THU JAN 22 2015


...................................

...THE CENTRAL PARK NY CLIMATE SUMMARY FOR JANUARY 21 2015...

CLIMATE NORMAL PERIOD 1981 TO 2010
CLIMATE RECORD PERIOD 1869 TO 2015


WEATHER ITEM   OBSERVED TIME   RECORD YEAR NORMAL DEPARTURE LAST
                VALUE   (LST)  VALUE       VALUE  FROM      YEAR
                                                  NORMAL
..................................................................
TEMPERATURE (F)
 YESTERDAY
  MAXIMUM         36    216 PM  63    2006  38     -2       31
  MINIMUM         25    737 AM  -2    1985  27     -2       11
  AVERAGE         31                        32     -1       21

PRECIPITATION (IN)
  YESTERDAY        0.00          3.45 1979   0.12  -0.12     0.46
  MONTH TO DATE    3.59                      2.53   1.06     2.69
  SINCE DEC 1      9.63                      6.53   3.10     7.54
  SINCE JAN 1      3.59                      2.53   1.06     2.69

SNOWFALL (IN)
  YESTERDAY        0.0          11.0  2014   0.2   -0.2     11.0
  MONTH TO DATE    2.0                       4.6   -2.6     17.4
  SINCE OCT 1      3.2                       9.7   -6.5     26.0
  SINCE JUL 1      3.2                       9.7   -6.5     26.0
  SNOW DEPTH       0

DEGREE DAYS
 HEATING
  YESTERDAY       34                        33      1       44
  MONTH TO DATE  727                       684     43      684
  SINCE DEC 1   1478                      1536    -58     1499
  SINCE JUL 1   2263                      2369   -106     2307

 COOLING
  YESTERDAY        0                         0      0        0
  MONTH TO DATE    0                         0      0        0
  SINCE DEC 1      0                         0      0        1
  SINCE JAN 1      0                         0      0        0
..................................................................


WIND (MPH)
  HIGHEST WIND SPEED    10   HIGHEST WIND DIRECTION     N (350)
  HIGHEST GUST SPEED    15   HIGHEST GUST DIRECTION     N (20)
  AVERAGE WIND SPEED     4.3


SKY COVER
  AVERAGE SKY COVER 0.5


WEATHER CONDITIONS
 THE FOLLOWING WEATHER WAS RECORDED YESTERDAY.
  NO SIGNIFICANT WEATHER WAS OBSERVED.


RELATIVE HUMIDITY (PERCENT)
 HIGHEST    50           500 AM
 LOWEST     26           400 PM
 AVERAGE    38

..........................................................


THE CENTRAL PARK NY CLIMATE NORMALS FOR TODAY
                         NORMAL    RECORD    YEAR
 MAXIMUM TEMPERATURE (F)   38        61      1959
                                             1916
 MINIMUM TEMPERATURE (F)   27         0      1888


SUNRISE AND SUNSET
JANUARY 22 2015.......SUNRISE   714 AM EST   SUNSET   501 PM EST
JANUARY 23 2015.......SUNRISE   714 AM EST   SUNSET   502 PM EST


-  INDICATES NEGATIVE NUMBERS.
R  INDICATES RECORD WAS SET OR TIED.
MM INDICATES DATA IS MISSING.
T  INDICATES TRACE AMOUNT.




$$
