000
CDUS41 KOKX 080618
CLINYC


CLIMATE REPORT
NATIONAL WEATHER SERVICE NEW YORK NY
218 AM EDT WED OCT 8 2014


...................................

...THE CENTRAL PARK NY CLIMATE SUMMARY FOR OCTOBER 7 2014...

CLIMATE NORMAL PERIOD 1981 TO 2010
CLIMATE RECORD PERIOD 1869 TO 2014


WEATHER ITEM   OBSERVED TIME   RECORD YEAR NORMAL DEPARTURE LAST
                VALUE   (LST)  VALUE       VALUE  FROM      YEAR
                                                  NORMAL
..................................................................
TEMPERATURE (F)
 YESTERDAY
  MAXIMUM         71    100 PM  88    1944  67      4       76
  MINIMUM         63   1156 PM  39    1999  53     10       60
                                      1954
  AVERAGE         67                        60      7       68

PRECIPITATION (IN)
  YESTERDAY        0.06          4.09 1972   0.15  -0.09     0.25
  MONTH TO DATE    1.26                      1.00   0.26     0.25
  SINCE SEP 1      2.47                      5.28  -2.81     3.20
  SINCE JAN 1     38.73                     38.52   0.21    38.21

SNOWFALL (IN)
  YESTERDAY        0.0           0.0  2002   0.0    0.0      0.0
                                      2001
  MONTH TO DATE    0.0                       0.0    0.0      0.0
  SINCE OCT 1      0.0                       0.0    0.0      0.0
  SINCE JUL 1      0.0                       0.0    0.0      0.0
  SNOW DEPTH       0

DEGREE DAYS
 HEATING
  YESTERDAY        0                         6     -6        0
  MONTH TO DATE   23                        37    -14        0
  SINCE SEP 1     45                        80    -35       36
  SINCE JUL 1     45                        82    -37       36

 COOLING
  YESTERDAY        2                         1      1        3
  MONTH TO DATE    3                         7     -4       43
  SINCE SEP 1    173                       140     33      175
  SINCE JAN 1   1111                      1094     17     1268
..................................................................


WIND (MPH)
  HIGHEST WIND SPEED    10   HIGHEST WIND DIRECTION     S (170)
  HIGHEST GUST SPEED    21   HIGHEST GUST DIRECTION    SW (240)
  AVERAGE WIND SPEED     4.7


SKY COVER
  AVERAGE SKY COVER 0.5


WEATHER CONDITIONS
 THE FOLLOWING WEATHER WAS RECORDED YESTERDAY.
  LIGHT RAIN
  FOG


RELATIVE HUMIDITY (PERCENT)
 HIGHEST    81           700 PM
 LOWEST     47           100 PM
 AVERAGE    64

..........................................................


THE CENTRAL PARK NY CLIMATE NORMALS FOR TODAY
                         NORMAL    RECORD    YEAR
 MAXIMUM TEMPERATURE (F)   67        87      2007
 MINIMUM TEMPERATURE (F)   52        37      1988


SUNRISE AND SUNSET
OCTOBER  8 2014.......SUNRISE   700 AM EDT   SUNSET   627 PM EDT
OCTOBER  9 2014.......SUNRISE   701 AM EDT   SUNSET   625 PM EDT


-  INDICATES NEGATIVE NUMBERS.
R  INDICATES RECORD WAS SET OR TIED.
MM INDICATES DATA IS MISSING.
T  INDICATES TRACE AMOUNT.




$$
