000
CDUS41 KOKX 152033
CLINYC


CLIMATE REPORT
NATIONAL WEATHER SERVICE NEW YORK NY
433 PM EDT SAT APR 15 2017


...................................

...THE CENTRAL PARK NY CLIMATE SUMMARY FOR APRIL 15 2017...
VALID TODAY AS OF 0400 PM LOCAL TIME.

CLIMATE NORMAL PERIOD 1981 TO 2010
CLIMATE RECORD PERIOD 1869 TO 2017


WEATHER ITEM   OBSERVED TIME   RECORD YEAR NORMAL DEPARTURE LAST
                VALUE   (LST)  VALUE       VALUE  FROM      YEAR
                                                  NORMAL
..................................................................
TEMPERATURE (F)
 TODAY
  MAXIMUM         65    256 PM  87    1941  61      4       65
  MINIMUM         51    602 AM  28    1943  45      6       42
  AVERAGE         58                        53      5       54

PRECIPITATION (IN)
  TODAY            0.00          7.57 2007   0.15  -0.15     0.00
  MONTH TO DATE    1.96                      2.38  -0.42     1.16
  SINCE MAR 1      7.21                      6.74   0.47     2.33
  SINCE JAN 1     14.52                     13.48   1.04    11.14

SNOWFALL (IN)
  TODAY            0.0           1.0  1892   0.0    0.0      0.0
  MONTH TO DATE    0.0                       0.5   -0.5       T
  SINCE OCT 1     30.2                      25.7    4.5     32.8
  SINCE JUL 1     30.2                      25.7    4.5     32.8
  SNOW DEPTH       0

DEGREE DAYS
 HEATING
  TODAY            7                        12     -5       11
  MONTH TO DATE  157                       222    -65      261
  SINCE MAR 1    950                       922     28      759
  SINCE JUL 1   3933                      4444   -511     3506

 COOLING
  TODAY            0                         0      0        0
  MONTH TO DATE    8                         0      8        5
  SINCE MAR 1      8                         1      7       11
  SINCE JAN 1      8                         1      7       11
..................................................................


WIND (MPH)
  HIGHEST WIND SPEED    12   HIGHEST WIND DIRECTION     S (170)
  HIGHEST GUST SPEED    19   HIGHEST GUST DIRECTION    SW (240)
  AVERAGE WIND SPEED     4.9


SKY COVER
  AVERAGE SKY COVER 0.4


WEATHER CONDITIONS
 THE FOLLOWING WEATHER WAS RECORDED TODAY.
  NO SIGNIFICANT WEATHER WAS OBSERVED.


RELATIVE HUMIDITY (PERCENT)
 HIGHEST    50           200 AM
 LOWEST     36           900 AM
 AVERAGE    43

..........................................................


THE CENTRAL PARK NY CLIMATE NORMALS FOR TOMORROW
                         NORMAL    RECORD    YEAR
 MAXIMUM TEMPERATURE (F)   62        92      2002
 MINIMUM TEMPERATURE (F)   45        29      1928


SUNRISE AND SUNSET
APRIL 15 2017.........SUNRISE   617 AM EDT   SUNSET   736 PM EDT
APRIL 16 2017.........SUNRISE   615 AM EDT   SUNSET   737 PM EDT


-  INDICATES NEGATIVE NUMBERS.
R  INDICATES RECORD WAS SET OR TIED.
MM INDICATES DATA IS MISSING.
T  INDICATES TRACE AMOUNT.




$$
