763
CDUS41 KOKX 222044
CLINYC


CLIMATE REPORT
NATIONAL WEATHER SERVICE NEW YORK NY
442 PM EDT WED APR 22 2015


...................................

...THE CENTRAL PARK NY CLIMATE SUMMARY FOR APRIL 22 2015...
VALID TODAY AS OF 0400 PM LOCAL TIME.

CLIMATE NORMAL PERIOD 1981 TO 2010
CLIMATE RECORD PERIOD 1869 TO 2015


WEATHER ITEM   OBSERVED TIME   RECORD YEAR NORMAL DEPARTURE LAST
                VALUE   (LST)  VALUE       VALUE  FROM      YEAR
                                                  NORMAL
..................................................................
TEMPERATURE (F)
 TODAY
  MAXIMUM         69   1208 PM  86    2001  64      5       71
                                      1973
                                      1962
  MINIMUM         50    513 AM  33    1947  47      3       51
                                      1922
  AVERAGE         60                        55      5       61

PRECIPITATION (IN)
  TODAY            0.03          2.45 2012   0.14  -0.11     0.01
  MONTH TO DATE    2.06                      3.38  -1.32     1.91
  SINCE MAR 1      6.78                      7.74  -0.96     5.58
  SINCE JAN 1     14.05                     14.48  -0.43    13.85

SNOWFALL (IN)
  TODAY            0.0           T    1972   0.0    0.0      0.0
                                      2000
                                      2000
  MONTH TO DATE    0.0                       0.6   -0.6       T
  SINCE OCT 1     50.3                      25.8   24.5     57.4
  SINCE JUL 1     50.3                      25.8   24.5     57.4
  SNOW DEPTH       0

DEGREE DAYS
 HEATING
  TODAY            5                        10     -5        4
  MONTH TO DATE  235                       299    -64      277
  SINCE MAR 1   1061                       999     62     1119
  SINCE JUL 1   4820                      4521    299     4789

 COOLING
  TODAY            0                         1     -1        0
  MONTH TO DATE    5                         1      4        4
  SINCE MAR 1      5                         2      3        4
  SINCE JAN 1      5                         2      3        4
..................................................................


WIND (MPH)
  HIGHEST WIND SPEED    20   HIGHEST WIND DIRECTION     W (270)
  HIGHEST GUST SPEED    33   HIGHEST GUST DIRECTION     W (290)
  AVERAGE WIND SPEED     4.4


SKY COVER
  AVERAGE SKY COVER 0.3


WEATHER CONDITIONS
 THE FOLLOWING WEATHER WAS RECORDED TODAY.
  RAIN


RELATIVE HUMIDITY (PERCENT)
 HIGHEST    50           500 AM
 LOWEST     31          1200 PM
 AVERAGE    41

..........................................................


THE CENTRAL PARK NY CLIMATE NORMALS FOR TOMORROW
                         NORMAL    RECORD    YEAR
 MAXIMUM TEMPERATURE (F)   64        86      2007
 MINIMUM TEMPERATURE (F)   47        32      1930


SUNRISE AND SUNSET
APRIL 22 2015.........SUNRISE   607 AM EDT   SUNSET   742 PM EDT
APRIL 23 2015.........SUNRISE   606 AM EDT   SUNSET   743 PM EDT


-  INDICATES NEGATIVE NUMBERS.
R  INDICATES RECORD WAS SET OR TIED.
MM INDICATES DATA IS MISSING.
T  INDICATES TRACE AMOUNT.




$$
