000
CDUS41 KOKX 010618
CLINYC


CLIMATE REPORT
NATIONAL WEATHER SERVICE NEW YORK NY
118 AM EST WED MAR 1 2017


...................................

...THE CENTRAL PARK NY CLIMATE SUMMARY FOR FEBRUARY 28 2017...

CLIMATE NORMAL PERIOD 1981 TO 2010
CLIMATE RECORD PERIOD 1869 TO 2017


WEATHER ITEM   OBSERVED TIME   RECORD YEAR NORMAL DEPARTURE LAST
                VALUE   (LST)  VALUE       VALUE  FROM      YEAR
                                                  NORMAL
..................................................................
TEMPERATURE (F)
 YESTERDAY
  MAXIMUM         59    240 PM  67    1976  45     14       60
  MINIMUM         47    756 AM   5    1934  31     16       38
  AVERAGE         53                        38     15       49

PRECIPITATION (IN)
  YESTERDAY        0.00          1.21 1910   0.12  -0.12     0.00
  MONTH TO DATE    2.48                      3.09  -0.61     4.35
  SINCE DEC 1     10.20                     10.74  -0.54    13.48
  SINCE JAN 1      7.31                      6.74   0.57     8.76

SNOWFALL (IN)
  YESTERDAY        0.0           4.8  2005   0.3   -0.3      0.0
  MONTH TO DATE    9.4                       9.2    0.2      4.0
  SINCE OCT 1     20.5                      21.3   -0.8     31.9
  SINCE JUL 1     20.5                      21.3   -0.8     31.9
  SNOW DEPTH       0

DEGREE DAYS
 HEATING
  YESTERDAY       12                        27    -15       16
  MONTH TO DATE  648                       832   -184      774
  SINCE DEC 1   2296                      2689   -393     2148
  SINCE JUL 1   2983                      3522   -539     2736

 COOLING
  YESTERDAY        0                         0      0        0
  MONTH TO DATE    0                         0      0        0
  SINCE DEC 1      0                         0      0        3
  SINCE JAN 1      0                         0      0        0
..................................................................


WIND (MPH)
  HIGHEST WIND SPEED    10   HIGHEST WIND DIRECTION     S (160)
  HIGHEST GUST SPEED    19   HIGHEST GUST DIRECTION     S (160)
  AVERAGE WIND SPEED     4.0


SKY COVER
  AVERAGE SKY COVER 0.8


WEATHER CONDITIONS
 THE FOLLOWING WEATHER WAS RECORDED YESTERDAY.
  NO SIGNIFICANT WEATHER WAS OBSERVED.


RELATIVE HUMIDITY (PERCENT)
 HIGHEST    96           600 PM
 LOWEST     50          1200 AM
 AVERAGE    73

..........................................................


THE CENTRAL PARK NY CLIMATE NORMALS FOR TODAY
                         NORMAL    RECORD    YEAR
 MAXIMUM TEMPERATURE (F)   45        73      1972
 MINIMUM TEMPERATURE (F)   31         5      1884


SUNRISE AND SUNSET
MARCH  1 2017.........SUNRISE   629 AM EST   SUNSET   547 PM EST
MARCH  2 2017.........SUNRISE   628 AM EST   SUNSET   548 PM EST


-  INDICATES NEGATIVE NUMBERS.
R  INDICATES RECORD WAS SET OR TIED.
MM INDICATES DATA IS MISSING.
T  INDICATES TRACE AMOUNT.




$$
