000
CDUS41 KOKX 010618
CLINYC


CLIMATE REPORT
NATIONAL WEATHER SERVICE NEW YORK NY
218 AM EDT FRI JUL 1 2016


...................................

...THE CENTRAL PARK NY CLIMATE SUMMARY FOR JUNE 30 2016...

CLIMATE NORMAL PERIOD 1981 TO 2010
CLIMATE RECORD PERIOD 1869 TO 2016


WEATHER ITEM   OBSERVED TIME   RECORD YEAR NORMAL DEPARTURE LAST
                VALUE   (LST)  VALUE       VALUE  FROM      YEAR
                                                  NORMAL
..................................................................
TEMPERATURE (F)
 YESTERDAY
  MAXIMUM         85    127 PM  99    1964  83      2       82
  MINIMUM         67    518 AM  53    1919  67      0       68
  AVERAGE         76                        75      1       75

PRECIPITATION (IN)
  YESTERDAY        0.00          3.07 1984   0.13  -0.13     0.04
  MONTH TO DATE    2.60                      4.41  -1.81     4.79
  SINCE JUN 1      2.60                      4.41  -1.81     4.79
  SINCE JAN 1     17.94                     24.20  -6.26    20.72

SNOWFALL (IN)
  YESTERDAY        0.0           0.0  2002   0.0    0.0      0.0
                                      2001
  MONTH TO DATE    0.0                       0.0    0.0      0.0
  SINCE OCT 1     32.8                      25.8    7.0     50.3
  SINCE JUL 1     32.8                      25.8    7.0     50.3
  SNOW DEPTH       0

DEGREE DAYS
 HEATING
  YESTERDAY        0                         0      0        0
  MONTH TO DATE    7                        17    -10       33
  SINCE JUN 1      7                        19    -12       33
  SINCE JUL 1   3768                      4750   -982     4974

 COOLING
  YESTERDAY       11                        10      1       10
  MONTH TO DATE  232                       212     20      228
  SINCE JUN 1    232                       212     20      228
  SINCE JAN 1    351                       281     70      387
..................................................................


WIND (MPH)
  HIGHEST WIND SPEED     8   HIGHEST WIND DIRECTION     S (160)
  HIGHEST GUST SPEED    15   HIGHEST GUST DIRECTION     W (250)
  AVERAGE WIND SPEED     2.8


SKY COVER
  AVERAGE SKY COVER 0.1


WEATHER CONDITIONS
 THE FOLLOWING WEATHER WAS RECORDED YESTERDAY.
  NO SIGNIFICANT WEATHER WAS OBSERVED.


RELATIVE HUMIDITY (PERCENT)
 HIGHEST    68           400 AM
 LOWEST     34           300 PM
 AVERAGE    51

..........................................................


THE CENTRAL PARK NY CLIMATE NORMALS FOR TODAY
                         NORMAL    RECORD    YEAR
 MAXIMUM TEMPERATURE (F)   83       100      1901
 MINIMUM TEMPERATURE (F)   68        52      1943


SUNRISE AND SUNSET
JULY  1 2016..........SUNRISE   528 AM EDT   SUNSET   831 PM EDT
JULY  2 2016..........SUNRISE   529 AM EDT   SUNSET   831 PM EDT


-  INDICATES NEGATIVE NUMBERS.
R  INDICATES RECORD WAS SET OR TIED.
MM INDICATES DATA IS MISSING.
T  INDICATES TRACE AMOUNT.




$$
