000
CDUS41 KOKX 102131
CLINYC


CLIMATE REPORT
NATIONAL WEATHER SERVICE NEW YORK NY
431 PM EST MON NOV 10 2014


...................................

...THE CENTRAL PARK NY CLIMATE SUMMARY FOR NOVEMBER 10 2014...
VALID TODAY AS OF 0400 PM LOCAL TIME.

CLIMATE NORMAL PERIOD 1981 TO 2010
CLIMATE RECORD PERIOD 1869 TO 2014


WEATHER ITEM   OBSERVED TIME   RECORD YEAR NORMAL DEPARTURE LAST
                VALUE   (LST)  VALUE       VALUE  FROM      YEAR
                                                  NORMAL
..................................................................
TEMPERATURE (F)
 TODAY
  MAXIMUM         61    259 PM  73    1985  56      5       61
  MINIMUM         44    416 AM  27    1914  43      1       44
  AVERAGE         53                        50      3       53

PRECIPITATION (IN)
  TODAY            0.00          1.70 1990   0.13  -0.13      T
  MONTH TO DATE    0.72                      1.32  -0.60     0.26
  SINCE SEP 1      7.70                     10.00  -2.30     3.57
  SINCE JAN 1     43.96                     43.24   0.72    38.58

SNOWFALL (IN)
  TODAY            0.0           T    1987   0.0    0.0      0.0
  MONTH TO DATE    0.0                       0.0    0.0      0.0
  SINCE OCT 1      0.0                       0.0    0.0      0.0
  SINCE JUL 1      0.0                       0.0    0.0      0.0
  SNOW DEPTH       0

DEGREE DAYS
 HEATING
  TODAY           12                        15     -3       12
  MONTH TO DATE  142                       142      0      137
  SINCE SEP 1    343                       453   -110      360
  SINCE JUL 1    343                       455   -112      360

 COOLING
  TODAY            0                         0      0        0
  MONTH TO DATE    0                         0      0        0
  SINCE SEP 1    190                       150     40      178
  SINCE JAN 1   1128                      1104     24     1271
..................................................................


WIND (MPH)
  HIGHEST WIND SPEED     9   HIGHEST WIND DIRECTION     W (250)
  HIGHEST GUST SPEED    13   HIGHEST GUST DIRECTION    SE (150)
  AVERAGE WIND SPEED     2.2


SKY COVER
  AVERAGE SKY COVER 0.0


WEATHER CONDITIONS
 THE FOLLOWING WEATHER WAS RECORDED TODAY.
  NO SIGNIFICANT WEATHER WAS OBSERVED.


RELATIVE HUMIDITY (PERCENT)
 HIGHEST    65           700 AM
 LOWEST     29           200 PM
 AVERAGE    47

..........................................................


THE CENTRAL PARK NY CLIMATE NORMALS FOR TOMORROW
                         NORMAL    RECORD    YEAR
 MAXIMUM TEMPERATURE (F)   56        74      1949
 MINIMUM TEMPERATURE (F)   43        28      1933
                                             1926


SUNRISE AND SUNSET
NOVEMBER 10 2014......SUNRISE   637 AM EST   SUNSET   442 PM EST
NOVEMBER 11 2014......SUNRISE   638 AM EST   SUNSET   441 PM EST


-  INDICATES NEGATIVE NUMBERS.
R  INDICATES RECORD WAS SET OR TIED.
MM INDICATES DATA IS MISSING.
T  INDICATES TRACE AMOUNT.




$$
