000
CDUS41 KOKX 130624
CLINYC


CLIMATE REPORT
NATIONAL WEATHER SERVICE NEW YORK NY
224 AM EDT WED APR 13 2016


...................................

...THE CENTRAL PARK NY CLIMATE SUMMARY FOR APRIL 12 2016...

CLIMATE NORMAL PERIOD 1981 TO 2010
CLIMATE RECORD PERIOD 1869 TO 2016


WEATHER ITEM   OBSERVED TIME   RECORD YEAR NORMAL DEPARTURE LAST
                VALUE   (LST)  VALUE       VALUE  FROM      YEAR
                                                  NORMAL
..................................................................
TEMPERATURE (F)
 YESTERDAY
  MAXIMUM         59    256 PM  90    1977  60     -1       66
  MINIMUM         45   1159 PM  22    1874  44      1       43
  AVERAGE         52                        52      0       55

PRECIPITATION (IN)
  YESTERDAY        0.20          2.12 1933   0.16   0.04     0.00
  MONTH TO DATE    1.16                      1.91  -0.75     0.37
  SINCE MAR 1      2.33                      6.27  -3.94     5.09
  SINCE JAN 1     11.14                     13.01  -1.87    12.36

SNOWFALL (IN)
  YESTERDAY        0.0           2.0  1918   0.0    0.0      0.0
  MONTH TO DATE    T                         0.4   -0.4      0.0
  SINCE OCT 1     32.1                      25.6    6.5     50.3
  SINCE JUL 1     32.1                      25.6    6.5     50.3
  SNOW DEPTH       0

DEGREE DAYS
 HEATING
  YESTERDAY       13                        13      0       10
  MONTH TO DATE  222                       184     38      179
  SINCE MAR 1    720                       884   -164     1005
  SINCE JUL 1   3467                      4406   -939     4764

 COOLING
  YESTERDAY        0                         0      0        0
  MONTH TO DATE    5                         0      5        0
  SINCE MAR 1     11                         1     10        0
  SINCE JAN 1     11                         1     10        0
..................................................................


WIND (MPH)
  HIGHEST WIND SPEED    21   HIGHEST WIND DIRECTION    NW (310)
  HIGHEST GUST SPEED    30   HIGHEST GUST DIRECTION    NW (320)
  AVERAGE WIND SPEED     5.8


SKY COVER
  AVERAGE SKY COVER 0.3


WEATHER CONDITIONS
 THE FOLLOWING WEATHER WAS RECORDED YESTERDAY.
  LIGHT RAIN
  FOG


RELATIVE HUMIDITY (PERCENT)
 HIGHEST    93           800 AM
 LOWEST     29           600 PM
 AVERAGE    61

..........................................................


THE CENTRAL PARK NY CLIMATE NORMALS FOR TODAY
                         NORMAL    RECORD    YEAR
 MAXIMUM TEMPERATURE (F)   60        88      1977
 MINIMUM TEMPERATURE (F)   44        25      1874


SUNRISE AND SUNSET
APRIL 13 2016.........SUNRISE   619 AM EDT   SUNSET   734 PM EDT
APRIL 14 2016.........SUNRISE   618 AM EDT   SUNSET   735 PM EDT


-  INDICATES NEGATIVE NUMBERS.
R  INDICATES RECORD WAS SET OR TIED.
MM INDICATES DATA IS MISSING.
T  INDICATES TRACE AMOUNT.




$$
