000
CDUS41 KOKX 050623
CLINYC


CLIMATE REPORT
NATIONAL WEATHER SERVICE NEW YORK NY
222 AM EDT MON JUN 5 2017


...................................

...THE CENTRAL PARK NY CLIMATE SUMMARY FOR JUNE 4 2017...

CLIMATE NORMAL PERIOD 1981 TO 2010
CLIMATE RECORD PERIOD 1869 TO 2017


WEATHER ITEM   OBSERVED TIME   RECORD YEAR NORMAL DEPARTURE LAST
                VALUE   (LST)  VALUE       VALUE  FROM      YEAR
                                                  NORMAL
..................................................................
TEMPERATURE (F)
 YESTERDAY
  MAXIMUM         70    911 AM  99    1925  76     -6       83
  MINIMUM         56    501 AM  48    1926  60     -4       66
  AVERAGE         63                        68     -5       75

PRECIPITATION (IN)
  YESTERDAY        0.09          2.75 2003   0.16  -0.07     0.40
  MONTH TO DATE    0.11                      0.64  -0.53     0.44
  SINCE JUN 1      0.11                      0.64  -0.53     0.44
  SINCE JAN 1     22.89                     20.43   2.46    15.78

SNOWFALL (IN)
  YESTERDAY        0.0           0.0  2002   0.0    0.0      0.0
                                      2001
  MONTH TO DATE    0.0                       0.0    0.0      0.0
  SINCE OCT 1     30.2                      25.8    4.4     32.8
  SINCE JUL 1     30.2                      25.8    4.4     32.8
  SNOW DEPTH       0

DEGREE DAYS
 HEATING
  YESTERDAY        2                         1      1        0
  MONTH TO DATE    3                         7     -4        0
  SINCE JUN 1      3                         7     -4        0
  SINCE JUL 1   4205                      4738   -533     3761

 COOLING
  YESTERDAY        0                         5     -5       10
  MONTH TO DATE    6                        17    -11       27
  SINCE JUN 1      6                        17    -11       27
  SINCE JAN 1     95                        86      9      146
..................................................................


WIND (MPH)
  HIGHEST WIND SPEED     8   HIGHEST WIND DIRECTION     S (180)
  HIGHEST GUST SPEED    14   HIGHEST GUST DIRECTION    SE (150)
  AVERAGE WIND SPEED     2.3


SKY COVER
  AVERAGE SKY COVER 0.5


WEATHER CONDITIONS
 THE FOLLOWING WEATHER WAS RECORDED YESTERDAY.
  LIGHT RAIN
  FOG
  HAZE


RELATIVE HUMIDITY (PERCENT)
 HIGHEST    84           300 PM
 LOWEST     40          1200 AM
 AVERAGE    62

..........................................................


THE CENTRAL PARK NY CLIMATE NORMALS FOR TODAY
                         NORMAL    RECORD    YEAR
 MAXIMUM TEMPERATURE (F)   76        99      1925
 MINIMUM TEMPERATURE (F)   60        47      1945


SUNRISE AND SUNSET
JUNE  5 2017..........SUNRISE   525 AM EDT   SUNSET   824 PM EDT
JUNE  6 2017..........SUNRISE   525 AM EDT   SUNSET   825 PM EDT


-  INDICATES NEGATIVE NUMBERS.
R  INDICATES RECORD WAS SET OR TIED.
MM INDICATES DATA IS MISSING.
T  INDICATES TRACE AMOUNT.




$$
