000
CDUS41 KOKX 310635
CLINYC


CLIMATE REPORT
NATIONAL WEATHER SERVICE NEW YORK NY
234 AM EDT MON JUL 31 2017


...................................

...THE CENTRAL PARK NY CLIMATE SUMMARY FOR JULY 30 2017...

CLIMATE NORMAL PERIOD 1981 TO 2010
CLIMATE RECORD PERIOD 1869 TO 2017


WEATHER ITEM   OBSERVED TIME   RECORD YEAR NORMAL DEPARTURE LAST
                VALUE   (LST)  VALUE       VALUE  FROM      YEAR
                                                  NORMAL
..................................................................
TEMPERATURE (F)
 YESTERDAY
  MAXIMUM         82    211 PM  98    1988  84     -2       84
                                      1940
                                      1933
  MINIMUM         64    627 AM  57    1956  69     -5       73
  AVERAGE         73                        77     -4       79

PRECIPITATION (IN)
  YESTERDAY        0.00          3.56 1960   0.17  -0.17     0.25
  MONTH TO DATE    4.19                      4.43  -0.24     5.94
  SINCE JUN 1      8.95                      8.84   0.11     8.54
  SINCE JAN 1     31.73                     28.63   3.10    23.88

SNOWFALL (IN)
  YESTERDAY        0.0           0.0  2002   0.0    0.0      0.0
                                      2001
  MONTH TO DATE    0.0                       0.0    0.0      0.0
  SINCE OCT 1     30.2                      25.8    4.4     32.8
  SINCE JUL 1      0.0                       0.0    0.0      0.0
  SNOW DEPTH       0

DEGREE DAYS
 HEATING
  YESTERDAY        0                         0      0        0
  MONTH TO DATE    0                         0      0        0
  SINCE JUN 1     24                        19      5        7
  SINCE JUL 1      0                         0      0        0

 COOLING
  YESTERDAY        8                        12     -4       14
  MONTH TO DATE  360                       348     12      422
  SINCE JUN 1    602                       560     42      654
  SINCE JAN 1    691                       629     62      773
..................................................................


WIND (MPH)
  HIGHEST WIND SPEED    12   HIGHEST WIND DIRECTION    NE (60)
  HIGHEST GUST SPEED    16   HIGHEST GUST DIRECTION    NE (50)
  AVERAGE WIND SPEED     4.2


SKY COVER
  AVERAGE SKY COVER 0.0


WEATHER CONDITIONS
 THE FOLLOWING WEATHER WAS RECORDED YESTERDAY.
  NO SIGNIFICANT WEATHER WAS OBSERVED.


RELATIVE HUMIDITY (PERCENT)
 HIGHEST    63           300 AM
 LOWEST     33           100 PM
 AVERAGE    48

..........................................................


THE CENTRAL PARK NY CLIMATE NORMALS FOR TODAY
                         NORMAL    RECORD    YEAR
 MAXIMUM TEMPERATURE (F)   84       102      1933
 MINIMUM TEMPERATURE (F)   69        57      1914
                                             1895


SUNRISE AND SUNSET
JULY 31 2017..........SUNRISE   552 AM EDT   SUNSET   812 PM EDT
AUGUST  1 2017........SUNRISE   553 AM EDT   SUNSET   811 PM EDT


-  INDICATES NEGATIVE NUMBERS.
R  INDICATES RECORD WAS SET OR TIED.
MM INDICATES DATA IS MISSING.
T  INDICATES TRACE AMOUNT.




$$
