422
CDUS41 KOKX 302148
CLINYC


CLIMATE REPORT
NATIONAL WEATHER SERVICE NEW YORK NY
448 PM EST SAT JAN 30 2016


...................................

...THE CENTRAL PARK NY CLIMATE SUMMARY FOR JANUARY 30 2016...
VALID TODAY AS OF 0400 PM LOCAL TIME.

CLIMATE NORMAL PERIOD 1981 TO 2010
CLIMATE RECORD PERIOD 1869 TO 2016


WEATHER ITEM   OBSERVED TIME   RECORD YEAR NORMAL DEPARTURE LAST
                VALUE   (LST)  VALUE       VALUE  FROM      YEAR
                                                  NORMAL
..................................................................
TEMPERATURE (F)
 TODAY
  MAXIMUM         39    359 PM  64    2006  39      0       38
  MINIMUM         28    749 AM   2    1873  27      1       19
  AVERAGE         34                        33      1       29

PRECIPITATION (IN)
  TODAY            0.00          1.19 1939   0.11  -0.11     0.06
  MONTH TO DATE    4.41                      3.53   0.88     5.23
  SINCE DEC 1      9.13                      7.53   1.60    11.27
  SINCE JAN 1      4.41                      3.53   0.88     5.23

SNOWFALL (IN)
  TODAY            0.0           5.8  1966   0.2   -0.2      1.0
  MONTH TO DATE   27.2                       6.7   20.5     16.9
  SINCE OCT 1     27.2                      11.8   15.4     18.1
  SINCE JUL 1     27.2                      11.8   15.4     18.1
  SNOW DEPTH       6

DEGREE DAYS
 HEATING
  TODAY           31                        32     -1       36
  MONTH TO DATE  921                       975    -54     1035
  SINCE DEC 1   1355                      1827   -472     1786
  SINCE JUL 1   1943                      2660   -717     2571

 COOLING
  TODAY            0                         0      0        0
  MONTH TO DATE    0                         0      0        0
  SINCE DEC 1      3                         0      3        0
  SINCE JAN 1      0                         0      0        0
..................................................................


WIND (MPH)
  HIGHEST WIND SPEED    15   HIGHEST WIND DIRECTION    NW (310)
  HIGHEST GUST SPEED    24   HIGHEST GUST DIRECTION    NW (310)
  AVERAGE WIND SPEED     6.2


SKY COVER
  AVERAGE SKY COVER 0.0


WEATHER CONDITIONS
 THE FOLLOWING WEATHER WAS RECORDED TODAY.
  NO SIGNIFICANT WEATHER WAS OBSERVED.


RELATIVE HUMIDITY (PERCENT)
 HIGHEST    58           500 AM
 LOWEST     40           300 PM
 AVERAGE    49

..........................................................


THE CENTRAL PARK NY CLIMATE NORMALS FOR TOMORROW
                         NORMAL    RECORD    YEAR
 MAXIMUM TEMPERATURE (F)   39        63      1947
                                             1916
 MINIMUM TEMPERATURE (F)   27        -1      1920


SUNRISE AND SUNSET
JANUARY 30 2016.......SUNRISE   708 AM EST   SUNSET   510 PM EST
JANUARY 31 2016.......SUNRISE   707 AM EST   SUNSET   512 PM EST


-  INDICATES NEGATIVE NUMBERS.
R  INDICATES RECORD WAS SET OR TIED.
MM INDICATES DATA IS MISSING.
T  INDICATES TRACE AMOUNT.




$$
