000
CDUS41 KOKX 300615
CLINYC


CLIMATE REPORT
NATIONAL WEATHER SERVICE NEW YORK NY
115 AM EST MON JAN 30 2017


...................................

...THE CENTRAL PARK NY CLIMATE SUMMARY FOR JANUARY 29 2017...

CLIMATE NORMAL PERIOD 1981 TO 2010
CLIMATE RECORD PERIOD 1869 TO 2017


WEATHER ITEM   OBSERVED TIME   RECORD YEAR NORMAL DEPARTURE LAST
                VALUE   (LST)  VALUE       VALUE  FROM      YEAR
                                                  NORMAL
..................................................................
TEMPERATURE (F)
 YESTERDAY
  MAXIMUM         43    231 PM  69    2002  39      4       41
  MINIMUM         35   1150 PM   0    1873  27      8       30
  AVERAGE         39                        33      6       36

PRECIPITATION (IN)
  YESTERDAY        0.00          1.03 1990   0.11  -0.11     0.00
  MONTH TO DATE    4.77                      3.42   1.35     4.41
  SINCE DEC 1      7.66                      7.42   0.24     9.13
  SINCE JAN 1      4.77                      3.42   1.35     4.41

SNOWFALL (IN)
  YESTERDAY        0.0           4.7  1904   0.3   -0.3      0.0
  MONTH TO DATE    6.9                       6.5    0.4     27.9
  SINCE OCT 1     10.1                      11.6   -1.5     27.9
  SINCE JUL 1     10.1                      11.6   -1.5     27.9
  SNOW DEPTH       0

DEGREE DAYS
 HEATING
  YESTERDAY       26                        32     -6       29
  MONTH TO DATE  763                       943   -180      890
  SINCE DEC 1   1582                      1795   -213     1324
  SINCE JUL 1   2269                      2628   -359     1912

 COOLING
  YESTERDAY        0                         0      0        0
  MONTH TO DATE    0                         0      0        0
  SINCE DEC 1      0                         0      0        3
  SINCE JAN 1      0                         0      0        0
..................................................................


WIND (MPH)
  HIGHEST WIND SPEED    15   HIGHEST WIND DIRECTION     W (260)
  HIGHEST GUST SPEED    24   HIGHEST GUST DIRECTION     W (260)
  AVERAGE WIND SPEED     5.8


SKY COVER
  AVERAGE SKY COVER 0.4


WEATHER CONDITIONS
 THE FOLLOWING WEATHER WAS RECORDED YESTERDAY.
  NO SIGNIFICANT WEATHER WAS OBSERVED.


RELATIVE HUMIDITY (PERCENT)
 HIGHEST    59           900 AM
 LOWEST     27           200 PM
 AVERAGE    43

..........................................................


THE CENTRAL PARK NY CLIMATE NORMALS FOR TODAY
                         NORMAL    RECORD    YEAR
 MAXIMUM TEMPERATURE (F)   39        64      2006
 MINIMUM TEMPERATURE (F)   27         2      1873


SUNRISE AND SUNSET
JANUARY 30 2017.......SUNRISE   708 AM EST   SUNSET   511 PM EST
JANUARY 31 2017.......SUNRISE   707 AM EST   SUNSET   512 PM EST


-  INDICATES NEGATIVE NUMBERS.
R  INDICATES RECORD WAS SET OR TIED.
MM INDICATES DATA IS MISSING.
T  INDICATES TRACE AMOUNT.




$$
