000
CDUS41 KOKX 070619
CLINYC


CLIMATE REPORT
NATIONAL WEATHER SERVICE NEW YORK NY
219 AM EDT THU APR 7 2016


...................................

...THE CENTRAL PARK NY CLIMATE SUMMARY FOR APRIL 6 2016...

CLIMATE NORMAL PERIOD 1981 TO 2010
CLIMATE RECORD PERIOD 1869 TO 2016


WEATHER ITEM   OBSERVED TIME   RECORD YEAR NORMAL DEPARTURE LAST
                VALUE   (LST)  VALUE       VALUE  FROM      YEAR
                                                  NORMAL
..................................................................
TEMPERATURE (F)
 YESTERDAY
  MAXIMUM         48   1159 PM  79    1947  58    -10       63
                                      1921
                                      1912
  MINIMUM         30    554 AM  21    1982  42    -12       42
  AVERAGE         39                        50    -11       53

PRECIPITATION (IN)
  YESTERDAY        0.00          2.52 1886   0.15  -0.15     0.00
  MONTH TO DATE    0.74                      0.95  -0.21     0.05
  SINCE MAR 1      1.91                      5.31  -3.40     4.77
  SINCE JAN 1     10.72                     12.05  -1.33    12.04

SNOWFALL (IN)
  YESTERDAY        0.0           9.6  1982   0.0    0.0      0.0
  MONTH TO DATE    T                         0.2   -0.2      0.0
  SINCE OCT 1     32.1                      25.4    6.7     50.3
  SINCE JUL 1     32.1                      25.4    6.7     50.3
  SNOW DEPTH       0

DEGREE DAYS
 HEATING
  YESTERDAY       26                        16     10       12
  MONTH TO DATE  117                        99     18       76
  SINCE MAR 1    615                       799   -184      902
  SINCE JUL 1   3362                      4321   -959     4661

 COOLING
  YESTERDAY        0                         0      0        0
  MONTH TO DATE    5                         0      5        0
  SINCE MAR 1     11                         1     10        0
  SINCE JAN 1     11                         1     10        0
..................................................................


WIND (MPH)
  HIGHEST WIND SPEED    17   HIGHEST WIND DIRECTION     S (180)
  HIGHEST GUST SPEED    36   HIGHEST GUST DIRECTION     S (180)
  AVERAGE WIND SPEED     6.0


SKY COVER
  AVERAGE SKY COVER 0.1


WEATHER CONDITIONS
 THE FOLLOWING WEATHER WAS RECORDED YESTERDAY.
  NO SIGNIFICANT WEATHER WAS OBSERVED.


RELATIVE HUMIDITY (PERCENT)
 HIGHEST    71          1100 PM
 LOWEST     25          1100 AM
 AVERAGE    48

..........................................................


THE CENTRAL PARK NY CLIMATE NORMALS FOR TODAY
                         NORMAL    RECORD    YEAR
 MAXIMUM TEMPERATURE (F)   58        92      2010
 MINIMUM TEMPERATURE (F)   42        21      1982


SUNRISE AND SUNSET
APRIL  7 2016.........SUNRISE   629 AM EDT   SUNSET   727 PM EDT
APRIL  8 2016.........SUNRISE   627 AM EDT   SUNSET   729 PM EDT


-  INDICATES NEGATIVE NUMBERS.
R  INDICATES RECORD WAS SET OR TIED.
MM INDICATES DATA IS MISSING.
T  INDICATES TRACE AMOUNT.




$$
