000
CDUS41 KOKX 150627
CLINYC


CLIMATE REPORT
NATIONAL WEATHER SERVICE NEW YORK NY
226 AM EDT FRI JUL 15 2016


...................................

...THE CENTRAL PARK NY CLIMATE SUMMARY FOR JULY 14 2016...

CLIMATE NORMAL PERIOD 1981 TO 2010
CLIMATE RECORD PERIOD 1869 TO 2016


WEATHER ITEM   OBSERVED TIME   RECORD YEAR NORMAL DEPARTURE LAST
                VALUE   (LST)  VALUE       VALUE  FROM      YEAR
                                                  NORMAL
..................................................................
TEMPERATURE (F)
 YESTERDAY
  MAXIMUM         88    226 PM 100    1954  84      4       82
  MINIMUM         73    336 PM  58    1926  69      4       73
                                      1888
                                      1877
  AVERAGE         81                        77      4       78

PRECIPITATION (IN)
  YESTERDAY        0.62          1.60 1948   0.16   0.46     0.42
  MONTH TO DATE    3.25                      1.94   1.31     1.23
  SINCE JUN 1      5.85                      6.35  -0.50     6.02
  SINCE JAN 1     21.19                     26.14  -4.95    21.95

SNOWFALL (IN)
  YESTERDAY        0.0           0.0  2002   0.0    0.0      0.0
                                      2001
  MONTH TO DATE    0.0                       0.0    0.0      0.0
  SINCE OCT 1     32.8                      25.8    7.0     50.3
  SINCE JUL 1      0.0                       0.0    0.0      0.0
  SNOW DEPTH       0

DEGREE DAYS
 HEATING
  YESTERDAY        0                         0      0        0
  MONTH TO DATE    0                         0      0        0
  SINCE JUN 1      7                        19    -12       33
  SINCE JUL 1      0                         0      0        0

 COOLING
  YESTERDAY       16                        12      4       13
  MONTH TO DATE  149                       156     -7      177
  SINCE JUN 1    381                       368     13      405
  SINCE JAN 1    500                       437     63      564
..................................................................


WIND (MPH)
  HIGHEST WIND SPEED    20   HIGHEST WIND DIRECTION     W (280)
  HIGHEST GUST SPEED    35   HIGHEST GUST DIRECTION     W (290)
  AVERAGE WIND SPEED     3.0


SKY COVER
  AVERAGE SKY COVER 0.6


WEATHER CONDITIONS
 THE FOLLOWING WEATHER WAS RECORDED YESTERDAY.
  HEAVY RAIN
  LIGHT RAIN
  FOG
  HAZE


RELATIVE HUMIDITY (PERCENT)
 HIGHEST    94           400 PM
 LOWEST     63           200 PM
 AVERAGE    79

..........................................................


THE CENTRAL PARK NY CLIMATE NORMALS FOR TODAY
                         NORMAL    RECORD    YEAR
 MAXIMUM TEMPERATURE (F)   84       102      1995
 MINIMUM TEMPERATURE (F)   69        57      1930


SUNRISE AND SUNSET
JULY 15 2016..........SUNRISE   538 AM EDT   SUNSET   826 PM EDT
JULY 16 2016..........SUNRISE   538 AM EDT   SUNSET   825 PM EDT


-  INDICATES NEGATIVE NUMBERS.
R  INDICATES RECORD WAS SET OR TIED.
MM INDICATES DATA IS MISSING.
T  INDICATES TRACE AMOUNT.




$$
