741
CDUS41 KOKX 070628
CLINYC


CLIMATE REPORT
NATIONAL WEATHER SERVICE NEW YORK NY
128 AM EST TUE FEB 7 2017


...................................

...THE CENTRAL PARK NY CLIMATE SUMMARY FOR FEBRUARY 6 2017...

CLIMATE NORMAL PERIOD 1981 TO 2010
CLIMATE RECORD PERIOD 1869 TO 2017


WEATHER ITEM   OBSERVED TIME   RECORD YEAR NORMAL DEPARTURE LAST
                VALUE   (LST)  VALUE       VALUE  FROM      YEAR
                                                  NORMAL
..................................................................
TEMPERATURE (F)
 YESTERDAY
  MAXIMUM         49    449 PM  68    2008  40      9       40
  MINIMUM         36    835 AM  -4    1895  28      8       30
  AVERAGE         43                        34      9       35

PRECIPITATION (IN)
  YESTERDAY        0.00          2.74 1896   0.11  -0.11     0.00
  MONTH TO DATE    0.00                      0.65  -0.65     1.27
  SINCE DEC 1      7.72                      8.30  -0.58    10.40
  SINCE JAN 1      4.83                      4.30   0.53     5.68

SNOWFALL (IN)
  YESTERDAY        0.0          15.5  1978   0.3   -0.3      0.0
  MONTH TO DATE    0.0                       2.0   -2.0      2.5
  SINCE OCT 1     11.1                      14.1   -3.0     30.4
  SINCE JUL 1     11.1                      14.1   -3.0     30.4
  SNOW DEPTH       0

DEGREE DAYS
 HEATING
  YESTERDAY       22                        31     -9       30
  MONTH TO DATE  173                       189    -16      118
  SINCE DEC 1   1821                      2045   -224     1492
  SINCE JUL 1   2508                      2878   -370     2080

 COOLING
  YESTERDAY        0                         0      0        0
  MONTH TO DATE    0                         0      0        0
  SINCE DEC 1      0                         0      0        3
  SINCE JAN 1      0                         0      0        0
..................................................................


WIND (MPH)
  HIGHEST WIND SPEED    13   HIGHEST WIND DIRECTION     S (170)
  HIGHEST GUST SPEED    20   HIGHEST GUST DIRECTION     W (270)
  AVERAGE WIND SPEED     5.2


SKY COVER
  AVERAGE SKY COVER 0.3


WEATHER CONDITIONS
 THE FOLLOWING WEATHER WAS RECORDED YESTERDAY.
  NO SIGNIFICANT WEATHER WAS OBSERVED.


RELATIVE HUMIDITY (PERCENT)
 HIGHEST    70           800 PM
 LOWEST     31           300 PM
 AVERAGE    51

..........................................................


THE CENTRAL PARK NY CLIMATE NORMALS FOR TODAY
                         NORMAL    RECORD    YEAR
 MAXIMUM TEMPERATURE (F)   40        54      1938
 MINIMUM TEMPERATURE (F)   28         1      1910


SUNRISE AND SUNSET
FEBRUARY  7 2017......SUNRISE   659 AM EST   SUNSET   521 PM EST
FEBRUARY  8 2017......SUNRISE   658 AM EST   SUNSET   522 PM EST


-  INDICATES NEGATIVE NUMBERS.
R  INDICATES RECORD WAS SET OR TIED.
MM INDICATES DATA IS MISSING.
T  INDICATES TRACE AMOUNT.




$$
