000
CDUS41 KOKX 020619
CLINYC


CLIMATE REPORT
NATIONAL WEATHER SERVICE NEW YORK NY
119 AM EST TUE FEB 2 2016


...................................

...THE CENTRAL PARK NY CLIMATE SUMMARY FOR FEBRUARY 1 2016...

CLIMATE NORMAL PERIOD 1981 TO 2010
CLIMATE RECORD PERIOD 1869 TO 2016


WEATHER ITEM   OBSERVED TIME   RECORD YEAR NORMAL DEPARTURE LAST
                VALUE   (LST)  VALUE       VALUE  FROM      YEAR
                                                  NORMAL
..................................................................
TEMPERATURE (F)
 YESTERDAY
  MAXIMUM         59    127 PM  67    1989  39     20       36
  MINIMUM         44   1159 PM  -2    1920  27     17       20
  AVERAGE         52                        33     19       28

PRECIPITATION (IN)
  YESTERDAY        0.01          2.12 1915   0.11  -0.10     0.03
  MONTH TO DATE    0.01                      0.11  -0.10     0.03
  SINCE DEC 1      9.14                      7.76   1.38    11.30
  SINCE JAN 1      4.42                      3.76   0.66     5.26

SNOWFALL (IN)
  YESTERDAY        0.0           9.8  1934   0.3   -0.3      0.3
  MONTH TO DATE    0.0                       0.3   -0.3      0.3
  SINCE OCT 1     27.2                      12.4   14.8     18.4
  SINCE JUL 1     27.2                      12.4   14.8     18.4
  SNOW DEPTH       2

DEGREE DAYS
 HEATING
  YESTERDAY       13                        32    -19       37
  MONTH TO DATE   13                        32    -19       37
  SINCE DEC 1   1387                      1888   -501     1868
  SINCE JUL 1   1975                      2721   -746     2653

 COOLING
  YESTERDAY        0                         0      0        0
  MONTH TO DATE    0                         0      0        0
  SINCE DEC 1      3                         0      3        0
  SINCE JAN 1      0                         0      0        0
..................................................................


WIND (MPH)
  HIGHEST WIND SPEED    14   HIGHEST WIND DIRECTION     W (250)
  HIGHEST GUST SPEED    21   HIGHEST GUST DIRECTION     W (260)
  AVERAGE WIND SPEED     5.9


SKY COVER
  AVERAGE SKY COVER 0.3


WEATHER CONDITIONS
 THE FOLLOWING WEATHER WAS RECORDED YESTERDAY.
  LIGHT RAIN


RELATIVE HUMIDITY (PERCENT)
 HIGHEST    61           700 AM
 LOWEST     39           900 PM
 AVERAGE    50

..........................................................


THE CENTRAL PARK NY CLIMATE NORMALS FOR TODAY
                         NORMAL    RECORD    YEAR
 MAXIMUM TEMPERATURE (F)   39        59      1988
 MINIMUM TEMPERATURE (F)   27        -3      1881


SUNRISE AND SUNSET
FEBRUARY  2 2016......SUNRISE   705 AM EST   SUNSET   514 PM EST
FEBRUARY  3 2016......SUNRISE   704 AM EST   SUNSET   515 PM EST


-  INDICATES NEGATIVE NUMBERS.
R  INDICATES RECORD WAS SET OR TIED.
MM INDICATES DATA IS MISSING.
T  INDICATES TRACE AMOUNT.




$$
