000
CDUS41 KOKX 182038
CLINYC


CLIMATE REPORT
NATIONAL WEATHER SERVICE NEW YORK NY
438 PM EDT THU JUN 18 2015


...................................

...THE CENTRAL PARK NY CLIMATE SUMMARY FOR JUNE 18 2015...
VALID TODAY AS OF 0400 PM LOCAL TIME.

CLIMATE NORMAL PERIOD 1981 TO 2010
CLIMATE RECORD PERIOD 1869 TO 2015


WEATHER ITEM   OBSERVED TIME   RECORD YEAR NORMAL DEPARTURE LAST
                VALUE   (LST)  VALUE       VALUE  FROM      YEAR
                                                  NORMAL
..................................................................
TEMPERATURE (F)
 TODAY
  MAXIMUM         71   1218 PM  95    1929  80     -9       89
  MINIMUM         64    419 AM  48    1950  65     -1       76
  AVERAGE         68                        72     -4       83

PRECIPITATION (IN)
  TODAY            0.00          2.30 2009   0.14  -0.14     0.00
  MONTH TO DATE    2.68                      2.84  -0.16     3.96
  SINCE JUN 1      2.68                      2.84  -0.16     3.96
  SINCE JAN 1     18.61                     22.63  -4.02    28.12

SNOWFALL (IN)
  TODAY            0.0           0.0  2002   0.0    0.0      0.0
                                      2001
  MONTH TO DATE    0.0                       0.0    0.0      0.0
  SINCE OCT 1     50.3                      25.8   24.5     57.4
  SINCE JUL 1     50.3                      25.8   24.5     57.4
  SNOW DEPTH       0

DEGREE DAYS
 HEATING
  TODAY            0                         0      0        0
  MONTH TO DATE   33                        17     16        0
  SINCE JUN 1     33                        17     16        0
  SINCE JUL 1   4974                      4748    226     4962

 COOLING
  TODAY            3                         8     -5       18
  MONTH TO DATE  115                       103     12      116
  SINCE JUN 1    115                       103     12      116
  SINCE JAN 1    274                       172    102      170
..................................................................


WIND (MPH)
  HIGHEST WIND SPEED     8   HIGHEST WIND DIRECTION     S (200)
  HIGHEST GUST SPEED    15   HIGHEST GUST DIRECTION     S (170)
  AVERAGE WIND SPEED     4.2


SKY COVER
  AVERAGE SKY COVER 0.8


WEATHER CONDITIONS
 THE FOLLOWING WEATHER WAS RECORDED TODAY.
  NO SIGNIFICANT WEATHER WAS OBSERVED.


RELATIVE HUMIDITY (PERCENT)
 HIGHEST    81           300 PM
 LOWEST     66           100 PM
 AVERAGE    74

..........................................................


THE CENTRAL PARK NY CLIMATE NORMALS FOR TOMORROW
                         NORMAL    RECORD    YEAR
 MAXIMUM TEMPERATURE (F)   80        98      1994
 MINIMUM TEMPERATURE (F)   65        52      1920


SUNRISE AND SUNSET
JUNE 18 2015..........SUNRISE   524 AM EDT   SUNSET   830 PM EDT
JUNE 19 2015..........SUNRISE   524 AM EDT   SUNSET   830 PM EDT


-  INDICATES NEGATIVE NUMBERS.
R  INDICATES RECORD WAS SET OR TIED.
MM INDICATES DATA IS MISSING.
T  INDICATES TRACE AMOUNT.




$$
