000
CDUS41 KOKX 010633
CLINYC


CLIMATE REPORT
NATIONAL WEATHER SERVICE NEW YORK NY
232 AM EDT SAT NOV 1 2014


...................................

...THE CENTRAL PARK NY CLIMATE SUMMARY FOR OCTOBER 31 2014...

CLIMATE NORMAL PERIOD 1981 TO 2010
CLIMATE RECORD PERIOD 1869 TO 2014


WEATHER ITEM   OBSERVED TIME   RECORD YEAR NORMAL DEPARTURE LAST
                VALUE   (LST)  VALUE       VALUE  FROM      YEAR
                                                  NORMAL
..................................................................
TEMPERATURE (F)
 YESTERDAY
  MAXIMUM         55    602 PM  81    1946  59     -4       66
  MINIMUM         45    426 AM  29    1925  46     -1       53
                                      1887
  AVERAGE         50                        52     -2       60

PRECIPITATION (IN)
  YESTERDAY        0.05          2.41 1956   0.14  -0.09     0.06
  MONTH TO DATE    5.77                      4.40   1.37     0.36
  SINCE SEP 1      6.98                      8.68  -1.70     3.31
  SINCE JAN 1     43.24                     41.92   1.32    38.32

SNOWFALL (IN)
  YESTERDAY        0.0           0.0  2002   0.0    0.0      0.0
                                      2001
  MONTH TO DATE    0.0                       0.0    0.0      0.0
  SINCE OCT 1      0.0                       0.0    0.0      0.0
  SINCE JUL 1      0.0                       0.0    0.0      0.0
  SNOW DEPTH       0

DEGREE DAYS
 HEATING
  YESTERDAY       15                        13      2        5
  MONTH TO DATE  179                       268    -89      187
  SINCE SEP 1    201                       311   -110      223
  SINCE JUL 1    201                       313   -112      223

 COOLING
  YESTERDAY        0                         0      0        0
  MONTH TO DATE   20                        17      3       46
  SINCE SEP 1    190                       150     40      178
  SINCE JAN 1   1128                      1104     24     1271
..................................................................


WIND (MPH)
  HIGHEST WIND SPEED    15   HIGHEST WIND DIRECTION     E (70)
  HIGHEST GUST SPEED    23   HIGHEST GUST DIRECTION     E (70)
  AVERAGE WIND SPEED     6.4


SKY COVER
  AVERAGE SKY COVER 0.8


WEATHER CONDITIONS
 THE FOLLOWING WEATHER WAS RECORDED YESTERDAY.
  LIGHT RAIN
  FOG


RELATIVE HUMIDITY (PERCENT)
 HIGHEST    80          1000 PM
 LOWEST     50          1100 AM
 AVERAGE    65

..........................................................


THE CENTRAL PARK NY CLIMATE NORMALS FOR TODAY
                         NORMAL    RECORD    YEAR
 MAXIMUM TEMPERATURE (F)   59        84      1950
 MINIMUM TEMPERATURE (F)   46        30      1885


SUNRISE AND SUNSET
NOVEMBER  1 2014......SUNRISE   726 AM EDT   SUNSET   552 PM EDT
NOVEMBER  2 2014......SUNRISE   627 AM EST   SUNSET   451 PM EST


-  INDICATES NEGATIVE NUMBERS.
R  INDICATES RECORD WAS SET OR TIED.
MM INDICATES DATA IS MISSING.
T  INDICATES TRACE AMOUNT.




$$
