000
CDUS41 KOKX 250616
CLINYC


CLIMATE REPORT
NATIONAL WEATHER SERVICE NEW YORK NY
216 AM EDT TUE APR 25 2017


...................................

...THE CENTRAL PARK NY CLIMATE SUMMARY FOR APRIL 24 2017...

CLIMATE NORMAL PERIOD 1981 TO 2010
CLIMATE RECORD PERIOD 1869 TO 2017


WEATHER ITEM   OBSERVED TIME   RECORD YEAR NORMAL DEPARTURE LAST
                VALUE   (LST)  VALUE       VALUE  FROM      YEAR
                                                  NORMAL
..................................................................
TEMPERATURE (F)
 YESTERDAY
  MAXIMUM         60    210 PM  87    2001  64     -4       68
  MINIMUM         48    540 AM  31    1930  48      0       47
  AVERAGE         54                        56     -2       58

PRECIPITATION (IN)
  YESTERDAY        T             2.17 1968   0.14  -0.14     0.00
  MONTH TO DATE    2.53                      3.66  -1.13     1.32
  SINCE MAR 1      7.78                      8.02  -0.24     2.49
  SINCE JAN 1     15.09                     14.76   0.33    11.30

SNOWFALL (IN)
  YESTERDAY        0.0           0.5  1883   0.0    0.0      0.0
  MONTH TO DATE    0.0                       0.6   -0.6       T
  SINCE OCT 1     30.2                      25.8    4.4     32.8
  SINCE JUL 1     30.2                      25.8    4.4     32.8
  SNOW DEPTH       0

DEGREE DAYS
 HEATING
  YESTERDAY       11                        10      1        7
  MONTH TO DATE  234                       319    -85      295
  SINCE MAR 1   1027                      1019      8      793
  SINCE JUL 1   4010                      4541   -531     3540

 COOLING
  YESTERDAY        0                         1     -1        0
  MONTH TO DATE   17                         3     14       13
  SINCE MAR 1     17                         4     13       19
  SINCE JAN 1     17                         4     13       19
..................................................................


WIND (MPH)
  HIGHEST WIND SPEED    10   HIGHEST WIND DIRECTION    NE (60)
  HIGHEST GUST SPEED    14   HIGHEST GUST DIRECTION    NE (60)
  AVERAGE WIND SPEED     3.6


SKY COVER
  AVERAGE SKY COVER 0.5


WEATHER CONDITIONS
 THE FOLLOWING WEATHER WAS RECORDED YESTERDAY.
  NO SIGNIFICANT WEATHER WAS OBSERVED.


RELATIVE HUMIDITY (PERCENT)
 HIGHEST    80           500 AM
 LOWEST     51           100 PM
 AVERAGE    66

..........................................................


THE CENTRAL PARK NY CLIMATE NORMALS FOR TODAY
                         NORMAL    RECORD    YEAR
 MAXIMUM TEMPERATURE (F)   65        91      1915
 MINIMUM TEMPERATURE (F)   48        29      1919


SUNRISE AND SUNSET
APRIL 25 2017.........SUNRISE   602 AM EDT   SUNSET   746 PM EDT
APRIL 26 2017.........SUNRISE   601 AM EDT   SUNSET   747 PM EDT


-  INDICATES NEGATIVE NUMBERS.
R  INDICATES RECORD WAS SET OR TIED.
MM INDICATES DATA IS MISSING.
T  INDICATES TRACE AMOUNT.




$$
