000
CDUS41 KOKX 270616
CLINYC


CLIMATE REPORT
NATIONAL WEATHER SERVICE NEW YORK NY
216 AM EDT WED MAY 27 2015


...................................

...THE CENTRAL PARK NY CLIMATE SUMMARY FOR MAY 26 2015...

CLIMATE NORMAL PERIOD 1981 TO 2010
CLIMATE RECORD PERIOD 1869 TO 2015


WEATHER ITEM   OBSERVED TIME   RECORD YEAR NORMAL DEPARTURE LAST
                VALUE   (LST)  VALUE       VALUE  FROM      YEAR
                                                  NORMAL
..................................................................
TEMPERATURE (F)
 YESTERDAY
  MAXIMUM         88    145 PM  95    1880  74     14       86
  MINIMUM         67    610 AM  42    1967  57     10       66
  AVERAGE         78                        65     13       76

PRECIPITATION (IN)
  YESTERDAY        0.00          1.28 2003   0.15  -0.15     0.00
  MONTH TO DATE    0.32                      3.45  -3.13     4.32
  SINCE MAR 1      7.12                     12.31  -5.19    15.84
  SINCE JAN 1     14.39                     19.05  -4.66    24.11

SNOWFALL (IN)
  YESTERDAY        0.0           0.0  2002   0.0    0.0      0.0
                                      2001
  MONTH TO DATE    0.0                       0.0    0.0      0.0
  SINCE OCT 1     50.3                      25.8   24.5     57.4
  SINCE JUL 1     50.3                      25.8   24.5     57.4
  SNOW DEPTH       0

DEGREE DAYS
 HEATING
  YESTERDAY        0                         3     -3        0
  MONTH TO DATE   37                       127    -90       61
  SINCE MAR 1   1182                      1198    -16     1280
  SINCE JUL 1   4941                      4720    221     4950

 COOLING
  YESTERDAY       13                         3     10       11
  MONTH TO DATE  100                        41     59       40
  SINCE MAR 1    105                        53     52       44
  SINCE JAN 1    105                        53     52       44
..................................................................


WIND (MPH)
  HIGHEST WIND SPEED    12   HIGHEST WIND DIRECTION    SW (230)
  HIGHEST GUST SPEED    20   HIGHEST GUST DIRECTION     W (250)
  AVERAGE WIND SPEED     5.2


SKY COVER
  AVERAGE SKY COVER 0.0


WEATHER CONDITIONS
 THE FOLLOWING WEATHER WAS RECORDED YESTERDAY.
  NO SIGNIFICANT WEATHER WAS OBSERVED.


RELATIVE HUMIDITY (PERCENT)
 HIGHEST    68           600 AM
 LOWEST     40           100 PM
 AVERAGE    54

..........................................................


THE CENTRAL PARK NY CLIMATE NORMALS FOR TODAY
                         NORMAL    RECORD    YEAR
 MAXIMUM TEMPERATURE (F)   74        96      1880
 MINIMUM TEMPERATURE (F)   57        41      1961


SUNRISE AND SUNSET
MAY 27 2015...........SUNRISE   529 AM EDT   SUNSET   817 PM EDT
MAY 28 2015...........SUNRISE   529 AM EDT   SUNSET   818 PM EDT


-  INDICATES NEGATIVE NUMBERS.
R  INDICATES RECORD WAS SET OR TIED.
MM INDICATES DATA IS MISSING.
T  INDICATES TRACE AMOUNT.




$$
