000
CDUS41 KOKX 280617
CLINYC


CLIMATE REPORT
NATIONAL WEATHER SERVICE NEW YORK NY
216 AM EDT SAT MAR 28 2015


...................................

...THE CENTRAL PARK NY CLIMATE SUMMARY FOR MARCH 27 2015...

CLIMATE NORMAL PERIOD 1981 TO 2010
CLIMATE RECORD PERIOD 1869 TO 2015


WEATHER ITEM   OBSERVED TIME   RECORD YEAR NORMAL DEPARTURE LAST
                VALUE   (LST)  VALUE       VALUE  FROM      YEAR
                                                  NORMAL
..................................................................
TEMPERATURE (F)
 YESTERDAY
  MAXIMUM         46    441 PM  83    1998  54     -8       44
  MINIMUM         39    838 AM  20    1894  38      1       22
  AVERAGE         43                        46     -3       33

PRECIPITATION (IN)
  YESTERDAY        0.27          1.79 1919   0.16   0.11     0.00
  MONTH TO DATE    4.55                      3.75   0.80     1.31
  SINCE MAR 1      4.55                      3.75   0.80     1.31
  SINCE JAN 1     11.82                     10.49   1.33     9.58

SNOWFALL (IN)
  YESTERDAY        0.0           1.0  1886   0.1   -0.1      0.0
  MONTH TO DATE   18.6                       3.7   14.9      0.1
  SINCE OCT 1     50.3                      25.0   25.3     57.4
  SINCE JUL 1     50.3                      25.0   25.3     57.4
  SNOW DEPTH       0

DEGREE DAYS
 HEATING
  YESTERDAY       22                        19      3       32
  MONTH TO DATE  721                       626     95      773
  SINCE MAR 1    721                       626     95      773
  SINCE JUL 1   4480                      4148    332     4443

 COOLING
  YESTERDAY        0                         0      0        0
  MONTH TO DATE    0                         0      0        0
  SINCE MAR 1      0                         0      0        0
  SINCE JAN 1      0                         0      0        0
..................................................................


WIND (MPH)
  HIGHEST WIND SPEED    12   HIGHEST WIND DIRECTION     N (360)
  HIGHEST GUST SPEED    18   HIGHEST GUST DIRECTION     W (290)
  AVERAGE WIND SPEED     4.3


SKY COVER
  AVERAGE SKY COVER 0.8


WEATHER CONDITIONS
 THE FOLLOWING WEATHER WAS RECORDED YESTERDAY.
  RAIN
  LIGHT RAIN
  FOG


RELATIVE HUMIDITY (PERCENT)
 HIGHEST    89           400 AM
 LOWEST     49           700 PM
 AVERAGE    69

..........................................................


THE CENTRAL PARK NY CLIMATE NORMALS FOR TODAY
                         NORMAL    RECORD    YEAR
 MAXIMUM TEMPERATURE (F)   54        84      1945
 MINIMUM TEMPERATURE (F)   39        13      1923


SUNRISE AND SUNSET
MARCH 28 2015.........SUNRISE   646 AM EDT   SUNSET   716 PM EDT
MARCH 29 2015.........SUNRISE   645 AM EDT   SUNSET   717 PM EDT


-  INDICATES NEGATIVE NUMBERS.
R  INDICATES RECORD WAS SET OR TIED.
MM INDICATES DATA IS MISSING.
T  INDICATES TRACE AMOUNT.




$$
