000
CDUS41 KOKX 260645
CLINYC


CLIMATE REPORT
NATIONAL WEATHER SERVICE NEW YORK NY
245 AM EDT THU OCT 26 2017


...................................

...THE CENTRAL PARK NY CLIMATE SUMMARY FOR OCTOBER 25 2017...

CLIMATE NORMAL PERIOD 1981 TO 2010
CLIMATE RECORD PERIOD 1869 TO 2017


WEATHER ITEM   OBSERVED TIME   RECORD YEAR NORMAL DEPARTURE LAST
                VALUE   (LST)  VALUE       VALUE  FROM      YEAR
                                                  NORMAL
..................................................................
TEMPERATURE (F)
 YESTERDAY
  MAXIMUM         67   1230 AM  79    1963  61      6       52
  MINIMUM         57   1159 PM  29    1879  47     10       43
  AVERAGE         62                        54      8       48

PRECIPITATION (IN)
  YESTERDAY        0.00          3.30 1913   0.15  -0.15     0.00
  MONTH TO DATE    0.90                      3.59  -2.69     2.18
  SINCE SEP 1      2.90                      7.87  -4.97     4.97
  SINCE JAN 1     37.97                     41.11  -3.14    31.90

SNOWFALL (IN)
  YESTERDAY        0.0           0.0  2001   0.0    0.0      0.0
  MONTH TO DATE    0.0                       0.0    0.0      0.0
  SINCE OCT 1      0.0                       0.0    0.0      0.0
  SINCE JUL 1      0.0                       0.0    0.0      0.0
  SNOW DEPTH       0

DEGREE DAYS
 HEATING
  YESTERDAY        3                        11     -8       17
  MONTH TO DATE   49                       196   -147      133
  SINCE SEP 1     66                       239   -173      150
  SINCE JUL 1     66                       241   -175      150

 COOLING
  YESTERDAY        0                         0      0        0
  MONTH TO DATE   80                        13     67       29
  SINCE SEP 1    270                       146    124      257
  SINCE JAN 1   1264                      1100    164     1489
..................................................................


WIND (MPH)
  HIGHEST WIND SPEED     9   HIGHEST WIND DIRECTION     W (280)
  HIGHEST GUST SPEED    17   HIGHEST GUST DIRECTION    NW (300)
  AVERAGE WIND SPEED     2.0


SKY COVER
  AVERAGE SKY COVER 0.4


WEATHER CONDITIONS
 THE FOLLOWING WEATHER WAS RECORDED YESTERDAY.
  FOG


RELATIVE HUMIDITY (PERCENT)
 HIGHEST    93           100 AM
 LOWEST     43           200 PM
 AVERAGE    68

..........................................................


THE CENTRAL PARK NY CLIMATE NORMALS FOR TODAY
                         NORMAL    RECORD    YEAR
 MAXIMUM TEMPERATURE (F)   61        78      1964
                                             1963
 MINIMUM TEMPERATURE (F)   47        30      1879


SUNRISE AND SUNSET
OCTOBER 26 2017.......SUNRISE   720 AM EDT   SUNSET   559 PM EDT
OCTOBER 27 2017.......SUNRISE   721 AM EDT   SUNSET   558 PM EDT


-  INDICATES NEGATIVE NUMBERS.
R  INDICATES RECORD WAS SET OR TIED.
MM INDICATES DATA IS MISSING.
T  INDICATES TRACE AMOUNT.




$$
