000
CDUS41 KOKX 052136
CLINYC


CLIMATE REPORT
NATIONAL WEATHER SERVICE NEW YORK NY
435 PM EST FRI DEC 5 2014


...................................

...THE CENTRAL PARK NY CLIMATE SUMMARY FOR DECEMBER 5 2014...
VALID TODAY AS OF 0400 PM LOCAL TIME.

CLIMATE NORMAL PERIOD 1981 TO 2010
CLIMATE RECORD PERIOD 1869 TO 2014


WEATHER ITEM   OBSERVED TIME   RECORD YEAR NORMAL DEPARTURE LAST
                VALUE   (LST)  VALUE       VALUE  FROM      YEAR
                                                  NORMAL
..................................................................
TEMPERATURE (F)
 TODAY
  MAXIMUM         43    359 PM  70    2001  47     -4       60
  MINIMUM         34    735 AM  11    1926  35     -1       48
  AVERAGE         39                        41     -2       54

PRECIPITATION (IN)
  TODAY            0.00          1.28 1993   0.14  -0.14     0.01
  MONTH TO DATE    0.23                      0.71  -0.48     0.01
  SINCE DEC 1      0.23                      0.71  -0.48     0.01
  SINCE JAN 1     47.98                     46.65   1.33    41.48

SNOWFALL (IN)
  TODAY            0.0           8.1  1886   0.1   -0.1      0.0
  MONTH TO DATE    0.0                       0.4   -0.4      0.0
  SINCE OCT 1      0.2                       0.7   -0.5       T
  SINCE JUL 1      0.2                       0.7   -0.5       T
  SNOW DEPTH       0

DEGREE DAYS
 HEATING
  TODAY           26                        24      2       11
  MONTH TO DATE  108                       117     -9       90
  SINCE DEC 1    108                       117     -9       90
  SINCE JUL 1    893                       950    -57      898

 COOLING
  TODAY            0                         0      0        0
  MONTH TO DATE    0                         0      0        0
  SINCE DEC 1      0                         0      0        0
  SINCE JAN 1   1128                      1105     23     1271
..................................................................


WIND (MPH)
  HIGHEST WIND SPEED    17   HIGHEST WIND DIRECTION    NE (60)
  HIGHEST GUST SPEED    21   HIGHEST GUST DIRECTION    NE (60)
  AVERAGE WIND SPEED     7.7


SKY COVER
  AVERAGE SKY COVER 0.5


WEATHER CONDITIONS
 THE FOLLOWING WEATHER WAS RECORDED TODAY.
  NO SIGNIFICANT WEATHER WAS OBSERVED.


RELATIVE HUMIDITY (PERCENT)
 HIGHEST    70          1100 AM
 LOWEST     48          1200 AM
 AVERAGE    59

..........................................................


THE CENTRAL PARK NY CLIMATE NORMALS FOR TOMORROW
                         NORMAL    RECORD    YEAR
 MAXIMUM TEMPERATURE (F)   46        71      2001
 MINIMUM TEMPERATURE (F)   35        11      1871


SUNRISE AND SUNSET
DECEMBER  5 2014......SUNRISE   705 AM EST   SUNSET   428 PM EST
DECEMBER  6 2014......SUNRISE   706 AM EST   SUNSET   428 PM EST


-  INDICATES NEGATIVE NUMBERS.
R  INDICATES RECORD WAS SET OR TIED.
MM INDICATES DATA IS MISSING.
T  INDICATES TRACE AMOUNT.




$$
