000
CDUS41 KOKX 010626
CLINYC


CLIMATE REPORT
NATIONAL WEATHER SERVICE NEW YORK NY
226 AM EDT THU JUN 1 2017


...................................

...THE CENTRAL PARK NY CLIMATE SUMMARY FOR MAY 31 2017...

CLIMATE NORMAL PERIOD 1981 TO 2010
CLIMATE RECORD PERIOD 1869 TO 2017


WEATHER ITEM   OBSERVED TIME   RECORD YEAR NORMAL DEPARTURE LAST
                VALUE   (LST)  VALUE       VALUE  FROM      YEAR
                                                  NORMAL
..................................................................
TEMPERATURE (F)
 YESTERDAY
  MAXIMUM         75    524 PM  96    1939  75      0       85
                                      1895
  MINIMUM         58    630 AM  46    1938  59     -1       71
                                      1930
                                      1924
  AVERAGE         67                        67      0       78

PRECIPITATION (IN)
  YESTERDAY        0.03          3.13 1940   0.15  -0.12     0.00
  MONTH TO DATE    6.38                      4.19   2.19     3.75
  SINCE MAR 1     15.47                     13.05   2.42     6.53
  SINCE JAN 1     22.78                     19.79   2.99    15.34

SNOWFALL (IN)
  YESTERDAY        0.0           0.0  2002   0.0    0.0      0.0
                                      2001
  MONTH TO DATE    0.0                       0.0    0.0      0.0
  SINCE OCT 1     30.2                      25.8    4.4     32.8
  SINCE JUL 1     30.2                      25.8    4.4     32.8
  SNOW DEPTH       0

DEGREE DAYS
 HEATING
  YESTERDAY        0                         2     -2        0
  MONTH TO DATE  165                       138     27      161
  SINCE MAR 1   1219                      1209     10     1014
  SINCE JUL 1   4202                      4731   -529     3761

 COOLING
  YESTERDAY        2                         4     -2       13
  MONTH TO DATE   55                        57     -2      100
  SINCE MAR 1     89                        69     20      119
  SINCE JAN 1     89                        69     20      119
..................................................................


WIND (MPH)
  HIGHEST WIND SPEED    12   HIGHEST WIND DIRECTION    NE (60)
  HIGHEST GUST SPEED    17   HIGHEST GUST DIRECTION    NE (50)
  AVERAGE WIND SPEED     2.5


SKY COVER
  AVERAGE SKY COVER 0.5


WEATHER CONDITIONS
 THE FOLLOWING WEATHER WAS RECORDED YESTERDAY.
  LIGHT RAIN
  FOG


RELATIVE HUMIDITY (PERCENT)
 HIGHEST   100          1200 AM
 LOWEST     60           400 PM
 AVERAGE    80

..........................................................


THE CENTRAL PARK NY CLIMATE NORMALS FOR TODAY
                         NORMAL    RECORD    YEAR
 MAXIMUM TEMPERATURE (F)   75        96      1895
 MINIMUM TEMPERATURE (F)   59        44      1945


SUNRISE AND SUNSET
JUNE  1 2017..........SUNRISE   527 AM EDT   SUNSET   821 PM EDT
JUNE  2 2017..........SUNRISE   526 AM EDT   SUNSET   822 PM EDT


-  INDICATES NEGATIVE NUMBERS.
R  INDICATES RECORD WAS SET OR TIED.
MM INDICATES DATA IS MISSING.
T  INDICATES TRACE AMOUNT.




$$
