000
CDUS41 KOKX 230616
CLINYC


CLIMATE REPORT
NATIONAL WEATHER SERVICE NEW YORK NY
215 AM EDT THU OCT 23 2014


...................................

...THE CENTRAL PARK NY CLIMATE SUMMARY FOR OCTOBER 22 2014...

CLIMATE NORMAL PERIOD 1981 TO 2010
CLIMATE RECORD PERIOD 1869 TO 2014


WEATHER ITEM   OBSERVED TIME   RECORD YEAR NORMAL DEPARTURE LAST
                VALUE   (LST)  VALUE       VALUE  FROM      YEAR
                                                  NORMAL
..................................................................
TEMPERATURE (F)
 YESTERDAY
  MAXIMUM         58    242 AM  88    1979  62     -4       67
  MINIMUM         50   1040 PM  30    1940  48      2       51
  AVERAGE         54                        55     -1       59

PRECIPITATION (IN)
  YESTERDAY        1.51R         1.45 1984   0.15   1.36     0.00
  MONTH TO DATE    5.10                      3.16   1.94     0.30
  SINCE SEP 1      6.31                      7.44  -1.13     3.25
  SINCE JAN 1     42.57                     40.68   1.89    38.26

SNOWFALL (IN)
  YESTERDAY        0.0           0.0  2002   0.0    0.0      0.0
                                      2001
  MONTH TO DATE    0.0                       0.0    0.0      0.0
  SINCE OCT 1      0.0                       0.0    0.0      0.0
  SINCE JUL 1      0.0                       0.0    0.0      0.0
  SNOW DEPTH       0

DEGREE DAYS
 HEATING
  YESTERDAY       11                        10      1        6
  MONTH TO DATE  104                       163    -59       63
  SINCE SEP 1    126                       206    -80       99
  SINCE JUL 1    126                       208    -82       99

 COOLING
  YESTERDAY        0                         0      0        0
  MONTH TO DATE   20                        13      7       46
  SINCE SEP 1    190                       146     44      178
  SINCE JAN 1   1128                      1100     28     1271
..................................................................


WIND (MPH)
  HIGHEST WIND SPEED    18   HIGHEST WIND DIRECTION    NE (30)
  HIGHEST GUST SPEED    30   HIGHEST GUST DIRECTION    NE (50)
  AVERAGE WIND SPEED     9.4


SKY COVER
  AVERAGE SKY COVER 1.0


WEATHER CONDITIONS
 THE FOLLOWING WEATHER WAS RECORDED YESTERDAY.
  HEAVY RAIN
  RAIN
  LIGHT RAIN
  FOG
  HAZE


RELATIVE HUMIDITY (PERCENT)
 HIGHEST    93           400 AM
 LOWEST     77           100 PM
 AVERAGE    85

..........................................................


THE CENTRAL PARK NY CLIMATE NORMALS FOR TODAY
                         NORMAL    RECORD    YEAR
 MAXIMUM TEMPERATURE (F)   61        85      1947
 MINIMUM TEMPERATURE (F)   48        32      1969


SUNRISE AND SUNSET
OCTOBER 23 2014.......SUNRISE   716 AM EDT   SUNSET   604 PM EDT
OCTOBER 24 2014.......SUNRISE   717 AM EDT   SUNSET   603 PM EDT


-  INDICATES NEGATIVE NUMBERS.
R  INDICATES RECORD WAS SET OR TIED.
MM INDICATES DATA IS MISSING.
T  INDICATES TRACE AMOUNT.




$$
