324
CDUS41 KOKX 210620
CLINYC


CLIMATE REPORT
NATIONAL WEATHER SERVICE NEW YORK NY
119 AM EST TUE FEB 21 2017


...................................

...THE CENTRAL PARK NY CLIMATE SUMMARY FOR FEBRUARY 20 2017...

CLIMATE NORMAL PERIOD 1981 TO 2010
CLIMATE RECORD PERIOD 1869 TO 2017


WEATHER ITEM   OBSERVED TIME   RECORD YEAR NORMAL DEPARTURE LAST
                VALUE   (LST)  VALUE       VALUE  FROM      YEAR
                                                  NORMAL
..................................................................
TEMPERATURE (F)
 YESTERDAY
  MAXIMUM         55    253 PM  69    1939  43     12       61
                                      1930
  MINIMUM         39   1159 PM   2    2015  30      9       39
  AVERAGE         47                        36     11       50

PRECIPITATION (IN)
  YESTERDAY        0.00          3.07 1898   0.11  -0.11     0.00
  MONTH TO DATE    1.94                      2.16  -0.22     2.78
  SINCE DEC 1      9.66                      9.81  -0.15    11.91
  SINCE JAN 1      6.77                      5.81   0.96     7.19

SNOWFALL (IN)
  YESTERDAY        0.0          12.5  1921   0.3   -0.3      0.0
  MONTH TO DATE    9.4                       6.7    2.7      4.0
  SINCE OCT 1     20.5                      18.8    1.7     31.9
  SINCE JUL 1     20.5                      18.8    1.7     31.9
  SNOW DEPTH       0

DEGREE DAYS
 HEATING
  YESTERDAY       18                        29    -11       15
  MONTH TO DATE  530                       609    -79      600
  SINCE DEC 1   2178                      2465   -287     1974
  SINCE JUL 1   2865                      3298   -433     2562

 COOLING
  YESTERDAY        0                         0      0        0
  MONTH TO DATE    0                         0      0        0
  SINCE DEC 1      0                         0      0        3
  SINCE JAN 1      0                         0      0        0
..................................................................


WIND (MPH)
  HIGHEST WIND SPEED    18   HIGHEST WIND DIRECTION    NE (60)
  HIGHEST GUST SPEED    25   HIGHEST GUST DIRECTION    NE (40)
  AVERAGE WIND SPEED     7.4


SKY COVER
  AVERAGE SKY COVER 0.0


WEATHER CONDITIONS
 THE FOLLOWING WEATHER WAS RECORDED YESTERDAY.
  NO SIGNIFICANT WEATHER WAS OBSERVED.


RELATIVE HUMIDITY (PERCENT)
 HIGHEST    58           500 AM
 LOWEST     18           400 PM
 AVERAGE    38

..........................................................


THE CENTRAL PARK NY CLIMATE NORMALS FOR TODAY
                         NORMAL    RECORD    YEAR
 MAXIMUM TEMPERATURE (F)   43        68      1930
 MINIMUM TEMPERATURE (F)   30         4      1896


SUNRISE AND SUNSET
FEBRUARY 21 2017......SUNRISE   641 AM EST   SUNSET   538 PM EST
FEBRUARY 22 2017......SUNRISE   640 AM EST   SUNSET   539 PM EST


-  INDICATES NEGATIVE NUMBERS.
R  INDICATES RECORD WAS SET OR TIED.
MM INDICATES DATA IS MISSING.
T  INDICATES TRACE AMOUNT.




$$
