000
CDUS41 KOKX 262032
CLINYC


CLIMATE REPORT
NATIONAL WEATHER SERVICE NEW YORK NY
432 PM EDT SAT JUL 26 2014


...................................

...THE CENTRAL PARK NY CLIMATE SUMMARY FOR JULY 26 2014...
VALID TODAY AS OF 0400 PM LOCAL TIME.

CLIMATE NORMAL PERIOD 1981 TO 2010
CLIMATE RECORD PERIOD 1869 TO 2014


WEATHER ITEM   OBSERVED TIME   RECORD YEAR NORMAL DEPARTURE LAST
                VALUE   (LST)  VALUE       VALUE  FROM      YEAR
                                                  NORMAL
..................................................................
TEMPERATURE (F)
 TODAY
  MAXIMUM         81    114 PM  98    1940  84     -3       83
  MINIMUM         69    626 AM  55    1920  69      0       65
  AVERAGE         75                        77     -2       74

PRECIPITATION (IN)
  TODAY            0.00          3.80 1872   0.16  -0.16     0.00
  MONTH TO DATE    5.38                      3.76   1.62     2.59
  SINCE JUN 1      9.64                      8.17   1.47    12.69
  SINCE JAN 1     33.80                     27.96   5.84    31.91

SNOWFALL (IN)
  TODAY            0.0           0.0  2002   0.0    0.0      0.0
                                      2001
  MONTH TO DATE    0.0                       0.0    0.0      0.0
  SINCE OCT 1     57.4                      25.8   31.6     26.1
  SINCE JUL 1      0.0                       0.0    0.0      0.0
  SNOW DEPTH       0

DEGREE DAYS
 HEATING
  TODAY            0                         0      0        0
  MONTH TO DATE    0                         0      0        0
  SINCE JUN 1      0                        19    -19        9
  SINCE JUL 1      0                         0      0        0

 COOLING
  TODAY           10                        12     -2        9
  MONTH TO DATE  306                       300      6      412
  SINCE JUN 1    538                       512     26      657
  SINCE JAN 1    592                       581     11      736
..................................................................


WIND (MPH)
  HIGHEST WIND SPEED     9   HIGHEST WIND DIRECTION     W (250)
  HIGHEST GUST SPEED    16   HIGHEST GUST DIRECTION     W (250)
  AVERAGE WIND SPEED     4.1


SKY COVER
  AVERAGE SKY COVER 0.3


WEATHER CONDITIONS
 THE FOLLOWING WEATHER WAS RECORDED TODAY.
  NO SIGNIFICANT WEATHER WAS OBSERVED.


RELATIVE HUMIDITY (PERCENT)
 HIGHEST    70           300 AM
 LOWEST     51           100 PM
 AVERAGE    61

..........................................................


THE CENTRAL PARK NY CLIMATE NORMALS FOR TOMORROW
                         NORMAL    RECORD    YEAR
 MAXIMUM TEMPERATURE (F)   84        98      1963
                                             1940
 MINIMUM TEMPERATURE (F)   69        55      1920


SUNRISE AND SUNSET
JULY 26 2014..........SUNRISE   547 AM EDT   SUNSET   818 PM EDT
JULY 27 2014..........SUNRISE   548 AM EDT   SUNSET   817 PM EDT


-  INDICATES NEGATIVE NUMBERS.
R  INDICATES RECORD WAS SET OR TIED.
MM INDICATES DATA IS MISSING.
T  INDICATES TRACE AMOUNT.




$$
