000
CDUS41 KOKX 220616
CLINYC


CLIMATE REPORT
NATIONAL WEATHER SERVICE NEW YORK NY
216 AM EDT WED OCT 22 2014


...................................

...THE CENTRAL PARK NY CLIMATE SUMMARY FOR OCTOBER 21 2014...

CLIMATE NORMAL PERIOD 1981 TO 2010
CLIMATE RECORD PERIOD 1869 TO 2014


WEATHER ITEM   OBSERVED TIME   RECORD YEAR NORMAL DEPARTURE LAST
                VALUE   (LST)  VALUE       VALUE  FROM      YEAR
                                                  NORMAL
..................................................................
TEMPERATURE (F)
 YESTERDAY
  MAXIMUM         67    135 PM  84    1920  62      5       66
  MINIMUM         55   1159 PM  32    1974  48      7       50
  AVERAGE         61                        55      6       58

PRECIPITATION (IN)
  YESTERDAY        0.11          2.17 1995   0.14  -0.03     0.00
  MONTH TO DATE    3.59                      3.01   0.58     0.30
  SINCE SEP 1      4.80                      7.29  -2.49     3.25
  SINCE JAN 1     41.06                     40.53   0.53    38.26

SNOWFALL (IN)
  YESTERDAY        0.0           0.0  2002   0.0    0.0      0.0
                                      2001
  MONTH TO DATE    0.0                       0.0    0.0      0.0
  SINCE OCT 1      0.0                       0.0    0.0      0.0
  SINCE JUL 1      0.0                       0.0    0.0      0.0
  SNOW DEPTH       0

DEGREE DAYS
 HEATING
  YESTERDAY        4                        10     -6        7
  MONTH TO DATE   93                       153    -60       57
  SINCE SEP 1    115                       196    -81       93
  SINCE JUL 1    115                       198    -83       93

 COOLING
  YESTERDAY        0                         0      0        0
  MONTH TO DATE   20                        13      7       46
  SINCE SEP 1    190                       146     44      178
  SINCE JAN 1   1128                      1100     28     1271
..................................................................


WIND (MPH)
  HIGHEST WIND SPEED    12   HIGHEST WIND DIRECTION    SE (140)
  HIGHEST GUST SPEED    18   HIGHEST GUST DIRECTION    SE (150)
  AVERAGE WIND SPEED     3.6


SKY COVER
  AVERAGE SKY COVER 0.5


WEATHER CONDITIONS
 THE FOLLOWING WEATHER WAS RECORDED YESTERDAY.
  HEAVY RAIN
  RAIN
  FOG


RELATIVE HUMIDITY (PERCENT)
 HIGHEST    93          1000 PM
 LOWEST     48          1000 AM
 AVERAGE    71

..........................................................


THE CENTRAL PARK NY CLIMATE NORMALS FOR TODAY
                         NORMAL    RECORD    YEAR
 MAXIMUM TEMPERATURE (F)   62        88      1979
 MINIMUM TEMPERATURE (F)   48        30      1940


SUNRISE AND SUNSET
OCTOBER 22 2014.......SUNRISE   715 AM EDT   SUNSET   605 PM EDT
OCTOBER 23 2014.......SUNRISE   716 AM EDT   SUNSET   604 PM EDT


-  INDICATES NEGATIVE NUMBERS.
R  INDICATES RECORD WAS SET OR TIED.
MM INDICATES DATA IS MISSING.
T  INDICATES TRACE AMOUNT.




$$
