000
CDUS41 KOKX 170614
CLINYC


CLIMATE REPORT
NATIONAL WEATHER SERVICE NEW YORK NY
114 AM EST FRI FEB 17 2017


...................................

...THE CENTRAL PARK NY CLIMATE SUMMARY FOR FEBRUARY 16 2017...

CLIMATE NORMAL PERIOD 1981 TO 2010
CLIMATE RECORD PERIOD 1869 TO 2017


WEATHER ITEM   OBSERVED TIME   RECORD YEAR NORMAL DEPARTURE LAST
                VALUE   (LST)  VALUE       VALUE  FROM      YEAR
                                                  NORMAL
..................................................................
TEMPERATURE (F)
 YESTERDAY
  MAXIMUM         35    337 PM  71    1954  42     -7       54
  MINIMUM         28   1159 PM   1    1888  29     -1       35
  AVERAGE         32                        35     -3       45

PRECIPITATION (IN)
  YESTERDAY        0.00          1.40 1885   0.12  -0.12     1.01
  MONTH TO DATE    1.94                      1.72   0.22     2.78
  SINCE DEC 1      9.66                      9.37   0.29    11.91
  SINCE JAN 1      6.77                      5.37   1.40     7.19

SNOWFALL (IN)
  YESTERDAY        0.0           9.9  1996   0.3   -0.3      0.0
  MONTH TO DATE    9.4                       5.3    4.1      4.0
  SINCE OCT 1     20.5                      17.4    3.1     31.9
  SINCE JUL 1     20.5                      17.4    3.1     31.9
  SNOW DEPTH       0

DEGREE DAYS
 HEATING
  YESTERDAY       33                        30      3       20
  MONTH TO DATE  459                       493    -34      491
  SINCE DEC 1   2107                      2349   -242     1865
  SINCE JUL 1   2794                      3182   -388     2453

 COOLING
  YESTERDAY        0                         0      0        0
  MONTH TO DATE    0                         0      0        0
  SINCE DEC 1      0                         0      0        3
  SINCE JAN 1      0                         0      0        0
..................................................................


WIND (MPH)
  HIGHEST WIND SPEED    17   HIGHEST WIND DIRECTION    NW (310)
  HIGHEST GUST SPEED    29   HIGHEST GUST DIRECTION    NW (310)
  AVERAGE WIND SPEED    10.5


SKY COVER
  AVERAGE SKY COVER 0.5


WEATHER CONDITIONS
 THE FOLLOWING WEATHER WAS RECORDED YESTERDAY.
  NO SIGNIFICANT WEATHER WAS OBSERVED.


RELATIVE HUMIDITY (PERCENT)
 HIGHEST    64          1200 AM
 LOWEST     43           400 PM
 AVERAGE    54

..........................................................


THE CENTRAL PARK NY CLIMATE NORMALS FOR TODAY
                         NORMAL    RECORD    YEAR
 MAXIMUM TEMPERATURE (F)   42        67      1976
 MINIMUM TEMPERATURE (F)   29        -5      1896


SUNRISE AND SUNSET
FEBRUARY 17 2017......SUNRISE   647 AM EST   SUNSET   533 PM EST
FEBRUARY 18 2017......SUNRISE   646 AM EST   SUNSET   534 PM EST


-  INDICATES NEGATIVE NUMBERS.
R  INDICATES RECORD WAS SET OR TIED.
MM INDICATES DATA IS MISSING.
T  INDICATES TRACE AMOUNT.




$$
