000
CDUS41 KOKX 170622
CLINYC


CLIMATE REPORT
NATIONAL WEATHER SERVICE NEW YORK NY
222 AM EDT THU APR 17 2014


...................................

...THE CENTRAL PARK NY CLIMATE SUMMARY FOR APRIL 16 2014...

CLIMATE NORMAL PERIOD 1981 TO 2010
CLIMATE RECORD PERIOD 1869 TO 2014


WEATHER ITEM   OBSERVED TIME   RECORD YEAR NORMAL DEPARTURE LAST
                VALUE   (LST)  VALUE       VALUE  FROM      YEAR
                                                  NORMAL
..................................................................
TEMPERATURE (F)
 YESTERDAY
  MAXIMUM         49    441 PM  92    2002  62    -13       63
  MINIMUM         31    645 AM  29    1928  45    -14       47
  AVERAGE         40                        53    -13       55

PRECIPITATION (IN)
  YESTERDAY        0.05          3.29 1983   0.14  -0.09     0.00
  MONTH TO DATE    1.90                      2.52  -0.62     1.13
  SINCE MAR 1      5.57                      6.88  -1.31     4.03
  SINCE JAN 1     13.84                     13.62   0.22    11.04

SNOWFALL (IN)
  YESTERDAY        T   R         T    1943   0.0    0.0      0.0
                                      2000
                                      2000
  MONTH TO DATE    T                         0.5   -0.5      0.0
  SINCE OCT 1     57.4                      25.7   31.7     26.1
  SINCE JUL 1     57.4                      25.7   31.7     26.1
  SNOW DEPTH       0

DEGREE DAYS
 HEATING
  YESTERDAY       25                        12     13       10
  MONTH TO DATE  194                       234    -40      225
  SINCE MAR 1   1036                       934    102      988
  SINCE JUL 1   4706                      4456    250     4361

 COOLING
  YESTERDAY        0                         0      0        0
  MONTH TO DATE    4                         0      4        2
  SINCE MAR 1      4                         1      3        2
  SINCE JAN 1      4                         1      3        2
..................................................................


WIND (MPH)
  HIGHEST WIND SPEED    16   HIGHEST WIND DIRECTION    NW (310)
  HIGHEST GUST SPEED    31   HIGHEST GUST DIRECTION    NW (300)
  AVERAGE WIND SPEED     7.6


SKY COVER
  AVERAGE SKY COVER 0.2


WEATHER CONDITIONS
 THE FOLLOWING WEATHER WAS RECORDED YESTERDAY.
  LIGHT RAIN
  LIGHT SNOW
  FOG


RELATIVE HUMIDITY (PERCENT)
 HIGHEST    70           100 AM
 LOWEST     26           500 PM
 AVERAGE    48

..........................................................


THE CENTRAL PARK NY CLIMATE NORMALS FOR TODAY
                         NORMAL    RECORD    YEAR
 MAXIMUM TEMPERATURE (F)   62        96      2002
 MINIMUM TEMPERATURE (F)   45        28      1875


SUNRISE AND SUNSET
APRIL 17 2014.........SUNRISE   614 AM EDT   SUNSET   737 PM EDT
APRIL 18 2014.........SUNRISE   613 AM EDT   SUNSET   738 PM EDT


-  INDICATES NEGATIVE NUMBERS.
R  INDICATES RECORD WAS SET OR TIED.
MM INDICATES DATA IS MISSING.
T  INDICATES TRACE AMOUNT.




$$
