000
CDUS41 KOKX 200616
CLINYC


CLIMATE REPORT
NATIONAL WEATHER SERVICE NEW YORK NY
216 AM EDT WED AUG 20 2014


...................................

...THE CENTRAL PARK NY CLIMATE SUMMARY FOR AUGUST 19 2014...

CLIMATE NORMAL PERIOD 1981 TO 2010
CLIMATE RECORD PERIOD 1869 TO 2014


WEATHER ITEM   OBSERVED TIME   RECORD YEAR NORMAL DEPARTURE LAST
                VALUE   (LST)  VALUE       VALUE  FROM      YEAR
                                                  NORMAL
..................................................................
TEMPERATURE (F)
 YESTERDAY
  MAXIMUM         83    137 PM  94    2002  83      0       79
                                      1966
                                      1914
  MINIMUM         63    454 AM  55    1924  68     -5       66
  AVERAGE         73                        75     -2       73

PRECIPITATION (IN)
  YESTERDAY        0.00          2.53 1991   0.15  -0.15      T
  MONTH TO DATE    1.21                      2.85  -1.64     2.12
  SINCE JUN 1     11.06                     11.86  -0.80    15.06
  SINCE JAN 1     35.22                     31.65   3.57    34.28

SNOWFALL (IN)
  YESTERDAY        0.0           0.0  2002   0.0    0.0      0.0
                                      2001
  MONTH TO DATE    0.0                       0.0    0.0      0.0
  SINCE OCT 1     57.4                      25.8   31.6     26.1
  SINCE JUL 1      0.0                       0.0    0.0      0.0
  SNOW DEPTH       0

DEGREE DAYS
 HEATING
  YESTERDAY        0                         0      0        0
  MONTH TO DATE    0                         0      0        0
  SINCE JUN 1      0                        19    -19        9
  SINCE JUL 1      0                         0      0        0

 COOLING
  YESTERDAY        8                        10     -2        8
  MONTH TO DATE  178                       206    -28      159
  SINCE JUN 1    761                       773    -12      868
  SINCE JAN 1    815                       842    -27      947
..................................................................


WIND (MPH)
  HIGHEST WIND SPEED     9   HIGHEST WIND DIRECTION    NE (60)
  HIGHEST GUST SPEED    14   HIGHEST GUST DIRECTION     S (180)
  AVERAGE WIND SPEED     3.9


SKY COVER
  AVERAGE SKY COVER 0.1


WEATHER CONDITIONS
 THE FOLLOWING WEATHER WAS RECORDED YESTERDAY.
  HAZE


RELATIVE HUMIDITY (PERCENT)
 HIGHEST    79           900 PM
 LOWEST     48           100 PM
 AVERAGE    64

..........................................................


THE CENTRAL PARK NY CLIMATE NORMALS FOR TODAY
                         NORMAL    RECORD    YEAR
 MAXIMUM TEMPERATURE (F)   82        97      1955
 MINIMUM TEMPERATURE (F)   68        55      1949


SUNRISE AND SUNSET
AUGUST 20 2014........SUNRISE   611 AM EDT   SUNSET   747 PM EDT
AUGUST 21 2014........SUNRISE   612 AM EDT   SUNSET   745 PM EDT


-  INDICATES NEGATIVE NUMBERS.
R  INDICATES RECORD WAS SET OR TIED.
MM INDICATES DATA IS MISSING.
T  INDICATES TRACE AMOUNT.




$$
