000
CDUS41 KOKX 240617
CLINYC


CLIMATE REPORT
NATIONAL WEATHER SERVICE NEW YORK NY
216 AM EDT SUN MAY 24 2015


...................................

...THE CENTRAL PARK NY CLIMATE SUMMARY FOR MAY 23 2015...

CLIMATE NORMAL PERIOD 1981 TO 2010
CLIMATE RECORD PERIOD 1869 TO 2015


WEATHER ITEM   OBSERVED TIME   RECORD YEAR NORMAL DEPARTURE LAST
                VALUE   (LST)  VALUE       VALUE  FROM      YEAR
                                                  NORMAL
..................................................................
TEMPERATURE (F)
 YESTERDAY
  MAXIMUM         70    417 PM  94    1964  73     -3       71
  MINIMUM         49    610 AM  43    1963  56     -7       56
  AVERAGE         60                        64     -4       64

PRECIPITATION (IN)
  YESTERDAY        0.00          2.70 1979   0.15  -0.15     0.91
  MONTH TO DATE    0.32                      3.00  -2.68     3.92
  SINCE MAR 1      7.12                     11.86  -4.74    15.44
  SINCE JAN 1     14.39                     18.60  -4.21    23.71

SNOWFALL (IN)
  YESTERDAY        0.0           0.0  2002   0.0    0.0      0.0
                                      2001
  MONTH TO DATE    0.0                       0.0    0.0      0.0
  SINCE OCT 1     50.3                      25.8   24.5     57.4
  SINCE JUL 1     50.3                      25.8   24.5     57.4
  SNOW DEPTH       0

DEGREE DAYS
 HEATING
  YESTERDAY        5                         3      2        1
  MONTH TO DATE   37                       118    -81       60
  SINCE MAR 1   1182                      1189     -7     1279
  SINCE JUL 1   4941                      4711    230     4949

 COOLING
  YESTERDAY        0                         2     -2        0
  MONTH TO DATE   73                        32     41       26
  SINCE MAR 1     78                        44     34       30
  SINCE JAN 1     78                        44     34       30
..................................................................


WIND (MPH)
  HIGHEST WIND SPEED    15   HIGHEST WIND DIRECTION    NW (300)
  HIGHEST GUST SPEED    25   HIGHEST GUST DIRECTION    NW (300)
  AVERAGE WIND SPEED     4.4


SKY COVER
  AVERAGE SKY COVER 0.0


WEATHER CONDITIONS
 THE FOLLOWING WEATHER WAS RECORDED YESTERDAY.
  NO SIGNIFICANT WEATHER WAS OBSERVED.


RELATIVE HUMIDITY (PERCENT)
 HIGHEST    55          1000 PM
 LOWEST     20           200 PM
 AVERAGE    38

..........................................................


THE CENTRAL PARK NY CLIMATE NORMALS FOR TODAY
                         NORMAL    RECORD    YEAR
 MAXIMUM TEMPERATURE (F)   73        93      1975
 MINIMUM TEMPERATURE (F)   56        39      1963


SUNRISE AND SUNSET
MAY 24 2015...........SUNRISE   531 AM EDT   SUNSET   814 PM EDT
MAY 25 2015...........SUNRISE   531 AM EDT   SUNSET   815 PM EDT


-  INDICATES NEGATIVE NUMBERS.
R  INDICATES RECORD WAS SET OR TIED.
MM INDICATES DATA IS MISSING.
T  INDICATES TRACE AMOUNT.




$$
