904
CDUS41 KOKX 272035
CLINYC


CLIMATE REPORT
NATIONAL WEATHER SERVICE NEW YORK NY
435 PM EDT WED APR 27 2016


...................................

...THE CENTRAL PARK NY CLIMATE SUMMARY FOR APRIL 27 2016...
VALID TODAY AS OF 0400 PM LOCAL TIME.

CLIMATE NORMAL PERIOD 1981 TO 2010
CLIMATE RECORD PERIOD 1869 TO 2016


WEATHER ITEM   OBSERVED TIME   RECORD YEAR NORMAL DEPARTURE LAST
                VALUE   (LST)  VALUE       VALUE  FROM      YEAR
                                                  NORMAL
..................................................................
TEMPERATURE (F)
 TODAY
  MAXIMUM         62    254 PM  92    1915  65     -3       62
  MINIMUM         46    333 AM  36    1932  48     -2       49
  AVERAGE         54                        57     -3       56

PRECIPITATION (IN)
  TODAY            0.00          2.04 2007   0.14  -0.14     0.00
  MONTH TO DATE    1.56                      4.08  -2.52     2.08
  SINCE MAR 1      2.73                      8.44  -5.71     6.80
  SINCE JAN 1     11.54                     15.18  -3.64    14.07

SNOWFALL (IN)
  TODAY            0.0           T    1967   0.0    0.0      0.0
                                      2000
  MONTH TO DATE    T                         0.6   -0.6      0.0
  SINCE OCT 1     32.1                      25.8    6.3     50.3
  SINCE JUL 1     32.1                      25.8    6.3     50.3
  SNOW DEPTH       0

DEGREE DAYS
 HEATING
  TODAY           11                         9      2        9
  MONTH TO DATE  322                       346    -24      307
  SINCE MAR 1    820                      1046   -226     1133
  SINCE JUL 1   3567                      4568  -1001     4892

 COOLING
  TODAY            0                         1     -1        0
  MONTH TO DATE   13                         6      7        5
  SINCE MAR 1     19                         7     12        5
  SINCE JAN 1     19                         7     12        5
..................................................................


WIND (MPH)
  HIGHEST WIND SPEED    12   HIGHEST WIND DIRECTION     E (70)
  HIGHEST GUST SPEED    14   HIGHEST GUST DIRECTION    NE (60)
  AVERAGE WIND SPEED     3.4


SKY COVER
  AVERAGE SKY COVER 0.8


WEATHER CONDITIONS
 THE FOLLOWING WEATHER WAS RECORDED TODAY.
  NO SIGNIFICANT WEATHER WAS OBSERVED.


RELATIVE HUMIDITY (PERCENT)
 HIGHEST    76          1200 AM
 LOWEST     44           200 PM
 AVERAGE    60

..........................................................


THE CENTRAL PARK NY CLIMATE NORMALS FOR TOMORROW
                         NORMAL    RECORD    YEAR
 MAXIMUM TEMPERATURE (F)   66        90      2009
                                             1990
 MINIMUM TEMPERATURE (F)   49        34      1934
                                             1874


SUNRISE AND SUNSET
APRIL 27 2016.........SUNRISE   559 AM EDT   SUNSET   748 PM EDT
APRIL 28 2016.........SUNRISE   558 AM EDT   SUNSET   750 PM EDT


-  INDICATES NEGATIVE NUMBERS.
R  INDICATES RECORD WAS SET OR TIED.
MM INDICATES DATA IS MISSING.
T  INDICATES TRACE AMOUNT.




$$
