000
CDUS41 KOKX 262101 CCA
CLINYC

CLIMATE REPORT
NATIONAL WEATHER SERVICE NEW YORK NY
449 PM EDT THU MAR 26 2015


...................................

...THE CENTRAL PARK NY CLIMATE SUMMARY FOR MARCH 26 2015...
VALID TODAY AS OF 0400 PM LOCAL TIME.

CLIMATE NORMAL PERIOD 1981 TO 2010
CLIMATE RECORD PERIOD 1869 TO 2015


WEATHER ITEM   OBSERVED TIME   RECORD YEAR NORMAL DEPARTURE LAST
                VALUE   (LST)  VALUE       VALUE  FROM      YEAR
                                                  NORMAL
..................................................................
TEMPERATURE (F)
 TODAY
  MAXIMUM         53    259 PM  76    1922  53      0       36
  MINIMUM         42    330 AM  20    1960  38      4       24
                                      1873
  AVERAGE         48                        46      2       30

PRECIPITATION (IN)
  TODAY            0.05          1.42 1913   0.15  -0.10     0.00
  MONTH TO DATE    4.01                      3.59   0.42     1.31
  SINCE MAR 1      4.01                      3.59   0.42     1.31
  SINCE JAN 1     11.28                     10.33   0.95     9.58

SNOWFALL (IN)
  TODAY            0.0           1.2  1924   0.1   -0.1      0.0
  MONTH TO DATE   18.6                       3.6   15.0      0.1
  SINCE OCT 1     50.3                      24.9   25.4     57.4
  SINCE JUL 1     50.3                      24.9   25.4     57.4
  SNOW DEPTH       0

DEGREE DAYS
 HEATING
  TODAY           17                        19     -2       35
  MONTH TO DATE  703                       607     96      741
  SINCE MAR 1    703                       607     96      741
  SINCE JUL 1   4462                      4129    333     4411

 COOLING
  TODAY            0                         0      0        0
  MONTH TO DATE    0                         0      0        0
  SINCE MAR 1      0                         0      0        0
  SINCE JAN 1      0                         0      0        0
..................................................................


WIND (MPH)
  HIGHEST WIND SPEED     9   HIGHEST WIND DIRECTION     S (160)
  HIGHEST GUST SPEED    14   HIGHEST GUST DIRECTION     S (160)
  AVERAGE WIND SPEED     1.2


SKY COVER
  AVERAGE SKY COVER 1.0


WEATHER CONDITIONS
 THE FOLLOWING WEATHER WAS RECORDED TODAY.
  LIGHT RAIN
  FOG
  HAZE


RELATIVE HUMIDITY (PERCENT)
 HIGHEST    89           100 AM
 LOWEST     82          1200 AM
 AVERAGE    86

..........................................................


THE CENTRAL PARK NY CLIMATE NORMALS FOR TOMORROW
                         NORMAL    RECORD    YEAR
 MAXIMUM TEMPERATURE (F)   54        83      1998
 MINIMUM TEMPERATURE (F)   38        20      1894


SUNRISE AND SUNSET
MARCH 26 2015.........SUNRISE   650 AM EDT   SUNSET   714 PM EDT
MARCH 27 2015.........SUNRISE   648 AM EDT   SUNSET   715 PM EDT


-  INDICATES NEGATIVE NUMBERS.
R  INDICATES RECORD WAS SET OR TIED.
MM INDICATES DATA IS MISSING.
T  INDICATES TRACE AMOUNT.




$$
