000
CDUS41 KOKX 310616
CLINYC


CLIMATE REPORT
NATIONAL WEATHER SERVICE NEW YORK NY
216 AM EDT SUN AUG 31 2014


...................................

...THE CENTRAL PARK NY CLIMATE SUMMARY FOR AUGUST 30 2014...

CLIMATE NORMAL PERIOD 1981 TO 2010
CLIMATE RECORD PERIOD 1869 TO 2014


WEATHER ITEM   OBSERVED TIME   RECORD YEAR NORMAL DEPARTURE LAST
                VALUE   (LST)  VALUE       VALUE  FROM      YEAR
                                                  NORMAL
..................................................................
TEMPERATURE (F)
 YESTERDAY
  MAXIMUM         80    200 PM  98    1973  81     -1       85
                                      1953
  MINIMUM         65    532 AM  50    1965  66     -1       70
  AVERAGE         73                        73      0       78

PRECIPITATION (IN)
  YESTERDAY        0.00          2.30 1872   0.12  -0.12     0.00
  MONTH TO DATE    1.63                      4.32  -2.69     2.85
  SINCE JUN 1     11.48                     13.33  -1.85    15.79
  SINCE JAN 1     35.64                     33.12   2.52    35.01

SNOWFALL (IN)
  YESTERDAY        0.0           0.0  2002   0.0    0.0      0.0
                                      2001
  MONTH TO DATE    0.0                       0.0    0.0      0.0
  SINCE OCT 1     57.4                      25.8   31.6     26.1
  SINCE JUL 1      0.0                       0.0    0.0      0.0
  SNOW DEPTH       0

DEGREE DAYS
 HEATING
  YESTERDAY        0                         0      0        0
  MONTH TO DATE    0                         0      0        0
  SINCE JUN 1      0                        19    -19        9
  SINCE JUL 1      0                         0      0        0

 COOLING
  YESTERDAY        8                         8      0       13
  MONTH TO DATE  284                       308    -24      290
  SINCE JUN 1    867                       875     -8      999
  SINCE JAN 1    921                       944    -23     1078
..................................................................


WIND (MPH)
  HIGHEST WIND SPEED     8   HIGHEST WIND DIRECTION     S (180)
  HIGHEST GUST SPEED    17   HIGHEST GUST DIRECTION     S (180)
  AVERAGE WIND SPEED     2.2


SKY COVER
  AVERAGE SKY COVER 0.6


WEATHER CONDITIONS
 THE FOLLOWING WEATHER WAS RECORDED YESTERDAY.
  NO SIGNIFICANT WEATHER WAS OBSERVED.


RELATIVE HUMIDITY (PERCENT)
 HIGHEST    73           800 PM
 LOWEST     45          1100 AM
 AVERAGE    59

..........................................................


THE CENTRAL PARK NY CLIMATE NORMALS FOR TODAY
                         NORMAL    RECORD    YEAR
 MAXIMUM TEMPERATURE (F)   80       100      1953
 MINIMUM TEMPERATURE (F)   66        50      1976


SUNRISE AND SUNSET
AUGUST 31 2014........SUNRISE   622 AM EDT   SUNSET   730 PM EDT
SEPTEMBER  1 2014.....SUNRISE   623 AM EDT   SUNSET   728 PM EDT


-  INDICATES NEGATIVE NUMBERS.
R  INDICATES RECORD WAS SET OR TIED.
MM INDICATES DATA IS MISSING.
T  INDICATES TRACE AMOUNT.




$$
