000
CDUS41 KOKX 262137
CLINYC


CLIMATE REPORT
NATIONAL WEATHER SERVICE NEW YORK NY
437 PM EST FRI DEC 26 2014


...................................

...THE CENTRAL PARK NY CLIMATE SUMMARY FOR DECEMBER 26 2014...
VALID TODAY AS OF 0400 PM LOCAL TIME.

CLIMATE NORMAL PERIOD 1981 TO 2010
CLIMATE RECORD PERIOD 1869 TO 2014


WEATHER ITEM   OBSERVED TIME   RECORD YEAR NORMAL DEPARTURE LAST
                VALUE   (LST)  VALUE       VALUE  FROM      YEAR
                                                  NORMAL
..................................................................
TEMPERATURE (F)
 TODAY
  MAXIMUM         50    310 PM  63    1982  40     10       36
                                      1936
  MINIMUM         40    833 AM   3    1914  29     11       30
  AVERAGE         45                        34     11       33

PRECIPITATION (IN)
  TODAY            0.00          1.66 1975   0.12  -0.12      T
  MONTH TO DATE    5.94                      3.42   2.52     3.65
  SINCE DEC 1      5.94                      3.42   2.52     3.65
  SINCE JAN 1     53.69                     49.36   4.33    45.12

SNOWFALL (IN)
  TODAY            0.0          25.5  1947   0.2   -0.2       T
  MONTH TO DATE    1.0                       3.7   -2.7      8.6
  SINCE OCT 1      1.2                       4.0   -2.8      8.6
  SINCE JUL 1      1.2                       4.0   -2.8      8.6
  SNOW DEPTH       0

DEGREE DAYS
 HEATING
  TODAY           20                        30    -10       32
  MONTH TO DATE  625                       695    -70      678
  SINCE DEC 1    625                       695    -70      678
  SINCE JUL 1   1410                      1528   -118     1486

 COOLING
  TODAY            0                         0      0        0
  MONTH TO DATE    0                         0      0        1
  SINCE DEC 1      0                         0      0        1
  SINCE JAN 1   1128                      1105     23     1272
..................................................................


WIND (MPH)
  HIGHEST WIND SPEED    13   HIGHEST WIND DIRECTION     W (290)
  HIGHEST GUST SPEED    18   HIGHEST GUST DIRECTION     W (290)
  AVERAGE WIND SPEED     6.4


SKY COVER
  AVERAGE SKY COVER 0.0


WEATHER CONDITIONS
 THE FOLLOWING WEATHER WAS RECORDED TODAY.
  NO SIGNIFICANT WEATHER WAS OBSERVED.


RELATIVE HUMIDITY (PERCENT)
 HIGHEST    64           600 AM
 LOWEST     42           100 PM
 AVERAGE    53

..........................................................


THE CENTRAL PARK NY CLIMATE NORMALS FOR TOMORROW
                         NORMAL    RECORD    YEAR
 MAXIMUM TEMPERATURE (F)   40        63      1949
 MINIMUM TEMPERATURE (F)   29         6      1872


SUNRISE AND SUNSET
DECEMBER 26 2014......SUNRISE   719 AM EST   SUNSET   434 PM EST
DECEMBER 27 2014......SUNRISE   719 AM EST   SUNSET   435 PM EST


-  INDICATES NEGATIVE NUMBERS.
R  INDICATES RECORD WAS SET OR TIED.
MM INDICATES DATA IS MISSING.
T  INDICATES TRACE AMOUNT.




$$
