000
CDUS41 KOKX 170617
CLINYC


CLIMATE REPORT
NATIONAL WEATHER SERVICE NEW YORK NY
216 AM EDT SUN SEP 17 2017


...................................

...THE CENTRAL PARK NY CLIMATE SUMMARY FOR SEPTEMBER 16 2017...

CLIMATE NORMAL PERIOD 1981 TO 2010
CLIMATE RECORD PERIOD 1869 TO 2017


WEATHER ITEM   OBSERVED TIME   RECORD YEAR NORMAL DEPARTURE LAST
                VALUE   (LST)  VALUE       VALUE  FROM      YEAR
                                                  NORMAL
..................................................................
TEMPERATURE (F)
 YESTERDAY
  MAXIMUM         82    319 PM  93    1915  75      7       73
  MINIMUM         70   1159 PM  47    1966  61      9       61
  AVERAGE         76                        68      8       67

PRECIPITATION (IN)
  YESTERDAY        0.00          5.02 1999   0.15  -0.15     0.00
  MONTH TO DATE    1.78                      2.17  -0.39     1.28
  SINCE SEP 1      1.78                      2.17  -0.39     1.28
  SINCE JAN 1     36.85                     35.41   1.44    28.21

SNOWFALL (IN)
  YESTERDAY        0.0           0.0  2002   0.0    0.0      0.0
                                      2001
  MONTH TO DATE    0.0                       0.0    0.0      0.0
  SINCE OCT 1     30.2                      25.8    4.4     32.8
  SINCE JUL 1      0.0                       0.0    0.0      0.0
  SNOW DEPTH       0

DEGREE DAYS
 HEATING
  YESTERDAY        0                         1     -1        0
  MONTH TO DATE    9                         7      2        0
  SINCE SEP 1      9                         7      2        0
  SINCE JUL 1      9                         9      0        0

 COOLING
  YESTERDAY       11                         4      7        2
  MONTH TO DATE   65                        96    -31      159
  SINCE SEP 1     65                        96    -31      159
  SINCE JAN 1   1059                      1050      9     1391
..................................................................


WIND (MPH)
  HIGHEST WIND SPEED     9   HIGHEST WIND DIRECTION    SE (150)
  HIGHEST GUST SPEED    14   HIGHEST GUST DIRECTION     S (160)
  AVERAGE WIND SPEED     3.0


SKY COVER
  AVERAGE SKY COVER 0.3


WEATHER CONDITIONS
 THE FOLLOWING WEATHER WAS RECORDED YESTERDAY.
  FOG
  HAZE


RELATIVE HUMIDITY (PERCENT)
 HIGHEST    97           400 AM
 LOWEST     58           200 PM
 AVERAGE    78

..........................................................


THE CENTRAL PARK NY CLIMATE NORMALS FOR TODAY
                         NORMAL    RECORD    YEAR
 MAXIMUM TEMPERATURE (F)   75        93      1991
 MINIMUM TEMPERATURE (F)   61        45      1986


SUNRISE AND SUNSET
SEPTEMBER 17 2017.....SUNRISE   639 AM EDT   SUNSET   701 PM EDT
SEPTEMBER 18 2017.....SUNRISE   640 AM EDT   SUNSET   659 PM EDT


-  INDICATES NEGATIVE NUMBERS.
R  INDICATES RECORD WAS SET OR TIED.
MM INDICATES DATA IS MISSING.
T  INDICATES TRACE AMOUNT.




$$
