000
CDUS41 KOKX 130618
CLINYC


CLIMATE REPORT
NATIONAL WEATHER SERVICE NEW YORK NY
217 AM EDT SUN APR 13 2014


...................................

...THE CENTRAL PARK NY CLIMATE SUMMARY FOR APRIL 12 2014...

CLIMATE NORMAL PERIOD 1981 TO 2010
CLIMATE RECORD PERIOD 1869 TO 2014


WEATHER ITEM   OBSERVED TIME   RECORD YEAR NORMAL DEPARTURE LAST
                VALUE   (LST)  VALUE       VALUE  FROM      YEAR
                                                  NORMAL
..................................................................
TEMPERATURE (F)
 YESTERDAY
  MAXIMUM         73    254 PM  90    1977  60     13       47
  MINIMUM         50    625 AM  22    1874  44      6       41
  AVERAGE         62                        52     10       44

PRECIPITATION (IN)
  YESTERDAY        0.00          2.12 1933   0.16  -0.16     0.63
  MONTH TO DATE    1.14                      1.91  -0.77     1.12
  SINCE MAR 1      4.81                      6.27  -1.46     4.02
  SINCE JAN 1     13.08                     13.01   0.07    11.03

SNOWFALL (IN)
  YESTERDAY        0.0           2.0  1918   0.0    0.0      0.0
  MONTH TO DATE    0.0                       0.4   -0.4      0.0
  SINCE OCT 1     57.4                      25.6   31.8     26.1
  SINCE JUL 1     57.4                      25.6   31.8     26.1
  SNOW DEPTH       0

DEGREE DAYS
 HEATING
  YESTERDAY        3                        13    -10       21
  MONTH TO DATE  152                       184    -32      174
  SINCE MAR 1    994                       884    110      937
  SINCE JUL 1   4664                      4406    258     4310

 COOLING
  YESTERDAY        0                         0      0        0
  MONTH TO DATE    1                         0      1        2
  SINCE MAR 1      1                         1      0        2
  SINCE JAN 1      1                         1      0        2
..................................................................


WIND (MPH)
  HIGHEST WIND SPEED    14   HIGHEST WIND DIRECTION    SW (210)
  HIGHEST GUST SPEED    21   HIGHEST GUST DIRECTION     S (180)
  AVERAGE WIND SPEED     4.3


SKY COVER
  AVERAGE SKY COVER 0.1


WEATHER CONDITIONS
 THE FOLLOWING WEATHER WAS RECORDED YESTERDAY.
  NO SIGNIFICANT WEATHER WAS OBSERVED.


RELATIVE HUMIDITY (PERCENT)
 HIGHEST    83           400 AM
 LOWEST     19           300 PM
 AVERAGE    51

..........................................................


THE CENTRAL PARK NY CLIMATE NORMALS FOR TODAY
                         NORMAL    RECORD    YEAR
 MAXIMUM TEMPERATURE (F)   60        88      1977
 MINIMUM TEMPERATURE (F)   44        25      1874


SUNRISE AND SUNSET
APRIL 13 2014.........SUNRISE   620 AM EDT   SUNSET   733 PM EDT
APRIL 14 2014.........SUNRISE   619 AM EDT   SUNSET   734 PM EDT


-  INDICATES NEGATIVE NUMBERS.
R  INDICATES RECORD WAS SET OR TIED.
MM INDICATES DATA IS MISSING.
T  INDICATES TRACE AMOUNT.




$$
