000
CDUS41 KOKX 280620
CLINYC


CLIMATE REPORT
NATIONAL WEATHER SERVICE NEW YORK NY
220 AM EDT THU AUG 28 2014


...................................

...THE CENTRAL PARK NY CLIMATE SUMMARY FOR AUGUST 27 2014...

CLIMATE NORMAL PERIOD 1981 TO 2010
CLIMATE RECORD PERIOD 1869 TO 2014


WEATHER ITEM   OBSERVED TIME   RECORD YEAR NORMAL DEPARTURE LAST
                VALUE   (LST)  VALUE       VALUE  FROM      YEAR
                                                  NORMAL
..................................................................
TEMPERATURE (F)
 YESTERDAY
  MAXIMUM         90    150 PM 101    1948  81      9       87
  MINIMUM         70    611 AM  50    1885  67      3       71
  AVERAGE         80                        74      6       79

PRECIPITATION (IN)
  YESTERDAY        0.00          4.16 1971   0.13  -0.13     0.01
  MONTH TO DATE    1.63                      3.95  -2.32     2.42
  SINCE JUN 1     11.48                     12.96  -1.48    15.36
  SINCE JAN 1     35.64                     32.75   2.89    34.58

SNOWFALL (IN)
  YESTERDAY        0.0           0.0  2002   0.0    0.0      0.0
                                      2001
  MONTH TO DATE    0.0                       0.0    0.0      0.0
  SINCE OCT 1     57.4                      25.8   31.6     26.1
  SINCE JUL 1      0.0                       0.0    0.0      0.0
  SNOW DEPTH       0

DEGREE DAYS
 HEATING
  YESTERDAY        0                         0      0        0
  MONTH TO DATE    0                         0      0        0
  SINCE JUN 1      0                        19    -19        9
  SINCE JUL 1      0                         0      0        0

 COOLING
  YESTERDAY       15                         9      6       14
  MONTH TO DATE  261                       282    -21      252
  SINCE JUN 1    844                       849     -5      961
  SINCE JAN 1    898                       918    -20     1040
..................................................................


WIND (MPH)
  HIGHEST WIND SPEED    10   HIGHEST WIND DIRECTION    NE (50)
  HIGHEST GUST SPEED    19   HIGHEST GUST DIRECTION     S (180)
  AVERAGE WIND SPEED     3.3


SKY COVER
  AVERAGE SKY COVER 0.1


WEATHER CONDITIONS
 THE FOLLOWING WEATHER WAS RECORDED YESTERDAY.
  NO SIGNIFICANT WEATHER WAS OBSERVED.


RELATIVE HUMIDITY (PERCENT)
 HIGHEST    78           400 AM
 LOWEST     38          1200 AM
 AVERAGE    58

..........................................................


THE CENTRAL PARK NY CLIMATE NORMALS FOR TODAY
                         NORMAL    RECORD    YEAR
 MAXIMUM TEMPERATURE (F)   81       100      1948
 MINIMUM TEMPERATURE (F)   66        50      1885


SUNRISE AND SUNSET
AUGUST 28 2014........SUNRISE   619 AM EDT   SUNSET   735 PM EDT
AUGUST 29 2014........SUNRISE   620 AM EDT   SUNSET   733 PM EDT


-  INDICATES NEGATIVE NUMBERS.
R  INDICATES RECORD WAS SET OR TIED.
MM INDICATES DATA IS MISSING.
T  INDICATES TRACE AMOUNT.




$$
