000
CDUS41 KOKX 222042
CLINYC


CLIMATE REPORT
NATIONAL WEATHER SERVICE NEW YORK NY
441 PM EDT THU SEP 22 2016


...................................

...THE CENTRAL PARK NY CLIMATE SUMMARY FOR SEPTEMBER 22 2016...
VALID TODAY AS OF 0400 PM LOCAL TIME.

CLIMATE NORMAL PERIOD 1981 TO 2010
CLIMATE RECORD PERIOD 1869 TO 2016


WEATHER ITEM   OBSERVED TIME   RECORD YEAR NORMAL DEPARTURE LAST
                VALUE   (LST)  VALUE       VALUE  FROM      YEAR
                                                  NORMAL
..................................................................
TEMPERATURE (F)
 TODAY
  MAXIMUM         86    100 PM  95    1914  73     13       71
                                      1895
  MINIMUM         65    552 AM  41    1904  59      6       62
  AVERAGE         76                        66     10       67

PRECIPITATION (IN)
  TODAY            0.00          2.34 1882   0.15  -0.15     0.00
  MONTH TO DATE    1.96                      3.07  -1.11     1.91
  SINCE SEP 1      1.96                      3.07  -1.11     1.91
  SINCE JAN 1     28.89                     36.31  -7.42    28.96

SNOWFALL (IN)
  TODAY            0.0           0.0  2002   0.0    0.0      0.0
                                      2001
  MONTH TO DATE    0.0                       0.0    0.0      0.0
  SINCE OCT 1     32.8                      25.8    7.0     50.3
  SINCE JUL 1      0.0                       0.0    0.0      0.0
  SNOW DEPTH       0

DEGREE DAYS
 HEATING
  TODAY            0                         2     -2        0
  MONTH TO DATE    0                        17    -17        0
  SINCE SEP 1      0                        17    -17        0
  SINCE JUL 1      0                        19    -19        0

 COOLING
  TODAY           11                         3      8        2
  MONTH TO DATE  213                       116     97      251
  SINCE SEP 1    213                       116     97      251
  SINCE JAN 1   1445                      1070    375     1516
..................................................................


WIND (MPH)
  HIGHEST WIND SPEED     8   HIGHEST WIND DIRECTION    SE (140)
  HIGHEST GUST SPEED    13   HIGHEST GUST DIRECTION    SE (150)
  AVERAGE WIND SPEED     2.6


SKY COVER
  AVERAGE SKY COVER 0.0


WEATHER CONDITIONS
 THE FOLLOWING WEATHER WAS RECORDED TODAY.
  NO SIGNIFICANT WEATHER WAS OBSERVED.


RELATIVE HUMIDITY (PERCENT)
 HIGHEST    68           400 AM
 LOWEST     27           100 PM
 AVERAGE    48

..........................................................


THE CENTRAL PARK NY CLIMATE NORMALS FOR TOMORROW
                         NORMAL    RECORD    YEAR
 MAXIMUM TEMPERATURE (F)   73        97      1895
 MINIMUM TEMPERATURE (F)   58        41      1947


SUNRISE AND SUNSET
SEPTEMBER 22 2016.....SUNRISE   644 AM EDT   SUNSET   652 PM EDT
SEPTEMBER 23 2016.....SUNRISE   645 AM EDT   SUNSET   651 PM EDT


-  INDICATES NEGATIVE NUMBERS.
R  INDICATES RECORD WAS SET OR TIED.
MM INDICATES DATA IS MISSING.
T  INDICATES TRACE AMOUNT.




$$
