000
CDUS41 KOKX 030652
CLINYC


CLIMATE REPORT
NATIONAL WEATHER SERVICE NEW YORK NY
252 AM EDT THU SEP 3 2015


...................................

...THE CENTRAL PARK NY CLIMATE SUMMARY FOR SEPTEMBER 2 2015...

CLIMATE NORMAL PERIOD 1981 TO 2010
CLIMATE RECORD PERIOD 1869 TO 2015


WEATHER ITEM   OBSERVED TIME   RECORD YEAR NORMAL DEPARTURE LAST
                VALUE   (LST)  VALUE       VALUE  FROM      YEAR
                                                  NORMAL
..................................................................
TEMPERATURE (F)
 YESTERDAY
  MAXIMUM         91    107 PM 102    1953  80     11       92
  MINIMUM         74    506 AM  51    1886  65      9       77
  AVERAGE         83                        72     11       85

PRECIPITATION (IN)
  YESTERDAY        0.00          2.12 1899   0.13  -0.13     0.00
  MONTH TO DATE    0.00                      0.26  -0.26     0.00
  SINCE SEP 1      0.00                      0.26  -0.26     0.00
  SINCE JAN 1     27.05                     33.50  -6.45    36.26

SNOWFALL (IN)
  YESTERDAY        0.0           0.0  2002   0.0    0.0      0.0
                                      2001
  MONTH TO DATE    0.0                       0.0    0.0      0.0
  SINCE OCT 1     50.3                      25.8   24.5     57.4
  SINCE JUL 1      0.0                       0.0    0.0      0.0
  SNOW DEPTH       0

DEGREE DAYS
 HEATING
  YESTERDAY        0                         0      0        0
  MONTH TO DATE    0                         0      0        0
  SINCE SEP 1      0                         0      0        0
  SINCE JUL 1      0                         2     -2        0

 COOLING
  YESTERDAY       18                         8     10       20
  MONTH TO DATE   36                        16     20       37
  SINCE SEP 1     36                        16     20       37
  SINCE JAN 1   1301                       970    331      975
..................................................................


WIND (MPH)
  HIGHEST WIND SPEED     9   HIGHEST WIND DIRECTION     S (180)
  HIGHEST GUST SPEED    15   HIGHEST GUST DIRECTION    SE (150)
  AVERAGE WIND SPEED     1.7


SKY COVER
  AVERAGE SKY COVER 0.0


WEATHER CONDITIONS
 THE FOLLOWING WEATHER WAS RECORDED YESTERDAY.
  HAZE


RELATIVE HUMIDITY (PERCENT)
 HIGHEST    74          1000 PM
 LOWEST     44          1200 PM
 AVERAGE    59

..........................................................


THE CENTRAL PARK NY CLIMATE NORMALS FOR TODAY
                         NORMAL    RECORD    YEAR
 MAXIMUM TEMPERATURE (F)   80        99      1929
 MINIMUM TEMPERATURE (F)   65        50      1893
                                             1885


SUNRISE AND SUNSET
SEPTEMBER  3 2015.....SUNRISE   624 AM EDT   SUNSET   725 PM EDT
SEPTEMBER  4 2015.....SUNRISE   625 AM EDT   SUNSET   724 PM EDT


-  INDICATES NEGATIVE NUMBERS.
R  INDICATES RECORD WAS SET OR TIED.
MM INDICATES DATA IS MISSING.
T  INDICATES TRACE AMOUNT.




$$
