000
CDUS41 KOKX 190618
CLINYC


CLIMATE REPORT
NATIONAL WEATHER SERVICE NEW YORK NY
118 AM EST FRI JAN 19 2018


...................................

...THE CENTRAL PARK NY CLIMATE SUMMARY FOR JANUARY 18 2018...

CLIMATE NORMAL PERIOD 1981 TO 2010
CLIMATE RECORD PERIOD 1869 TO 2018


WEATHER ITEM   OBSERVED TIME   RECORD YEAR NORMAL DEPARTURE LAST
                VALUE   (LST)  VALUE       VALUE  FROM      YEAR
                                                  NORMAL
..................................................................
TEMPERATURE (F)
 YESTERDAY
  MAXIMUM         32    447 PM  66    1990  38     -6       41
                                      1973
  MINIMUM         18    542 AM   0    1982  27     -9       38
  AVERAGE         25                        32     -7       40

PRECIPITATION (IN)
  YESTERDAY        0.00          2.10 2015   0.11  -0.11     0.06
  MONTH TO DATE    1.55                      2.18  -0.63     2.26
  SINCE DEC 1      3.76                      6.18  -2.42     5.15
  SINCE JAN 1      1.55                      2.18  -0.63     2.26

SNOWFALL (IN)
  YESTERDAY        0.0           5.0  1875   0.2   -0.2      0.0
  MONTH TO DATE   10.2                       3.9    6.3      6.9
  SINCE OCT 1     17.9                       9.0    8.9     10.1
  SINCE JUL 1     17.9                       9.0    8.9     10.1
  SNOW DEPTH       T

DEGREE DAYS
 HEATING
  YESTERDAY       40                        33      7       25
  MONTH TO DATE  689                       585    104      513
  SINCE DEC 1   1609                      1437    172     1332
  SINCE JUL 1   2271                      2270      1     2019

 COOLING
  YESTERDAY        0                         0      0        0
  MONTH TO DATE    0                         0      0        0
  SINCE DEC 1      0                         0      0        0
  SINCE JAN 1      0                         0      0        0
..................................................................


WIND (MPH)
  HIGHEST WIND SPEED    14   HIGHEST WIND DIRECTION    NW (310)
  HIGHEST GUST SPEED    21   HIGHEST GUST DIRECTION    NW (320)
  AVERAGE WIND SPEED     7.8


SKY COVER
  AVERAGE SKY COVER 0.0


WEATHER CONDITIONS
 THE FOLLOWING WEATHER WAS RECORDED YESTERDAY.
  LIGHT SNOW


RELATIVE HUMIDITY (PERCENT)
 HIGHEST    62           300 AM
 LOWEST     39          1200 PM
 AVERAGE    51

..........................................................


THE CENTRAL PARK NY CLIMATE NORMALS FOR TODAY
                         NORMAL    RECORD    YEAR
 MAXIMUM TEMPERATURE (F)   38        64      1951
 MINIMUM TEMPERATURE (F)   27        -3      1875


SUNRISE AND SUNSET
JANUARY 19 2018.......SUNRISE   716 AM EST   SUNSET   458 PM EST
JANUARY 20 2018.......SUNRISE   715 AM EST   SUNSET   459 PM EST


-  INDICATES NEGATIVE NUMBERS.
R  INDICATES RECORD WAS SET OR TIED.
MM INDICATES DATA IS MISSING.
T  INDICATES TRACE AMOUNT.




$$
