000
CDUS41 KOKX 290620
CLINYC


CLIMATE REPORT
NATIONAL WEATHER SERVICE NEW YORK NY
119 AM EST THU JAN 29 2015


...................................

...THE CENTRAL PARK NY CLIMATE SUMMARY FOR JANUARY 28 2015...

CLIMATE NORMAL PERIOD 1981 TO 2010
CLIMATE RECORD PERIOD 1869 TO 2015


WEATHER ITEM   OBSERVED TIME   RECORD YEAR NORMAL DEPARTURE LAST
                VALUE   (LST)  VALUE       VALUE  FROM      YEAR
                                                  NORMAL
..................................................................
TEMPERATURE (F)
 YESTERDAY
  MAXIMUM         34    428 PM  66    1916  39     -5       21
  MINIMUM         16    341 AM  -2    1925  27    -11       12
  AVERAGE         25                        33     -8       17

PRECIPITATION (IN)
  YESTERDAY        0.00          1.87 1994   0.11  -0.11     0.00
  MONTH TO DATE    5.15                      3.31   1.84     2.75
  SINCE DEC 1     11.19                      7.31   3.88     7.60
  SINCE JAN 1      5.15                      3.31   1.84     2.75

SNOWFALL (IN)
  YESTERDAY        0.0           7.5  1897   0.3   -0.3      0.0
  MONTH TO DATE   14.3                       6.2    8.1     18.9
  SINCE OCT 1     15.5                      11.3    4.2     27.5
  SINCE JUL 1     15.5                      11.3    4.2     27.5
  SNOW DEPTH       8

DEGREE DAYS
 HEATING
  YESTERDAY       40                        32      8       48
  MONTH TO DATE  962                       911     51      999
  SINCE DEC 1   1713                      1763    -50     1814
  SINCE JUL 1   2498                      2596    -98     2622

 COOLING
  YESTERDAY        0                         0      0        0
  MONTH TO DATE    0                         0      0        0
  SINCE DEC 1      0                         0      0        1
  SINCE JAN 1      0                         0      0        0
..................................................................


WIND (MPH)
  HIGHEST WIND SPEED    16   HIGHEST WIND DIRECTION    NW (310)
  HIGHEST GUST SPEED    24   HIGHEST GUST DIRECTION    NW (310)
  AVERAGE WIND SPEED     7.7


SKY COVER
  AVERAGE SKY COVER 0.0


WEATHER CONDITIONS
 THE FOLLOWING WEATHER WAS RECORDED YESTERDAY.
  NO SIGNIFICANT WEATHER WAS OBSERVED.


RELATIVE HUMIDITY (PERCENT)
 HIGHEST    61           100 AM
 LOWEST     28           700 PM
 AVERAGE    45

..........................................................


THE CENTRAL PARK NY CLIMATE NORMALS FOR TODAY
                         NORMAL    RECORD    YEAR
 MAXIMUM TEMPERATURE (F)   39        69      2002
 MINIMUM TEMPERATURE (F)   27         0      1873


SUNRISE AND SUNSET
JANUARY 29 2015.......SUNRISE   709 AM EST   SUNSET   509 PM EST
JANUARY 30 2015.......SUNRISE   708 AM EST   SUNSET   511 PM EST


-  INDICATES NEGATIVE NUMBERS.
R  INDICATES RECORD WAS SET OR TIED.
MM INDICATES DATA IS MISSING.
T  INDICATES TRACE AMOUNT.




$$
