000
CDUS41 KOKX 152132
CLINYC


CLIMATE REPORT
NATIONAL WEATHER SERVICE NEW YORK NY
431 PM EST WED NOV 15 2017


...................................

...THE CENTRAL PARK NY CLIMATE SUMMARY FOR NOVEMBER 15 2017...
VALID TODAY AS OF 0400 PM LOCAL TIME.

CLIMATE NORMAL PERIOD 1981 TO 2010
CLIMATE RECORD PERIOD 1869 TO 2017


WEATHER ITEM   OBSERVED TIME   RECORD YEAR NORMAL DEPARTURE LAST
                VALUE   (LST)  VALUE       VALUE  FROM      YEAR
                                                  NORMAL
..................................................................
TEMPERATURE (F)
 TODAY
  MAXIMUM         49    130 PM  80    1993  54     -5       56
  MINIMUM         37    731 AM  20    1967  42     -5       47
  AVERAGE         43                        48     -5       52

PRECIPITATION (IN)
  TODAY            0.00          2.43 1892   0.13  -0.13     1.81
  MONTH TO DATE    0.81                      1.95  -1.14     1.87
  SINCE SEP 1      6.99                     10.63  -3.64     8.81
  SINCE JAN 1     42.06                     43.87  -1.81    35.74

SNOWFALL (IN)
  TODAY            0.0           1.0  1906   0.0    0.0      0.0
  MONTH TO DATE    0.0                       0.0    0.0      0.0
  SINCE OCT 1      0.0                       0.0    0.0      0.0
  SINCE JUL 1      0.0                       0.0    0.0      0.0
  SNOW DEPTH       0

DEGREE DAYS
 HEATING
  TODAY           22                        17      5       13
  MONTH TO DATE  261                       224     37      184
  SINCE SEP 1    377                       535   -158      418
  SINCE JUL 1    377                       537   -160      418

 COOLING
  TODAY            0                         0      0        0
  MONTH TO DATE    0                         0      0        0
  SINCE SEP 1    271                       150    121      257
  SINCE JAN 1   1265                      1104    161     1489
..................................................................


WIND (MPH)
  HIGHEST WIND SPEED    10   HIGHEST WIND DIRECTION    NE (60)
  HIGHEST GUST SPEED    14   HIGHEST GUST DIRECTION    NE (60)
  AVERAGE WIND SPEED     5.3


SKY COVER
  AVERAGE SKY COVER 0.5


WEATHER CONDITIONS
 THE FOLLOWING WEATHER WAS RECORDED TODAY.
  NO SIGNIFICANT WEATHER WAS OBSERVED.


RELATIVE HUMIDITY (PERCENT)
 HIGHEST    76           500 AM
 LOWEST     56           200 PM
 AVERAGE    66

..........................................................


THE CENTRAL PARK NY CLIMATE NORMALS FOR TOMORROW
                         NORMAL    RECORD    YEAR
 MAXIMUM TEMPERATURE (F)   54        72      1928
 MINIMUM TEMPERATURE (F)   42        17      1933


SUNRISE AND SUNSET
NOVEMBER 15 2017......SUNRISE   643 AM EST   SUNSET   438 PM EST
NOVEMBER 16 2017......SUNRISE   644 AM EST   SUNSET   437 PM EST


-  INDICATES NEGATIVE NUMBERS.
R  INDICATES RECORD WAS SET OR TIED.
MM INDICATES DATA IS MISSING.
T  INDICATES TRACE AMOUNT.




$$
