000
CDUS41 KOKX 050640
CLINYC


CLIMATE REPORT
NATIONAL WEATHER SERVICE NEW YORK NY
140 AM EST THU MAR 5 2015


...................................

...THE CENTRAL PARK NY CLIMATE SUMMARY FOR MARCH 4 2015...

CLIMATE NORMAL PERIOD 1981 TO 2010
CLIMATE RECORD PERIOD 1869 TO 2015


WEATHER ITEM   OBSERVED TIME   RECORD YEAR NORMAL DEPARTURE LAST
                VALUE   (LST)  VALUE       VALUE  FROM      YEAR
                                                  NORMAL
..................................................................
TEMPERATURE (F)
 YESTERDAY
  MAXIMUM         45    313 PM  70    1974  46     -1       29
  MINIMUM         35    241 AM   7    1943  32      3       13
  AVERAGE         40                        39      1       21

PRECIPITATION (IN)
  YESTERDAY        0.25          1.65 1977   0.13   0.12     0.00
  MONTH TO DATE    1.44                      0.50   0.94     0.04
  SINCE MAR 1      1.44                      0.50   0.94     0.04
  SINCE JAN 1      8.71                      7.24   1.47     8.31

SNOWFALL (IN)
  YESTERDAY        0.0           6.0  1917   0.2   -0.2      0.0
                                      1893
  MONTH TO DATE    6.6                       0.8    5.8      0.1
  SINCE OCT 1     35.0                      22.1   12.9     57.4
  SINCE JUL 1     35.0                      22.1   12.9     57.4
  SNOW DEPTH      13

DEGREE DAYS
 HEATING
  YESTERDAY       25                        26     -1       44
  MONTH TO DATE  129                       106     23      149
  SINCE MAR 1    129                       106     23      149
  SINCE JUL 1   3888                      3628    260     3819

 COOLING
  YESTERDAY        0                         0      0        0
  MONTH TO DATE    0                         0      0        0
  SINCE MAR 1      0                         0      0        0
  SINCE JAN 1      0                         0      0        0
..................................................................


WIND (MPH)
  HIGHEST WIND SPEED    15   HIGHEST WIND DIRECTION     W (250)
  HIGHEST GUST SPEED    25   HIGHEST GUST DIRECTION     W (250)
  AVERAGE WIND SPEED     6.0


SKY COVER
  AVERAGE SKY COVER 1.0


WEATHER CONDITIONS
 THE FOLLOWING WEATHER WAS RECORDED YESTERDAY.
  RAIN
  LIGHT RAIN
  FOG
  HAZE


RELATIVE HUMIDITY (PERCENT)
 HIGHEST    92           700 AM
 LOWEST     70           200 PM
 AVERAGE    81

..........................................................


THE CENTRAL PARK NY CLIMATE NORMALS FOR TODAY
                         NORMAL    RECORD    YEAR
 MAXIMUM TEMPERATURE (F)   46        72      1880
 MINIMUM TEMPERATURE (F)   32         3      1872


SUNRISE AND SUNSET
MARCH  5 2015.........SUNRISE   624 AM EST   SUNSET   551 PM EST
MARCH  6 2015.........SUNRISE   623 AM EST   SUNSET   552 PM EST


-  INDICATES NEGATIVE NUMBERS.
R  INDICATES RECORD WAS SET OR TIED.
MM INDICATES DATA IS MISSING.
T  INDICATES TRACE AMOUNT.




$$
