000
CDUS41 KOKX 300618
CLINYC


CLIMATE REPORT
NATIONAL WEATHER SERVICE NEW YORK NY
218 AM EDT MON MAR 30 2015


...................................

...THE CENTRAL PARK NY CLIMATE SUMMARY FOR MARCH 29 2015...

CLIMATE NORMAL PERIOD 1981 TO 2010
CLIMATE RECORD PERIOD 1869 TO 2015


WEATHER ITEM   OBSERVED TIME   RECORD YEAR NORMAL DEPARTURE LAST
                VALUE   (LST)  VALUE       VALUE  FROM      YEAR
                                                  NORMAL
..................................................................
TEMPERATURE (F)
 YESTERDAY
  MAXIMUM         46    532 PM  86    1945  54     -8       59
  MINIMUM         25    656 AM  10    1923  39    -14       43
  AVERAGE         36                        47    -11       51

PRECIPITATION (IN)
  YESTERDAY        0.00          2.03 1984   0.15  -0.15     1.81
  MONTH TO DATE    4.55                      4.05   0.50     3.16
  SINCE MAR 1      4.55                      4.05   0.50     3.16
  SINCE JAN 1     11.82                     10.79   1.03    11.43

SNOWFALL (IN)
  YESTERDAY        0.0           4.0  1970   0.1   -0.1      0.0
  MONTH TO DATE   18.6                       3.8   14.8      0.1
  SINCE OCT 1     50.3                      25.1   25.2     57.4
  SINCE JUL 1     50.3                      25.1   25.2     57.4
  SNOW DEPTH       0

DEGREE DAYS
 HEATING
  YESTERDAY       29                        18     11       14
  MONTH TO DATE  782                       663    119      802
  SINCE MAR 1    782                       663    119      802
  SINCE JUL 1   4541                      4185    356     4472

 COOLING
  YESTERDAY        0                         0      0        0
  MONTH TO DATE    0                         0      0        0
  SINCE MAR 1      0                         0      0        0
  SINCE JAN 1      0                         0      0        0
..................................................................


WIND (MPH)
  HIGHEST WIND SPEED    14   HIGHEST WIND DIRECTION    SW (230)
  HIGHEST GUST SPEED    22   HIGHEST GUST DIRECTION     W (250)
  AVERAGE WIND SPEED     6.3


SKY COVER
  AVERAGE SKY COVER 0.3


WEATHER CONDITIONS
 THE FOLLOWING WEATHER WAS RECORDED YESTERDAY.
  NO SIGNIFICANT WEATHER WAS OBSERVED.


RELATIVE HUMIDITY (PERCENT)
 HIGHEST    63          1200 AM
 LOWEST     16           700 PM
 AVERAGE    40

..........................................................


THE CENTRAL PARK NY CLIMATE NORMALS FOR TODAY
                         NORMAL    RECORD    YEAR
 MAXIMUM TEMPERATURE (F)   55        82      1998
 MINIMUM TEMPERATURE (F)   39        16      1887


SUNRISE AND SUNSET
MARCH 30 2015.........SUNRISE   643 AM EDT   SUNSET   718 PM EDT
MARCH 31 2015.........SUNRISE   642 AM EDT   SUNSET   719 PM EDT


-  INDICATES NEGATIVE NUMBERS.
R  INDICATES RECORD WAS SET OR TIED.
MM INDICATES DATA IS MISSING.
T  INDICATES TRACE AMOUNT.




$$
