000
CDUS41 KOKX 130618
CLINYC


CLIMATE REPORT
NATIONAL WEATHER SERVICE NEW YORK NY
118 AM EST SAT FEB 13 2016


...................................

...THE CENTRAL PARK NY CLIMATE SUMMARY FOR FEBRUARY 12 2016...

CLIMATE NORMAL PERIOD 1981 TO 2010
CLIMATE RECORD PERIOD 1869 TO 2016


WEATHER ITEM   OBSERVED TIME   RECORD YEAR NORMAL DEPARTURE LAST
                VALUE   (LST)  VALUE       VALUE  FROM      YEAR
                                                  NORMAL
..................................................................
TEMPERATURE (F)
 YESTERDAY
  MAXIMUM         27    128 PM  62    1999  41    -14       40
  MINIMUM         15    705 AM  -3    1914  28    -13       16
  AVERAGE         21                        35    -14       28

PRECIPITATION (IN)
  YESTERDAY        0.00          1.66 2006   0.11  -0.11      T
  MONTH TO DATE    1.33                      1.29   0.04     1.17
  SINCE DEC 1     10.46                      8.94   1.52    12.44
  SINCE JAN 1      5.74                      4.94   0.80     6.40

SNOWFALL (IN)
  YESTERDAY        0.0          24.1  2006   0.3   -0.3       T
  MONTH TO DATE    2.6                       3.9   -1.3      5.4
  SINCE OCT 1     29.8                      16.0   13.8     23.5
  SINCE JUL 1     29.8                      16.0   13.8     23.5
  SNOW DEPTH       0

DEGREE DAYS
 HEATING
  YESTERDAY       44                        30     14       37
  MONTH TO DATE  321                       373    -52      444
  SINCE DEC 1   1695                      2229   -534     2275
  SINCE JUL 1   2283                      3062   -779     3060

 COOLING
  YESTERDAY        0                         0      0        0
  MONTH TO DATE    0                         0      0        0
  SINCE DEC 1      3                         0      3        0
  SINCE JAN 1      0                         0      0        0
..................................................................


WIND (MPH)
  HIGHEST WIND SPEED    15   HIGHEST WIND DIRECTION     W (290)
  HIGHEST GUST SPEED    27   HIGHEST GUST DIRECTION    NW (300)
  AVERAGE WIND SPEED     6.6


SKY COVER
  AVERAGE SKY COVER 0.4


WEATHER CONDITIONS
 THE FOLLOWING WEATHER WAS RECORDED YESTERDAY.
  NO SIGNIFICANT WEATHER WAS OBSERVED.


RELATIVE HUMIDITY (PERCENT)
 HIGHEST    51           800 AM
 LOWEST     32           300 PM
 AVERAGE    42

..........................................................


THE CENTRAL PARK NY CLIMATE NORMALS FOR TODAY
                         NORMAL    RECORD    YEAR
 MAXIMUM TEMPERATURE (F)   41        64      1951
 MINIMUM TEMPERATURE (F)   29        -1      1914


SUNRISE AND SUNSET
FEBRUARY 13 2016......SUNRISE   653 AM EST   SUNSET   528 PM EST
FEBRUARY 14 2016......SUNRISE   652 AM EST   SUNSET   529 PM EST


-  INDICATES NEGATIVE NUMBERS.
R  INDICATES RECORD WAS SET OR TIED.
MM INDICATES DATA IS MISSING.
T  INDICATES TRACE AMOUNT.




$$
