000
CDUS41 KOKX 210630
CLINYC


CLIMATE REPORT
NATIONAL WEATHER SERVICE NEW YORK NY
220 AM EDT FRI JUL 21 2017


...................................

...THE CENTRAL PARK NY CLIMATE SUMMARY FOR JULY 20 2017...

CLIMATE NORMAL PERIOD 1981 TO 2010
CLIMATE RECORD PERIOD 1869 TO 2017


WEATHER ITEM   OBSERVED TIME   RECORD YEAR NORMAL DEPARTURE LAST
                VALUE   (LST)  VALUE       VALUE  FROM      YEAR
                                                  NORMAL
..................................................................
TEMPERATURE (F)
 YESTERDAY
  MAXIMUM         94    101 PM 101    1980  84     10       85
  MINIMUM         77    907 PM  55    1890  69      8       68
  AVERAGE         86                        77      9       77

PRECIPITATION (IN)
  YESTERDAY        0.01          1.97 1889   0.15  -0.14     0.00
  MONTH TO DATE    2.82                      2.86  -0.04     3.60
  SINCE JUN 1      7.58                      7.27   0.31     6.20
  SINCE JAN 1     30.36                     27.06   3.30    21.54

SNOWFALL (IN)
  YESTERDAY        0.0           0.0  2002   0.0    0.0      0.0
                                      2001
  MONTH TO DATE    0.0                       0.0    0.0      0.0
  SINCE OCT 1     30.2                      25.8    4.4     32.8
  SINCE JUL 1      0.0                       0.0    0.0      0.0
  SNOW DEPTH       0

DEGREE DAYS
 HEATING
  YESTERDAY        0                         0      0        0
  MONTH TO DATE    0                         0      0        0
  SINCE JUN 1     24                        19      5        7
  SINCE JUL 1      0                         0      0        0

 COOLING
  YESTERDAY       21                        12      9       12
  MONTH TO DATE  268                       228     40      246
  SINCE JUN 1    510                       440     70      478
  SINCE JAN 1    599                       509     90      597
..................................................................


WIND (MPH)
  HIGHEST WIND SPEED    12   HIGHEST WIND DIRECTION     W (280)
  HIGHEST GUST SPEED    17   HIGHEST GUST DIRECTION     W (250)
  AVERAGE WIND SPEED     2.8


SKY COVER
  AVERAGE SKY COVER 0.2


WEATHER CONDITIONS
 THE FOLLOWING WEATHER WAS RECORDED YESTERDAY.
  LIGHT RAIN


RELATIVE HUMIDITY (PERCENT)
 HIGHEST    74           400 AM
 LOWEST     41           100 PM
 AVERAGE    58

..........................................................


THE CENTRAL PARK NY CLIMATE NORMALS FOR TODAY
                         NORMAL    RECORD    YEAR
 MAXIMUM TEMPERATURE (F)   84       104      1977
 MINIMUM TEMPERATURE (F)   69        55      1890


SUNRISE AND SUNSET
JULY 21 2017..........SUNRISE   542 AM EDT   SUNSET   822 PM EDT
JULY 22 2017..........SUNRISE   543 AM EDT   SUNSET   821 PM EDT


-  INDICATES NEGATIVE NUMBERS.
R  INDICATES RECORD WAS SET OR TIED.
MM INDICATES DATA IS MISSING.
T  INDICATES TRACE AMOUNT.




$$
