000
CDUS41 KOKX 302036
CLINYC


CLIMATE REPORT
NATIONAL WEATHER SERVICE NEW YORK NY
436 PM EDT SAT MAY 30 2015


...................................

...THE CENTRAL PARK NY CLIMATE SUMMARY FOR MAY 30 2015...
VALID TODAY AS OF 0400 PM LOCAL TIME.

CLIMATE NORMAL PERIOD 1981 TO 2010
CLIMATE RECORD PERIOD 1869 TO 2015


WEATHER ITEM   OBSERVED TIME   RECORD YEAR NORMAL DEPARTURE LAST
                VALUE   (LST)  VALUE       VALUE  FROM      YEAR
                                                  NORMAL
..................................................................
TEMPERATURE (F)
 TODAY
  MAXIMUM         85    114 PM  97    1987  75     10       75
  MINIMUM         67    211 AM  42    1884  58      9       55
  AVERAGE         76                        66     10       65

PRECIPITATION (IN)
  TODAY            0.00          2.19 1984   0.15  -0.15      T
  MONTH TO DATE    0.40                      4.04  -3.64     4.32
  SINCE MAR 1      7.20                     12.90  -5.70    15.84
  SINCE JAN 1     14.47                     19.64  -5.17    24.11

SNOWFALL (IN)
  TODAY            0.0           0.0  2002   0.0    0.0      0.0
                                      2001
  MONTH TO DATE    0.0                       0.0    0.0      0.0
  SINCE OCT 1     50.3                      25.8   24.5     57.4
  SINCE JUL 1     50.3                      25.8   24.5     57.4
  SNOW DEPTH       0

DEGREE DAYS
 HEATING
  TODAY            0                         2     -2        0
  MONTH TO DATE   37                       136    -99       73
  SINCE MAR 1   1182                      1207    -25     1292
  SINCE JUL 1   4941                      4729    212     4962

 COOLING
  TODAY           11                         4      7        0
  MONTH TO DATE  147                        54     93       50
  SINCE MAR 1    152                        66     86       54
  SINCE JAN 1    152                        66     86       54
..................................................................


WIND (MPH)
  HIGHEST WIND SPEED    12   HIGHEST WIND DIRECTION     S (160)
  HIGHEST GUST SPEED    19   HIGHEST GUST DIRECTION     S (180)
  AVERAGE WIND SPEED     4.5


SKY COVER
  AVERAGE SKY COVER 0.1


WEATHER CONDITIONS
 THE FOLLOWING WEATHER WAS RECORDED TODAY.
  NO SIGNIFICANT WEATHER WAS OBSERVED.


RELATIVE HUMIDITY (PERCENT)
 HIGHEST    84           600 AM
 LOWEST     51           100 PM
 AVERAGE    68

..........................................................


THE CENTRAL PARK NY CLIMATE NORMALS FOR TOMORROW
                         NORMAL    RECORD    YEAR
 MAXIMUM TEMPERATURE (F)   75        96      1939
                                             1895
 MINIMUM TEMPERATURE (F)   59        46      1938
                                             1930
                                             1924


SUNRISE AND SUNSET
MAY 30 2015...........SUNRISE   528 AM EDT   SUNSET   819 PM EDT
MAY 31 2015...........SUNRISE   527 AM EDT   SUNSET   820 PM EDT


-  INDICATES NEGATIVE NUMBERS.
R  INDICATES RECORD WAS SET OR TIED.
MM INDICATES DATA IS MISSING.
T  INDICATES TRACE AMOUNT.




$$
