736
CDUS41 KOKX 290617
CLINYC


CLIMATE REPORT
NATIONAL WEATHER SERVICE NEW YORK NY
216 AM EDT FRI APR 29 2016


...................................

...THE CENTRAL PARK NY CLIMATE SUMMARY FOR APRIL 28 2016...

CLIMATE NORMAL PERIOD 1981 TO 2010
CLIMATE RECORD PERIOD 1869 TO 2016


WEATHER ITEM   OBSERVED TIME   RECORD YEAR NORMAL DEPARTURE LAST
                VALUE   (LST)  VALUE       VALUE  FROM      YEAR
                                                  NORMAL
..................................................................
TEMPERATURE (F)
 YESTERDAY
  MAXIMUM         59   1209 PM  90    2009  66     -7       71
                                      1990
  MINIMUM         48    635 AM  34    1934  49     -1       50
                                      1874
  AVERAGE         54                        57     -3       61

PRECIPITATION (IN)
  YESTERDAY        0.00          2.74 1980   0.15  -0.15     0.00
  MONTH TO DATE    1.56                      4.23  -2.67     2.08
  SINCE MAR 1      2.73                      8.59  -5.86     6.80
  SINCE JAN 1     11.54                     15.33  -3.79    14.07

SNOWFALL (IN)
  YESTERDAY        0.0           T    1931   0.0    0.0      0.0
  MONTH TO DATE    T                         0.6   -0.6      0.0
  SINCE OCT 1     32.1                      25.8    6.3     50.3
  SINCE JUL 1     32.1                      25.8    6.3     50.3
  SNOW DEPTH       0

DEGREE DAYS
 HEATING
  YESTERDAY       11                         8      3        4
  MONTH TO DATE  333                       354    -21      311
  SINCE MAR 1    831                      1054   -223     1137
  SINCE JUL 1   3578                      4576   -998     4896

 COOLING
  YESTERDAY        0                         1     -1        0
  MONTH TO DATE   13                         7      6        5
  SINCE MAR 1     19                         8     11        5
  SINCE JAN 1     19                         8     11        5
..................................................................


WIND (MPH)
  HIGHEST WIND SPEED    13   HIGHEST WIND DIRECTION    NE (50)
  HIGHEST GUST SPEED    18   HIGHEST GUST DIRECTION    NE (60)
  AVERAGE WIND SPEED     4.6


SKY COVER
  AVERAGE SKY COVER 0.3


WEATHER CONDITIONS
 THE FOLLOWING WEATHER WAS RECORDED YESTERDAY.
  NO SIGNIFICANT WEATHER WAS OBSERVED.


RELATIVE HUMIDITY (PERCENT)
 HIGHEST    77           100 AM
 LOWEST     24          1200 PM
 AVERAGE    51

..........................................................


THE CENTRAL PARK NY CLIMATE NORMALS FOR TODAY
                         NORMAL    RECORD    YEAR
 MAXIMUM TEMPERATURE (F)   66        89      1974
 MINIMUM TEMPERATURE (F)   49        32      1874


SUNRISE AND SUNSET
APRIL 29 2016.........SUNRISE   556 AM EDT   SUNSET   751 PM EDT
APRIL 30 2016.........SUNRISE   555 AM EDT   SUNSET   752 PM EDT


-  INDICATES NEGATIVE NUMBERS.
R  INDICATES RECORD WAS SET OR TIED.
MM INDICATES DATA IS MISSING.
T  INDICATES TRACE AMOUNT.




$$
