000
CXUS51 KOKX 061405
CLSNYC

CLIMATE REPORT
NATIONAL WEATHER SERVICE NEW YORK NY
903 AM EST THU DEC 6 2012

...THE CENTRAL PARK NY CLIMATE SUMMARY FOR THE SEASON, FROM
9/1/2012 TO 11/30/2012...

CLIMATE NORMAL PERIOD 1981 TO 2010
CLIMATE RECORD PERIOD 1869 TO 2012

WEATHER         OBSERVED          NORMAL  DEPART  LAST YEAR`S
                 VALUE   DATE(S)  VALUE   FROM    VALUE
                                          NORMAL
.............................................................
TEMPERATURE (F)
RECORD
 HIGH             102   09/02/1953
 LOW                7   11/30/1875
HIGHEST            91   09/01        MM      MM
LOWEST             31   11/07        MM      MM
                        11/06
AVG. MAXIMUM     63.1              64.3    -1.2
AVG. MINIMUM     50.7              50.8    -0.1
MEAN             56.9              57.5    -0.6
DAYS MAX >= 90      1               0.6     0.4
DAYS MAX <= 32      0               0.1    -0.1
DAYS MIN <= 32      3               2.6     0.4
DAYS MIN <= 0       0               0.0     0.0

PRECIPITATION (INCHES)
RECORD
 MAXIMUM        22.13   1913
 MINIMUM         4.00   1908
TOTALS           9.12             12.70   -3.58    18.53
DAILY AVG.       0.10              0.14   -0.04
DAYS >= .01        24              27.2    -3.2
DAYS >= .10        14              17.7    -3.7
DAYS >= .50         6               8.2    -2.2
DAYS >= 1.00        3               3.9    -0.9
GREATEST
 24 HR. TOTAL    1.96   MM
 STORM TOTAL       MM
 (MM/DD(HH))            MM

SNOWFALL (INCHES)
RECORDS
 TOTAL           19.0   1898
 24 HR TOTAL       MM
TOTALS            4.7               0.3     4.4
 LIQUID EQUIV    0.47              0.00    0.47
SINCE 7/1         4.7               0.3     4.4
 LIQUID 7/1      0.47
DAYS >= TRACE       3               0.2     2.8
DAYS >= 1.0         1               0.1     0.9
GREATEST
 SNOW DEPTH         4   11/08
 24 HR TOTAL      4.3   MM
 STORM TOTAL       MM
 (MM/DD(HH))            MM

DEGREE_DAYS
HEATING TOTAL     871               831      40
 SINCE 7/1         MM               833      MM
COOLING TOTAL     159               151       8
 SINCE 1/1       1277              1105     172
..............................................................

WIND (MPH)
AVERAGE WIND SPEED              4.9
HIGHEST WIND SPEED/DIRECTION    38/050    DATE  10/29
HIGHEST GUST SPEED/DIRECTION    62/050    DATE  10/29

SKY COVER
POSSIBLE SUNSHINE (PERCENT)   MM
AVERAGE SKY COVER           0.40
NUMBER OF DAYS FAIR           47
NUMBER OF DAYS PC             25
NUMBER OF DAYS CLOUDY         19

AVERAGE RH (PERCENT)     66

WEATHER CONDITIONS. NUMBER OF DAYS WITH
THUNDERSTORM              0     MIXED PRECIP               0
HEAVY RAIN                5     RAIN                      11
LIGHT RAIN               26     FREEZING RAIN              0
LT FREEZING RAIN          0     HAIL                       0
HEAVY SNOW                1     SNOW                       1
LIGHT SNOW                3     SLEET                      0
FOG                      29     FOG W/VIS <= 1/4 MILE      3
HAZE                     13

-  INDICATES NEGATIVE NUMBERS.
R  INDICATES RECORD WAS SET OR TIED.
MM INDICATES DATA IS MISSING.
T  INDICATES TRACE AMOUNT.

$$
