000
CXUS51 KOKX 011649
CLSNYC

CLIMATE REPORT
NATIONAL WEATHER SERVICE NEW YORK NY
1149 AM EST FRI MAR 1 2013


...THE CENTRAL PARK NY CLIMATE SUMMARY FOR THE SEASON, FROM
12/1/2012 TO 2/28/2013...

CLIMATE NORMAL PERIOD 1981 TO 2010
CLIMATE RECORD PERIOD 1869 TO 2013

WEATHER         OBSERVED          NORMAL  DEPART  LAST YEAR`S
                 VALUE   DATE(S)  VALUE   FROM    VALUE
                                          NORMAL
.............................................................
TEMPERATURE (F)
RECORD
 HIGH              75   12/07/1998
                        02/24/1985
                        02/25/1930
 LOW              -15   02/09/1934
HIGHEST            62   12/04        MM      MM
LOWEST             11   01/23        MM      MM
AVG. MAXIMUM     42.2              41.0     1.2
AVG. MINIMUM     31.5              29.3     2.2
MEAN             36.8              35.1     1.7
DAYS MAX >= 90      0               0.0     0.0
DAYS MAX <= 32     15              16.6    -1.6
DAYS MIN <= 32     43              52.4    -9.4
DAYS MIN <= 0       0               0.0     0.0

PRECIPITATION (INCHES)
RECORD
 MAXIMUM        16.04   2010
 MINIMUM         7.78   2007
TOTALS          11.81             10.74    1.07     8.60
DAILY AVG.       0.13              0.12    0.01
DAYS >= .01        40              30.2     9.8
DAYS >= .10        22              18.9     3.1
DAYS >= .50         9               7.5     1.5
DAYS >= 1.00        2               3.0    -1.0
GREATEST
 24 HR. TOTAL    1.70   MM
 STORM TOTAL       MM
 (MM/DD(HH))            MM

SNOWFALL (INCHES)
RECORDS
 TOTAL           60.9   2011
 24 HR TOTAL     12.3   MM
TOTALS           14.1              21.0    -6.9
 LIQUID EQUIV    1.41              2.10   -0.69
SINCE 7/1        18.8              21.3    -2.5
 LIQUID 7/1      1.88
DAYS >= TRACE      18               9.1     8.9
DAYS >= 1.0         3               4.9    -1.9
GREATEST
 SNOW DEPTH        10   02/10
 24 HR TOTAL      6.3   MM
 STORM TOTAL       MM
 (MM/DD(HH))            MM

DEGREE_DAYS
HEATING TOTAL    2502              2690    -188
 SINCE 7/1         MM              3522      MM
COOLING TOTAL       0                 0       0
 SINCE 1/1          0                 0       0
..............................................................

WIND (MPH)
AVERAGE WIND SPEED              6.7
HIGHEST WIND SPEED/DIRECTION    30/070    DATE  12/26
HIGHEST GUST SPEED/DIRECTION    45/070    DATE  12/26

SKY COVER
POSSIBLE SUNSHINE (PERCENT)   MM
AVERAGE SKY COVER           0.50
NUMBER OF DAYS FAIR           36
NUMBER OF DAYS PC             27
NUMBER OF DAYS CLOUDY         27

AVERAGE RH (PERCENT)     64

WEATHER CONDITIONS. NUMBER OF DAYS WITH
THUNDERSTORM              0     MIXED PRECIP               0
HEAVY RAIN                7     RAIN                      17
LIGHT RAIN               30     FREEZING RAIN              0
LT FREEZING RAIN          0     HAIL                       0
HEAVY SNOW                2     SNOW                       5
LIGHT SNOW               17     SLEET                      1
FOG                      46     FOG W/VIS <= 1/4 MILE      5
HAZE                     25

-  INDICATES NEGATIVE NUMBERS.
R  INDICATES RECORD WAS SET OR TIED.
MM INDICATES DATA IS MISSING.
T  INDICATES TRACE AMOUNT.

$$
