000
CXUS51 KOKX 022153
CLSNYC

NYCCLMNYC 000
TTAA00 KOKX 011515


CLIMATE REPORT
NATIONAL WEATHER SERVICE NEW YORK NY
552 PM EDT SAT SEP 2 2012

...................................

...THE CENTRAL PARK NY CLIMATE SUMMARY FOR THE SEASON, FROM
6/1/2012 TO 8/31/2012...

CLIMATE NORMAL PERIOD 1981 TO 2010
CLIMATE RECORD PERIOD 1869 TO 2012

WEATHER         OBSERVED          NORMAL  DEPART  LAST YEAR`S
                 VALUE   DATE(S)  VALUE   FROM    VALUE
                                          NORMAL
.............................................................
TEMPERATURE (F)
RECORD
 HIGH             106   07/09/1936
 LOW               44   06/01/1945
HIGHEST           100   07/18        MM      MM
LOWEST             51   06/05        MM      MM
AVG. MAXIMUM     83.5              82.0     1.5
AVG. MINIMUM     67.5              66.8     0.7
MEAN             75.5              74.4     1.1
DAYS MAX >= 90     18              10.8     7.2
DAYS MAX <= 32      0               0.0     0.0
DAYS MIN <= 32      0               0.0     0.0
DAYS MIN <= 0       0               0.0     0.0

PRECIPITATION (INCHES)
RECORD
 MAXIMUM        25.23   2011
 MINIMUM         4.31   1966
TOTALS          10.09             13.45   -3.36    25.23
DAILY AVG.       0.11              0.15   -0.04
DAYS >= .01        34              31.1     2.9
DAYS >= .10        23              20.0     3.0
DAYS >= .50         8               9.0    -1.0
DAYS >= 1.00        2               3.7    -1.7
GREATEST
 24 HR. TOTAL    1.78   MM
 STORM TOTAL       MM
 (MM/DD(HH))            MM

SNOWFALL (INCHES)
RECORDS
 TOTAL              T   1990
                        1951
 24 HR TOTAL       MM
TOTALS            0.0               0.0     0.0
 LIQUID EQUIV    0.00              0.00    0.00
SINCE 7/1         0.0               0.0     0.0
 LIQUID 7/1      0.00
DAYS >= TRACE       0               0.0     0.0
DAYS >= 1.0         0               0.0     0.0
GREATEST
 SNOW DEPTH         0   MM
 24 HR TOTAL      0.0   MM
 STORM TOTAL       MM
 (MM/DD(HH))            MM

DEGREE_DAYS
HEATING TOTAL      15                21      -6
 SINCE 7/1          0                 2      -2
COOLING TOTAL    1003               885     118
 SINCE 1/1       1118               954     164
..............................................................

WIND (MPH)
AVERAGE WIND SPEED              3.9
HIGHEST WIND SPEED/DIRECTION    21/310    DATE  07/26
HIGHEST GUST SPEED/DIRECTION    34/290    DATE  07/26

SKY COVER
POSSIBLE SUNSHINE (PERCENT)   MM
AVERAGE SKY COVER           0.30
NUMBER OF DAYS FAIR           59
NUMBER OF DAYS PC             27
NUMBER OF DAYS CLOUDY          6

AVERAGE RH (PERCENT)     65

WEATHER CONDITIONS. NUMBER OF DAYS WITH
THUNDERSTORM              0     MIXED PRECIP               0
HEAVY RAIN               18     RAIN                      21
LIGHT RAIN               35     FREEZING RAIN              0
LT FREEZING RAIN          0     HAIL                       0
HEAVY SNOW                0     SNOW                       0
LIGHT SNOW                0     SLEET                      0
FOG                      39     FOG W/VIS <= 1/4 MILE      2
HAZE                     20

-  INDICATES NEGATIVE NUMBERS.
R  INDICATES RECORD WAS SET OR TIED.
MM INDICATES DATA IS MISSING.
T  INDICATES TRACE AMOUNT.

$$
