000
CXUS51 KOKX 021409
CLSNYC

NYCCLMNYC 000
TTAA00 KOKX 021351


CLIMATE REPORT
NATIONAL WEATHER SERVICE NEW YORK NY
850 AM EST WED DEC 2 2015

...................................

...THE CENTRAL PARK NY CLIMATE SUMMARY FOR THE SEASON, FROM
9/1/2015 TO 11/30/2015...

CLIMATE NORMAL PERIOD 1981 TO 2010
CLIMATE RECORD PERIOD 1869 TO 2015

WEATHER         OBSERVED          NORMAL  DEPART  LAST YEAR`S
                 VALUE   DATE(S)  VALUE   FROM    VALUE
                                          NORMAL
.............................................................
TEMPERATURE (F)
RECORD
 HIGH             102   09/02/1953
 LOW                7   11/30/1875
HIGHEST            97   09/08        MM      MM
LOWEST             32   11/24        MM      MM
AVG. MAXIMUM     69.1              64.3     4.8
AVG. MINIMUM     54.4              50.8     3.6
MEAN             61.8              57.5     4.3
DAYS MAX >= 90      6               0.6     5.4
DAYS MAX <= 32      0               0.1    -0.1
DAYS MIN <= 32      1               2.6    -1.6
DAYS MIN <= 0       0               0.0     0.0

PRECIPITATION (INCHES)
RECORD
 MAXIMUM        22.13   1913
 MINIMUM         4.00   1908
TOTALS           9.20             12.70   -3.50    11.49
DAILY AVG.       0.10              0.14   -0.04
DAYS >= .01        20              27.2    -7.2
DAYS >= .10        11              17.7    -6.7
DAYS >= .50         6               8.2    -2.2
DAYS >= 1.00        5               3.9     1.1
GREATEST
 24 HR. TOTAL    1.58   MM
 STORM TOTAL       MM
 (MM/DD(HH))            MM

SNOWFALL (INCHES)
RECORDS
 TOTAL           19.0   1898
 24 HR TOTAL       MM
TOTALS            0.0               0.3    -0.3
 LIQUID EQUIV    0.00              0.00    0.00
SINCE 7/1         0.0               0.3    -0.3
 LIQUID 7/1      0.00
DAYS >= TRACE       0               0.2    -0.2
DAYS >= 1.0         0               0.1    -0.1
GREATEST
 SNOW DEPTH         0   MM
 24 HR TOTAL      0.0   MM
 STORM TOTAL       MM
 (MM/DD(HH))            MM

DEGREE_DAYS
HEATING TOTAL     588               831    -243
 SINCE 7/1        588               833    -245
COOLING TOTAL     313               151     162
 SINCE 1/1       1578              1105     473
..............................................................

WIND (MPH)
AVERAGE WIND SPEED              4.9
HIGHEST WIND SPEED/DIRECTION    23/070    DATE  11/10
HIGHEST GUST SPEED/DIRECTION    36/280    DATE  11/13

SKY COVER
POSSIBLE SUNSHINE (PERCENT)   MM
AVERAGE SKY COVER           0.30
NUMBER OF DAYS FAIR           57
NUMBER OF DAYS PC             19
NUMBER OF DAYS CLOUDY         13

AVERAGE RH (PERCENT)     58

WEATHER CONDITIONS. NUMBER OF DAYS WITH
THUNDERSTORM              0     MIXED PRECIP               0
HEAVY RAIN                9     RAIN                      11
LIGHT RAIN               19     FREEZING RAIN              0
LT FREEZING RAIN          0     HAIL                       0
HEAVY SNOW                0     SNOW                       0
LIGHT SNOW                0     SLEET                      0
FOG                      24     FOG W/VIS <= 1/4 MILE      0
HAZE                     15

-  INDICATES NEGATIVE NUMBERS.
R  INDICATES RECORD WAS SET OR TIED.
MM INDICATES DATA IS MISSING.
T  INDICATES TRACE AMOUNT.

$$
