000
CXUS51 KOKX 011420
CLSNYC

CLIMATE REPORT
NATIONAL WEATHER SERVICE NEW YORK NY
1020 AM EDT FRI JUN 1 2012

...................................

...THE CENTRAL PARK NY CLIMATE SUMMARY FOR THE SEASON, FROM
3/1/2012 TO 5/31/2012...

CLIMATE NORMAL PERIOD 1981 TO 2010
CLIMATE RECORD PERIOD 1869 TO 2012

WEATHER         OBSERVED          NORMAL  DEPART  LAST YEAR`S
                 VALUE   DATE(S)  VALUE   FROM    VALUE
                                          NORMAL
.............................................................
TEMPERATURE (F)
RECORD
 HIGH              99   05/19/1962
 LOW                3   03/05/1872
HIGHEST            89   05/29        MM      MM
                        05/28
LOWEST             25   03/06        MM      MM
AVG. MAXIMUM     64.9              60.5     4.4
AVG. MINIMUM     48.9              44.7     4.2
MEAN             56.9              52.6     4.3
DAYS MAX >= 90      0               0.8    -0.8
DAYS MAX <= 32      0               0.9    -0.9
DAYS MIN <= 32      4              10.6    -6.6
DAYS MIN <= 0       0               0.0     0.0

PRECIPITATION (INCHES)
RECORD
 MAXIMUM        29.15   1983
 MINIMUM         4.95   1885
TOTALS           9.90             13.05   -3.15    16.65
DAILY AVG.       0.11              0.14   -0.03
DAYS >= .01        38              33.5     4.5
DAYS >= .10        19              21.4    -2.4
DAYS >= .50         6               8.3    -2.3
DAYS >= 1.00        2               3.3    -1.3
GREATEST
 24 HR. TOTAL    2.67   04/22 TO 04/23
 STORM TOTAL       MM
 (MM/DD(HH))            MM

SNOWFALL (INCHES)
RECORDS
 TOTAL           33.5   1896
 24 HR TOTAL     16.5   03/12/1888 TO 03/12/1888
TOTALS            0.0               4.2    -4.2
 LIQUID EQUIV    0.00              0.40   -0.40
SINCE 7/1         7.4              25.1   -17.7
 LIQUID 7/1      0.74
DAYS >= TRACE       0               1.9    -1.9
DAYS >= 1.0         0               1.1    -1.1
GREATEST
 SNOW DEPTH         0   MM
 24 HR TOTAL      0.0   MM
 STORM TOTAL      0.0
 (MM/DD(HH))            MM

DEGREE_DAYS
HEATING TOTAL     829              1208    -379
 SINCE 7/1       3700              4731   -1031
COOLING TOTAL     115                69      46
 SINCE 1/1        115                69      46
..............................................................

WIND (MPH)
AVERAGE WIND SPEED              5.1
HIGHEST WIND SPEED/DIRECTION    23/050    DATE  04/22
HIGHEST GUST SPEED/DIRECTION    43/300    DATE  03/26

SKY COVER
POSSIBLE SUNSHINE (PERCENT)   MM
AVERAGE SKY COVER           0.40
NUMBER OF DAYS FAIR           43
NUMBER OF DAYS PC             26
NUMBER OF DAYS CLOUDY         23

AVERAGE RH (PERCENT)     61

WEATHER CONDITIONS. NUMBER OF DAYS WITH
THUNDERSTORM              0     MIXED PRECIP               0
HEAVY RAIN               11     RAIN                      17
LIGHT RAIN               40     FREEZING RAIN              0
LT FREEZING RAIN          0     HAIL                       0
HEAVY SNOW                0     SNOW                       0
LIGHT SNOW                0     SLEET                      0
FOG                      44     FOG W/VIS <= 1/4 MILE      1
HAZE                     20

-  INDICATES NEGATIVE NUMBERS.
R  INDICATES RECORD WAS SET OR TIED.
MM INDICATES DATA IS MISSING.
T  INDICATES TRACE AMOUNT.

$$
