000
CXUS51 KOKX 021621
CLSNYC

CLIMATE REPORT
NATIONAL WEATHER SERVICE NEW YORK NY
1220 PM EDT THU JUN 2 2011

...................................

...THE CENTRAL PARK NY CLIMATE SUMMARY FOR THE SEASON, FROM
3/1/2011 TO 5/31/2011...

CLIMATE NORMAL PERIOD 1971 TO 2000
CLIMATE RECORD PERIOD 1869 TO 2011

WEATHER         OBSERVED          NORMAL  DEPART  LAST YEAR`S
                 VALUE   DATE(S)  VALUE   FROM    VALUE
                                          NORMAL
.............................................................
TEMPERATURE (F)
RECORD
 HIGH              99   05/19/1962
 LOW                3   03/05/1872
HIGHEST            89   05/31        MM      MM
LOWEST             20   03/03        MM      MM
AVG. MAXIMUM     61.6              61.0     0.6
AVG. MINIMUM     45.8              43.9     1.9
MEAN             53.7              52.4     1.3
DAYS MAX >= 90      0               1.2    -1.2
DAYS MAX <= 32      0               0.8    -0.8
DAYS MIN <= 32     11              11.7    -0.7
DAYS MIN <= 0       0               0.0     0.0

PRECIPITATION (INCHES)
RECORD
 MAXIMUM        29.15   1983
 MINIMUM         4.95   1885
TOTALS          16.65             12.70    3.95    16.69
DAILY AVG.       0.18              0.14    0.04
DAYS >= .01        33              33.0     0.0
DAYS >= .10        24              21.3     2.7
DAYS >= .50        13               8.8     4.2
DAYS >= 1.00        5               3.2     1.8
GREATEST
 24 HR. TOTAL    2.18   MM
 STORM TOTAL       MM
 (MM/DD(HH))            MM

SNOWFALL (INCHES)
RECORDS
 TOTAL           33.5   1896
 24 HR TOTAL     16.5   03/12/1888 TO 03/12/1888
TOTALS            1.0               3.7    -2.7
 LIQUID EQUIV    0.10                MM      MM
SINCE 7/1        61.9              22.4    39.5
 LIQUID 7/1      6.19
DAYS >= TRACE       5               1.8     3.2
DAYS >= 1.0         1               1.1    -0.1
GREATEST
 SNOW DEPTH         1   03/24
 24 HR TOTAL      1.0   MM
 STORM TOTAL       MM
 (MM/DD(HH))            MM

DEGREE_DAYS
HEATING TOTAL    1115              1200     -85
 SINCE 7/1         MM              4765      MM
COOLING TOTAL     100                54      46
 SINCE 1/1        100                75      25
..............................................................

WIND (MPH)
AVERAGE WIND SPEED              6.8
HIGHEST WIND SPEED/DIRECTION    32/060    DATE  04/13
HIGHEST GUST SPEED/DIRECTION    41/140    DATE  03/10

SKY COVER
POSSIBLE SUNSHINE (PERCENT)   MM
AVERAGE SKY COVER           0.40
NUMBER OF DAYS FAIR           41
NUMBER OF DAYS PC             30
NUMBER OF DAYS CLOUDY         21

AVERAGE RH (PERCENT)     64

WEATHER CONDITIONS. NUMBER OF DAYS WITH
THUNDERSTORM              0     MIXED PRECIP               0
HEAVY RAIN               17     RAIN                      20
LIGHT RAIN               35     FREEZING RAIN              0
LT FREEZING RAIN          0     HAIL                       0
HEAVY SNOW                0     SNOW                       0
LIGHT SNOW                2     SLEET                      1
FOG                      41     FOG W/VIS <= 1/4 MILE      2
HAZE                     20

-  INDICATES NEGATIVE NUMBERS.
R  INDICATES RECORD WAS SET OR TIED.
MM INDICATES DATA IS MISSING.
T  INDICATES TRACE AMOUNT.

$$
