000
CXUS51 KOKX 022024
CLSNYC

NYCCLMNYC 000
TTAA00 KOKX 021404


CLIMATE REPORT
NATIONAL WEATHER SERVICE NEW YORK NY
422 PM EDT FRI SEP 2 2011

...................................

...THE CENTRAL PARK NY CLIMATE SUMMARY FOR THE SEASON, FROM
6/1/2011 TO 8/31/2011...

CLIMATE NORMAL PERIOD 1981 TO 2010
CLIMATE RECORD PERIOD 1869 TO 2011

WEATHER         OBSERVED          NORMAL  DEPART  LAST YEAR`S
                 VALUE   DATE(S)  VALUE   FROM    VALUE
                                          NORMAL
.............................................................
TEMPERATURE (F)
RECORD
 HIGH             106   07/09/1936
 LOW               44   06/01/1945
HIGHEST           104   07/22        MM      MM
LOWEST             56   06/15        MM      MM
                        06/05
AVG. MAXIMUM     84.0              82.0     2.0
AVG. MINIMUM     67.9              66.8     1.1
MEAN             75.9              74.4     1.5
DAYS MAX >= 90     20              10.8     9.2
DAYS MAX <= 32      0               0.0     0.0
DAYS MIN <= 32      0               0.0     0.0
DAYS MIN <= 0       0               0.0     0.0

PRECIPITATION (INCHES)
RECORD
 MAXIMUM        22.40   1975
 MINIMUM         4.31   1966
TOTALS          25.23R            13.45   11.78     8.94
DAILY AVG.       0.27              0.15    0.12
DAYS >= .01        32              31.1     0.9
DAYS >= .10        23              20.0     3.0
DAYS >= .50        12               9.0     3.0
DAYS >= 1.00        7               3.7     3.3
GREATEST
 24 HR. TOTAL    6.86   08/27 TO 08/28
 STORM TOTAL       MM
 (MM/DD(HH))            MM

SNOWFALL (INCHES)
RECORDS
 TOTAL              T   1990
                        1951
 24 HR TOTAL       MM
TOTALS            0.0               0.0     0.0
 LIQUID EQUIV    0.00              0.00    0.00
SINCE 7/1         0.0               0.0     0.0
 LIQUID 7/1      0.00
DAYS >= TRACE       0               0.0     0.0
DAYS >= 1.0         0               0.0     0.0
GREATEST
 SNOW DEPTH         0   MM
 24 HR TOTAL      0.0   MM
 STORM TOTAL       MM
 (MM/DD(HH))            MM

DEGREE_DAYS
HEATING TOTAL       2                21     -19
 SINCE 7/1          0                 2      -2
COOLING TOTAL    1035               885     150
 SINCE 1/1       1135               954     181
..............................................................

WIND (MPH)
AVERAGE WIND SPEED              4.5
HIGHEST WIND SPEED/DIRECTION    32/070    DATE  08/28
HIGHEST GUST SPEED/DIRECTION    60/070    DATE  08/28

SKY COVER
POSSIBLE SUNSHINE (PERCENT)   MM
AVERAGE SKY COVER           0.30
NUMBER OF DAYS FAIR           65
NUMBER OF DAYS PC             17
NUMBER OF DAYS CLOUDY         10

AVERAGE RH (PERCENT)     68

WEATHER CONDITIONS. NUMBER OF DAYS WITH
THUNDERSTORM              0     MIXED PRECIP               0
HEAVY RAIN               17     RAIN                      23
LIGHT RAIN               27     FREEZING RAIN              0
LT FREEZING RAIN          0     HAIL                       0
HEAVY SNOW                0     SNOW                       0
LIGHT SNOW                0     SLEET                      0
FOG                      49     FOG W/VIS <= 1/4 MILE      9
HAZE                     30

-  INDICATES NEGATIVE NUMBERS.
R  INDICATES RECORD WAS SET OR TIED.
MM INDICATES DATA IS MISSING.
T  INDICATES TRACE AMOUNT.

$$
