000
CXUS51 KOKX 020114
CLSNYC

NYCCLMNYC 000
TTAA00 KOKX 020113


CLIMATE REPORT
NATIONAL WEATHER SERVICE NEW YORK NY
812 PM EST WED MAR 1 2017

...................................

...THE CENTRAL PARK NY CLIMATE SUMMARY FOR THE SEASON, FROM
12/1/2016 TO 2/28/2017...

CLIMATE NORMAL PERIOD 1981 TO 2010
CLIMATE RECORD PERIOD 1869 TO 2017

WEATHER         OBSERVED          NORMAL  DEPART  LAST YEAR`S
                 VALUE   DATE(S)  VALUE   FROM    VALUE
                                          NORMAL
.............................................................
TEMPERATURE (F)
RECORD
 HIGH              75   12/07/1998
                        02/24/1985
                        02/25/1930
 LOW              -15   02/09/1934
HIGHEST            70   02/24        MM      MM
LOWEST             14   01/09        MM      MM
AVG. MAXIMUM     45.1              41.0     4.1
AVG. MINIMUM     33.5              29.3     4.2
MEAN             39.3              35.1     4.2
DAYS MAX >= 90      0               0.0     0.0
DAYS MAX <= 32      6              16.6   -10.6
DAYS MIN <= 32     35              52.4   -17.4
DAYS MIN <= 0       0               0.0     0.0

PRECIPITATION (INCHES)
RECORD
 MAXIMUM        20.71   1979
 MINIMUM         4.22   1901
TOTALS          10.20             10.74   -0.54    13.53
DAILY AVG.       0.11              0.12   -0.01
DAYS >= .01        33              30.2     2.8
DAYS >= .10        19              18.9     0.1
DAYS >= .50         8               7.5     0.5
DAYS >= 1.00        3               3.0     0.0
GREATEST
 24 HR. TOTAL    2.15   MM
 STORM TOTAL       MM
 (MM/DD(HH))            MM

SNOWFALL (INCHES)
RECORDS
 TOTAL           60.9   2011
 24 HR TOTAL     27.3   02/29/2016 TO 02/29/2016
                        02/29/2016 TO 02/29/2016
                        02/29/2016 TO 02/29/2016
TOTALS           20.5              21.0    -0.5
 LIQUID EQUIV    2.05              2.10   -0.05
SINCE 7/1        20.5              21.3    -0.8
 LIQUID 7/1      2.05
DAYS >= TRACE      13               9.1     3.9
DAYS >= 1.0         5               4.9     0.1
GREATEST
 SNOW DEPTH         8   02/10
 24 HR TOTAL      9.4   MM
 STORM TOTAL       MM
 (MM/DD(HH))            MM

DEGREE_DAYS
HEATING TOTAL    2296              2690    -394
 SINCE 7/1         MM              3522      MM
COOLING TOTAL       0                 0       0
 SINCE 1/1          0                 0       0
..............................................................

WIND (MPH)
AVERAGE WIND SPEED              6.5
HIGHEST WIND SPEED/DIRECTION    33/070    DATE  01/23
HIGHEST GUST SPEED/DIRECTION    48/310    DATE  02/13

SKY COVER
POSSIBLE SUNSHINE (PERCENT)   MM
AVERAGE SKY COVER           0.50
NUMBER OF DAYS FAIR           37
NUMBER OF DAYS PC             33
NUMBER OF DAYS CLOUDY         20

AVERAGE RH (PERCENT)     60

WEATHER CONDITIONS. NUMBER OF DAYS WITH
THUNDERSTORM              0     MIXED PRECIP               0
HEAVY RAIN                1     RAIN                      13
LIGHT RAIN               25     FREEZING RAIN              2
LT FREEZING RAIN          2     HAIL                       0
HEAVY SNOW                3     SNOW                       6
LIGHT SNOW               11     SLEET                      1
FOG                      36     FOG W/VIS <= 1/4 MILE      6
HAZE                     18

-  INDICATES NEGATIVE NUMBERS.
R  INDICATES RECORD WAS SET OR TIED.
MM INDICATES DATA IS MISSING.
T  INDICATES TRACE AMOUNT.

$$
