000
CXUS51 KOKX 021240
CLSNYC

CLIMATE REPORT
NATIONAL WEATHER SERVICE NEW YORK NY
733 AM EST FRI DEC 2 2011


...THE CENTRAL PARK NY CLIMATE SUMMARY FOR THE SEASON, FROM
9/1/2011 TO 11/30/2011...

CLIMATE NORMAL PERIOD 1981 TO 2010
CLIMATE RECORD PERIOD 1869 TO 2011

WEATHER         OBSERVED          NORMAL  DEPART  LAST YEAR`S
                 VALUE   DATE(S)  VALUE   FROM    VALUE
                                          NORMAL
.............................................................
TEMPERATURE (F)
RECORD
 HIGH             102   09/02/1953
 LOW                7   11/30/1875
HIGHEST            86   09/04        MM      MM
LOWEST             33   10/30        MM      MM
                        10/29
AVG. MAXIMUM     66.2              64.3     1.9
AVG. MINIMUM     53.1              50.8     2.3
MEAN             59.7              57.5     2.2
DAYS MAX >= 90      0               0.6    -0.6
DAYS MAX <= 32      0               0.1    -0.1
DAYS MIN <= 32      0               2.6    -2.6
DAYS MIN <= 0       0               0.0     0.0

PRECIPITATION (INCHES)
RECORD
 MAXIMUM        22.13   1913
 MINIMUM         4.00   1908
TOTALS          18.53             12.70    5.83    10.73
DAILY AVG.       0.20              0.14    0.06
DAYS >= .01        32              27.2     4.8
DAYS >= .10        19              17.7     1.3
DAYS >= .50        11               8.2     2.8
DAYS >= 1.00        7               3.9     3.1
GREATEST
 24 HR. TOTAL    3.22   MM
 STORM TOTAL       MM
 (MM/DD(HH))            MM

SNOWFALL (INCHES)
RECORDS
 TOTAL           19.0   1898
 24 HR TOTAL       MM
TOTALS            2.9               0.3     2.6
 LIQUID EQUIV    0.29              0.00    0.29
SINCE 7/1         2.9               0.3     2.6
 LIQUID 7/1      0.29
DAYS >= TRACE       2               0.2     1.8
DAYS >= 1.0         1               0.1     0.9
GREATEST
 SNOW DEPTH         0   MM
 24 HR TOTAL      2.9   MM
 STORM TOTAL       MM
 (MM/DD(HH))            MM

DEGREE_DAYS
HEATING TOTAL     662               831    -169
 SINCE 7/1        662               833    -171
COOLING TOTAL     196               151      45
 SINCE 1/1       1331              1105     226
..............................................................

WIND (MPH)
AVERAGE WIND SPEED              5.1
HIGHEST WIND SPEED/DIRECTION    22/050    DATE  10/29
HIGHEST GUST SPEED/DIRECTION    37/MM     DATE   MM

SKY COVER
POSSIBLE SUNSHINE (PERCENT)   MM
AVERAGE SKY COVER           0.40
NUMBER OF DAYS FAIR           47
NUMBER OF DAYS PC             26
NUMBER OF DAYS CLOUDY         18

AVERAGE RH (PERCENT)     70

WEATHER CONDITIONS. NUMBER OF DAYS WITH
THUNDERSTORM              0     MIXED PRECIP               0
HEAVY RAIN               13     RAIN                      18
LIGHT RAIN               32     FREEZING RAIN              0
LT FREEZING RAIN          0     HAIL                       0
HEAVY SNOW                0     SNOW                       1
LIGHT SNOW                2     SLEET                      0
FOG                      39     FOG W/VIS <= 1/4 MILE      3
HAZE                     14

-  INDICATES NEGATIVE NUMBERS.
R  INDICATES RECORD WAS SET OR TIED.
MM INDICATES DATA IS MISSING.
T  INDICATES TRACE AMOUNT.

$$
