000
CXUS51 KOKX 021449
CLSNYC

CLIMATE REPORT
NATIONAL WEATHER SERVICE NEW YORK NY
949 AM EST THU DEC 2 2010

...................................

...THE CENTRAL PARK NY CLIMATE SUMMARY FOR THE SEASON, FROM
9/1/2010 TO 11/30/2010...

CLIMATE NORMAL PERIOD 1971 TO 2000
CLIMATE RECORD PERIOD 1869 TO 2010

WEATHER         OBSERVED          NORMAL  DEPART  LAST YEAR`S
                 VALUE   DATE(S)  VALUE   FROM    VALUE
                                          NORMAL
.............................................................
TEMPERATURE (F)
RECORD
 HIGH             102   09/02/1953
 LOW                7   11/30/1875
HIGHEST            96   09/01        MM      MM
LOWEST             34   11/28        MM      MM
                        11/27
AVG. MAXIMUM     65.8              65.2     0.6
AVG. MINIMUM     52.3              50.3     2.0
MEAN             59.0              57.7     1.3
DAYS MAX >= 90      3               1.1     1.9
DAYS MAX <= 32      0               0.1    -0.1
DAYS MIN <= 32      0               4.3    -4.3
DAYS MIN <= 0       0               0.0     0.0

PRECIPITATION (INCHES)
RECORD
 MAXIMUM        22.13   1913
 MINIMUM         4.00   1908
TOTALS          10.73             11.92   -1.19     9.45
DAILY AVG.       0.12              0.13   -0.01
DAYS >= .01        26              26.7    -0.7
DAYS >= .10        16              17.6    -1.6
DAYS >= .50         6               8.1    -2.1
DAYS >= 1.00        5               3.4     1.6
GREATEST
 24 HR. TOTAL    2.59   MM
 STORM TOTAL       MM
 (MM/DD(HH))            MM

SNOWFALL (INCHES)
RECORDS
 TOTAL           19.0   1898
 24 HR TOTAL       MM
TOTALS              T               0.4    -0.4
 LIQUID EQUIV      MM                MM      MM
SINCE 7/1           T               0.4    -0.4
 LIQUID 7/1        MM
DAYS >= TRACE       1               0.3     0.7
DAYS >= 1.0         0               0.1    -0.1
GREATEST
 SNOW DEPTH         0   MM
 24 HR TOTAL      0.0   MM
 STORM TOTAL       MM
 (MM/DD(HH))            MM

DEGREE_DAYS
HEATING TOTAL     726               807     -81
 SINCE 7/1        726               838    -112
COOLING TOTAL     204               147      57
 SINCE 1/1       1549              1151     398
..............................................................

WIND (MPH)
AVERAGE WIND SPEED              6.0
HIGHEST WIND SPEED/DIRECTION    23/270    DATE  11/27
HIGHEST GUST SPEED/DIRECTION    43/280    DATE  11/17

SKY COVER
POSSIBLE SUNSHINE (PERCENT)   MM

NUMBER OF DAYS FAIR           53
NUMBER OF DAYS PC             23
NUMBER OF DAYS CLOUDY         15

AVERAGE RH (PERCENT)     62

WEATHER CONDITIONS. NUMBER OF DAYS WITH
THUNDERSTORM              0     MIXED PRECIP               0
HEAVY RAIN               11     RAIN                      13
LIGHT RAIN               28     FREEZING RAIN              0
LT FREEZING RAIN          0     HAIL                       0
HEAVY SNOW                0     SNOW                       0
LIGHT SNOW                1     SLEET                      0
FOG                      33     FOG W/VIS <= 1/4 MILE      3
HAZE                     16

-  INDICATES NEGATIVE NUMBERS.
R  INDICATES RECORD WAS SET OR TIED.
MM INDICATES DATA IS MISSING.
T  INDICATES TRACE AMOUNT.

$$
