000
CXUS51 KOKX 020102
CLSNYC

CLIMATE REPORT
NATIONAL WEATHER SERVICE NEW YORK NY
902 PM EDT TUE JUN 1 2010

...................................

...THE CENTRAL PARK NY CLIMATE SUMMARY FOR THE SEASON, FROM
3/1/2010 TO 5/31/2010...

CLIMATE NORMAL PERIOD 1971 TO 2000
CLIMATE RECORD PERIOD 1869 TO 2010

WEATHER         OBSERVED          NORMAL  DEPART  LAST YEAR`S
                 VALUE   DATE(S)  VALUE   FROM    VALUE
                                          NORMAL
.............................................................
TEMPERATURE (F)
RECORD
 HIGH              99   05/19/1962
 LOW                3   03/05/1872
HIGHEST            92   05/26        MM      MM
                        04/07
LOWEST             29   03/27        MM      MM
AVG. MAXIMUM     65.6              61.0     4.6
AVG. MINIMUM     48.7              43.9     4.8
MEAN             57.1              52.4     4.7
DAYS MAX >= 90      2               1.2     0.8
DAYS MAX <= 32      0               0.8    -0.8
DAYS MIN <= 32      2              11.7    -9.7
DAYS MIN <= 0       0               0.0     0.0

PRECIPITATION (INCHES)
RECORD
 MAXIMUM        29.15   1983
 MINIMUM         4.95   1885
TOTALS          16.69             12.70    3.99    11.61
DAILY AVG.       0.18              0.14    0.04
DAYS >= .01        28              33.0    -5.0
DAYS >= .10        17              21.3    -4.3
DAYS >= .50         8               8.8    -0.8
DAYS >= 1.00        7               3.2     3.8
GREATEST
 24 HR. TOTAL    3.86   03/13 TO 03/13
 STORM TOTAL       MM
 (MM/DD(HH))            MM

SNOWFALL (INCHES)
RECORDS
 TOTAL           33.5   1896
 24 HR TOTAL     16.5   03/12/1888 TO 03/12/1888
TOTALS              T               3.7    -3.7
 LIQUID EQUIV       T                MM      MM
SINCE 7/1        51.4              22.4    29.0
 LIQUID 7/1      5.14
DAYS >= TRACE       1               1.8    -0.8
DAYS >= 1.0         0               1.1    -1.1
GREATEST
 SNOW DEPTH        11   03/01
 24 HR TOTAL        T   03/03 TO 03/03
 STORM TOTAL       MM
 (MM/DD(HH))            MM

DEGREE_DAYS
HEATING TOTAL     842              1200    -358
 SINCE 7/1       4374              4765    -391
COOLING TOTAL     139                54      85
 SINCE 1/1        139                75      64
..............................................................

WIND (MPH)
AVERAGE WIND SPEED              6.6
HIGHEST WIND SPEED/DIRECTION    37/060    DATE  03/13
HIGHEST GUST SPEED/DIRECTION    53/060    DATE  03/13

SKY COVER
POSSIBLE SUNSHINE (PERCENT)   MM

NUMBER OF DAYS FAIR           56
NUMBER OF DAYS PC             13
NUMBER OF DAYS CLOUDY         23

AVERAGE RH (PERCENT)     58

WEATHER CONDITIONS. NUMBER OF DAYS WITH
THUNDERSTORM              1     MIXED PRECIP               0
HEAVY RAIN               10     RAIN                      18
LIGHT RAIN               33     FREEZING RAIN              0
LT FREEZING RAIN          0     HAIL                       0
HEAVY SNOW                0     SNOW                       0
LIGHT SNOW                1     SLEET                      0
FOG                      34     FOG W/VIS <= 1/4 MILE      0
HAZE                     11

-  INDICATES NEGATIVE NUMBERS.
R  INDICATES RECORD WAS SET OR TIED.
MM INDICATES DATA IS MISSING.
T  INDICATES TRACE AMOUNT.

$$
