000
CXUS51 KOKX 011303
CLSNYC

CLIMATE REPORT
NATIONAL WEATHER SERVICE NEW YORK NY
900 AM EDT WED SEP 1 2010

...................................

...THE CENTRAL PARK NY CLIMATE SUMMARY FOR THE SEASON, FROM
6/1/2010 TO 8/31/2010...

CLIMATE NORMAL PERIOD 1971 TO 2000
CLIMATE RECORD PERIOD 1869 TO 2010

WEATHER         OBSERVED          NORMAL  DEPART  LAST YEAR`S
                 VALUE   DATE(S)  VALUE   FROM    VALUE
                                          NORMAL
.............................................................
TEMPERATURE (F)
RECORD
 HIGH             106   07/09/1936
 LOW               44   06/01/1945
HIGHEST           103   07/06        MM      MM
LOWEST             57   06/09        MM      MM
                        06/07
AVG. MAXIMUM     86.2              83.0     3.2
AVG. MINIMUM     69.5              66.2     3.3
MEAN             77.8              74.6     3.2
DAYS MAX >= 90     32              15.8    16.2
DAYS MAX <= 32      0               0.0     0.0
DAYS MIN <= 32      0               0.0     0.0
DAYS MIN <= 0       0               0.0     0.0

PRECIPITATION (INCHES)
RECORD
 MAXIMUM        22.40   1975
 MINIMUM         4.31   1966
TOTALS           8.94             12.03   -3.09    21.39
DAILY AVG.       0.09              0.13   -0.04
DAYS >= .01        23              30.7    -7.7
DAYS >= .10        15              19.7    -4.7
DAYS >= .50         6               8.0    -2.0
DAYS >= 1.00        3               3.3    -0.3
GREATEST
 24 HR. TOTAL    2.65   MM
 STORM TOTAL       MM

SNOWFALL (INCHES)
RECORDS
 TOTAL              T   1990
                        1951
 24 HR TOTAL       MM
TOTALS            0.0               0.0     0.0
 LIQUID EQUIV    0.00              0.00    0.00
SINCE 7/1         0.0               0.0     0.0
 LIQUID 7/1      0.00
DAYS >= TRACE       0               0.0     0.0
DAYS >= 1.0         0               0.0     0.0
GREATEST
 SNOW DEPTH         0   MM
 24 HR TOTAL      0.0   MM
 STORM TOTAL       MM

DEGREE_DAYS
HEATING TOTAL       2                 0       2
 SINCE 7/1          0                 9      -9
COOLING TOTAL    1206               895     311
 SINCE 1/1       1345               999     346
..............................................................

WIND (MPH)
AVERAGE WIND SPEED              4.9
HIGHEST WIND SPEED/DIRECTION    21/330    DATE  07/25
HIGHEST GUST SPEED/DIRECTION    35/330    DATE  07/25

SKY COVER
POSSIBLE SUNSHINE (PERCENT)   MM

NUMBER OF DAYS FAIR           68
NUMBER OF DAYS PC             17
NUMBER OF DAYS CLOUDY          7

AVERAGE RH (PERCENT)     62

WEATHER CONDITIONS. NUMBER OF DAYS WITH
THUNDERSTORM              1     MIXED PRECIP               0
HEAVY RAIN               11     RAIN                      16
LIGHT RAIN               30     FREEZING RAIN              0
LT FREEZING RAIN          0     HAIL                       0
HEAVY SNOW                0     SNOW                       0
LIGHT SNOW                0     SLEET                      0
FOG                      30     FOG W/VIS <= 1/4 MILE      5
HAZE                     15

-  INDICATES NEGATIVE NUMBERS.
R  INDICATES RECORD WAS SET OR TIED.
MM INDICATES DATA IS MISSING.
T  INDICATES TRACE AMOUNT.

$$
