000
CXUS51 KOKX 021546 CCA
CLSNYC

CLIMATE REPORT...CORRECTED
NATIONAL WEATHER SERVICE NEW YORK NY
1045 AM EST TUE MAR 2 2010

...THE CENTRAL PARK NY CLIMATE SUMMARY FOR THE SEASON, FROM
12/1/2009 TO 2/28/2010...

CLIMATE NORMAL PERIOD 1971 TO 2000
CLIMATE RECORD PERIOD 1869 TO 2010

WEATHER         OBSERVED          NORMAL  DEPART  LAST YEAR`S
                 VALUE   DATE(S)  VALUE   FROM    VALUE
                                          NORMAL
.............................................................
TEMPERATURE (F)
RECORD
 HIGH              75   12/07/1998
                        02/24/1985
                        02/25/1930
 LOW              -15   02/09/1934
HIGHEST            66   12/03        MM      MM
LOWEST             13   01/30        MM      MM
AVG. MAXIMUM     39.3              40.1    -0.8
AVG. MINIMUM     28.5              27.6     0.9
MEAN             33.9              33.9     0.0
DAYS MAX >= 90      0               0.0     0.0
DAYS MAX <= 32     17              18.6    -1.6
DAYS MIN <= 32     61              55.4     5.6
DAYS MIN <= 0       0               0.3    -0.3

PRECIPITATION (INCHES)
RECORD
 MAXIMUM        20.71   1979
 MINIMUM         4.22   1901
TOTALS          16.04             10.60    5.44    10.53
DAILY AVG.       0.18              0.12    0.06
DAYS >= .01        30              30.2    -0.2
DAYS >= .10        19              19.7    -0.7
DAYS >= .50        12               7.8     4.2
DAYS >= 1.00        7               3.1     3.9
GREATEST
 24 HR. TOTAL    2.43   2/25-2/26
 STORM TOTAL       MM
 (MM/DD(HH))            MM

SNOWFALL (INCHES)
RECORDS
 TOTAL           58.8   1996
 24 HR TOTAL     25.5   12/26/1947
TOTALS           51.4              18.3    33.1
 LIQUID EQUIV    5.14              1.80    3.34
SINCE 7/1        51.4              18.7    32.7
 LIQUID 7/1      5.14
DAYS >= TRACE      27               8.8    18.2
DAYS >= 1.0         8               4.8     3.2
GREATEST
 SNOW DEPTH        21   02/27
 24 HR TOTAL     11.5   02/26
 STORM TOTAL       MM
 (MM/DD(HH))            MM

DEGREE_DAYS
HEATING TOTAL    2778              2798     -20
 SINCE 7/1       3532              3571     -39
COOLING TOTAL       0                 0       0
 SINCE 1/1          0                 0       0

FREEZE DATES
RECORD
 EARLIEST     MM
 LATEST       MM
EARLIEST                        MM
LATEST                          MM
..............................................................

WIND (MPH)
AVERAGE WIND SPEED              8.0
HIGHEST WIND SPEED/DIRECTION    29/060    DATE  02/06
HIGHEST GUST SPEED/DIRECTION    40/060    DATE  02/23

SKY COVER
POSSIBLE SUNSHINE (PERCENT)   MM

NUMBER OF DAYS FAIR           45
NUMBER OF DAYS PC             26
NUMBER OF DAYS CLOUDY         19

AVERAGE RH (PERCENT)     61

WEATHER CONDITIONS. NUMBER OF DAYS WITH
THUNDERSTORM              0     MIXED PRECIP               0
HEAVY RAIN                4     RAIN                      13
LIGHT RAIN               18     FREEZING RAIN              0
LT FREEZING RAIN          0     HAIL                       0
HEAVY SNOW                5     SNOW                       8
LIGHT SNOW               24     SLEET                      1
FOG                      31     FOG W/VIS <= 1/4 MILE      9
HAZE                     13

-  INDICATES NEGATIVE NUMBERS.
R  INDICATES RECORD WAS SET OR TIED.
MM INDICATES DATA IS MISSING.
T  INDICATES TRACE AMOUNT.

$$
