000
CXUS51 KOKX 012106
CLSNYC

NYCCLMNYC 000
TTAA00 KOKX 012102


CLIMATE REPORT
NATIONAL WEATHER SERVICE NEW YORK NY
502 PM EDT TUE SEP 1 2009

...................................

...THE CENTRAL PARK NY CLIMATE SUMMARY FOR THE SEASON, FROM
6/1/2009 TO 8/31/2009...

CLIMATE NORMAL PERIOD 1971 TO 2000
CLIMATE RECORD PERIOD 1869 TO 2009

WEATHER         OBSERVED          NORMAL  DEPART  LAST YEAR`S
                 VALUE   DATE(S)  VALUE   FROM    VALUE
                                          NORMAL
.............................................................
TEMPERATURE (F)
RECORD
 HIGH             106   07/09/1936
 LOW               44   06/01/1945
HIGHEST            92   08/17        MM      MM
LOWEST             50   06/01        MM      MM
AVG. MAXIMUM     79.1              83.0    -3.9
AVG. MINIMUM     64.8              66.2    -1.4
MEAN             71.9              74.6    -2.7
DAYS MAX >= 90      5              15.8   -10.8
DAYS MAX <= 32      0               0.0     0.0
DAYS MIN <= 32      0               0.0     0.0
DAYS MIN <= 0       0               0.0     0.0

PRECIPITATION (INCHES)
RECORD
 MAXIMUM        22.40   1975
 MINIMUM         3.52   1999
TOTALS          21.39             12.03    9.36    13.12
DAILY AVG.       0.24              4.01   -3.77
DAYS >= .01        43              30.7    12.3
DAYS >= .10        31              19.7    11.3
DAYS >= .50        21               8.0    13.0
DAYS >= 1.00        6               3.3     2.7
GREATEST
 24 HR. TOTAL    2.30   MM
 STORM TOTAL       MM
 (MM/DD(HH))            MM

SNOWFALL (INCHES)
RECORDS
 TOTAL              T   1990
                        1951
 24 HR TOTAL       MM
TOTALS            0.0               0.0     0.0
 LIQUID EQUIV    0.00              0.00    0.00
SINCE 7/1         0.0               0.0     0.0
 LIQUID 7/1      0.00
DAYS >= TRACE       0               0.0     0.0
DAYS >= 1.0         0               0.0     0.0
GREATEST
 SNOW DEPTH         0   MM
 24 HR TOTAL      0.0   MM
 STORM TOTAL       MM
 (MM/DD(HH))            MM

DEGREE_DAYS
HEATING TOTAL      29                 0      29
 SINCE 7/1          0                 9      -9
COOLING TOTAL     698               895    -197
 SINCE 1/1        788               999    -211

FREEZE DATES
RECORD
 EARLIEST     MM
 LATEST       MM
EARLIEST                        MM
LATEST                          MM
..............................................................

WIND (MPH)
AVERAGE WIND SPEED              4.6
HIGHEST WIND SPEED/DIRECTION    25/270    DATE  08/18
HIGHEST GUST SPEED/DIRECTION    40/270    DATE  08/18

SKY COVER
POSSIBLE SUNSHINE (PERCENT)   MM

NUMBER OF DAYS FAIR           50
NUMBER OF DAYS PC             26
NUMBER OF DAYS CLOUDY         16

AVERAGE RH (PERCENT)     74

WEATHER CONDITIONS. NUMBER OF DAYS WITH
THUNDERSTORM              1     MIXED PRECIP               0
HEAVY RAIN               26     RAIN                      32
LIGHT RAIN               45     FREEZING RAIN              0
LT FREEZING RAIN          0     HAIL                       0
HEAVY SNOW                0     SNOW                       0
LIGHT SNOW                0     SLEET                      0
FOG                      54     FOG W/VIS <= 1/4 MILE     10
HAZE                     16

-  INDICATES NEGATIVE NUMBERS.
R  INDICATES RECORD WAS SET OR TIED.
MM INDICATES DATA IS MISSING.
T  INDICATES TRACE AMOUNT.

$$
