000
CXUS51 KOKX 012159
CLSNYC

NYCCLMNYC 000
TTAA00 KOKX 011810


CLIMATE REPORT
NATIONAL WEATHER SERVICE NEW YORK NY
559 PM EDT MON JUN 1 2009

...................................

...THE CENTRAL PARK NY CLIMATE SUMMARY FOR THE SEASON, FROM
3/1/2009 TO 5/31/2009...

CLIMATE NORMAL PERIOD 1971 TO 2000
CLIMATE RECORD PERIOD 1869 TO 2009

WEATHER         OBSERVED          NORMAL  DEPART  LAST YEAR`S
                 VALUE   DATE(S)  VALUE   FROM    VALUE
                                          NORMAL
.............................................................
TEMPERATURE (F)
RECORD
 HIGH              99   05/19/1962
 LOW                3   03/05/1872
HIGHEST            92   04/26        MM      MM
LOWEST             12   03/03        MM      MM
AVG. MAXIMUM     61.0              61.0     0.0
AVG. MINIMUM     45.2              43.9     1.3
MEAN             53.1              52.4     0.7
DAYS MAX >= 90      2               1.2     0.8
DAYS MAX <= 32      2               0.8     1.2
DAYS MIN <= 32     11              11.7    -0.7
DAYS MIN <= 0       0               0.0     0.0

PRECIPITATION (INCHES)
RECORD
 MAXIMUM        22.66   1984
 MINIMUM         4.95   1885
TOTALS          11.61             12.70   -1.09    10.86
DAILY AVG.       0.13              4.23   -4.10
DAYS >= .01        33              33.0     0.0
DAYS >= .10        23              21.3     1.7
DAYS >= .50         7               8.8    -1.8
DAYS >= 1.00        3               3.2    -0.2
GREATEST
 24 HR. TOTAL    2.13   MM
 STORM TOTAL       MM
 (MM/DD(HH))            MM

SNOWFALL (INCHES)
RECORDS
 TOTAL           33.5   1896
 24 HR TOTAL       MM   MM
TOTALS            8.3               3.7     4.6
 LIQUID EQUIV    0.83                MM      MM
SINCE 7/1        27.6              22.4     5.2
 LIQUID 7/1      2.76
DAYS >= TRACE       4               1.8     2.2
DAYS >= 1.0         2               1.1     0.9
GREATEST
 SNOW DEPTH         8   03/04
                        03/03
 24 HR TOTAL      6.5   MM
 STORM TOTAL       MM
 (MM/DD(HH))            MM

DEGREE_DAYS
HEATING TOTAL    1159              1200     -41
 SINCE 7/1       4806              4765      41
COOLING TOTAL      90                54      36
 SINCE 1/1         90                75      15

FREEZE DATES
RECORD
 EARLIEST     MM
 LATEST       MM
EARLIEST                        MM
LATEST                          MM
..............................................................

WIND (MPH)
AVERAGE WIND SPEED              6.4
HIGHEST WIND SPEED/DIRECTION    26/270    DATE  04/04
HIGHEST GUST SPEED/DIRECTION    38/270    DATE  04/04

SKY COVER
POSSIBLE SUNSHINE (PERCENT)   MM

NUMBER OF DAYS FAIR           45
NUMBER OF DAYS PC             23
NUMBER OF DAYS CLOUDY         24

AVERAGE RH (PERCENT)     60

WEATHER CONDITIONS. NUMBER OF DAYS WITH
THUNDERSTORM              1     MIXED PRECIP               0
HEAVY RAIN               12     RAIN                      18
LIGHT RAIN               33     FREEZING RAIN              0
LT FREEZING RAIN          0     HAIL                       0
HEAVY SNOW                0     SNOW                       1
LIGHT SNOW                2     SLEET                      0
FOG                      39     FOG W/VIS <= 1/4 MILE      4
HAZE                     17

-  INDICATES NEGATIVE NUMBERS.
R  INDICATES RECORD WAS SET OR TIED.
MM INDICATES DATA IS MISSING.
T  INDICATES TRACE AMOUNT.

$$
