000
CXUS51 KOKX 012057
CLSNYC
CLIMATE REPORT
NATIONAL WEATHER SERVICE NEW YORK, NY
357 PM EST THU DEC 01 2022
...................................
...THE CENTRAL PARK NY CLIMATE SUMMARY FOR THE SEASON, FROM
9/1/2022 TO 11/30/2022...
CLIMATE NORMAL PERIOD 1991 TO 2020
CLIMATE RECORD PERIOD 1869 TO 2022
WEATHER OBSERVED NORMAL DEPART LAST YEAR`S
VALUE DATE(S) VALUE FROM VALUE
NORMAL
..............................................................
TEMPERATURE (F)
RECORD
HIGH 102 09/02/1953
LOW 5 11/30/1875
HIGHEST 90 09/04 MM MM
LOWEST 27 11/21 MM MM
AVG. MAXIMUM 65.8 64.9 0.9
AVG. MINIMUM 52.4 51.9 0.5
MEAN 59.1 58.4 0.7
DAYS MAX >= 90 1 1.0 0.0
DAYS MAX <= 32 0 0.0 0.0
DAYS MIN <= 32 3 3.6 -0.6
DAYS MIN <= 0 0 0.0 0.0
PRECIPITATION (INCHES)
RECORD
MAXIMUM 22.13 1913
MINIMUM 4.00 1908
TOTALS 12.33 12.27 0.06 16.41
DAILY AVG. 0.14 0.13 0.01
DAYS >= .01 28 27.5 0.5
DAYS >= .10 21 17.5 3.5
DAYS >= .50 11 8.1 2.9
DAYS >= 1.00 2 3.8 -1.8
GREATEST
24 HR. TOTAL 2.16
STORM TOTAL 1.85
(MM/DD(HH))
SNOWFALL (INCHES)
RECORDS
TOTAL 19.0 1898
24 HR TOTAL MM
TOTALS 0.0 0.6 -0.6
LIQUID EQUIV 0.00 0.00 0.00
SINCE 7/1 0.0 0.6 -0.6
LIQUID 7/1 0.00
DAYS >= TRACE 0 0.0 0.0
DAYS >= 1.0 0 0.0 0.0
GREATEST
SNOW DEPTH 0
24 HR TOTAL MM
STORM TOTAL 0.0
(MM/DD(HH))
DEGREE DAYS
HEATING TOTAL 704 783 -79
SINCE 7/1 704 786 -82
COOLING TOTAL 190 182 8
SINCE 1/1 1382 1222 160
..............................................................
WIND (MPH)
AVERAGE WIND SPEED 4.8
HIGHEST WIND SPEED/DIRECTION 23/050 DATE 10/02
HIGHEST GUST SPEED/DIRECTION 43/280 DATE 09/19
SKY COVER
POSSIBLE SUNSHINE (PERCENT) MM
AVERAGE SKY COVER 0.34
NUMBER OF DAYS FAIR 51
NUMBER OF DAYS PC 21
NUMBER OF DAYS CLOUDY 19
AVERAGE RH (PERCENT) 63
WEATHER CONDITIONS. NUMBER OF DAYS WITH
THUNDERSTORM 7 MIXED PRECIP 0
HEAVY RAIN 13 RAIN 19
LIGHT RAIN 33 FREEZING RAIN 0
LT FREEZING RAIN 0 HAIL 0
HEAVY SNOW 0 SNOW 0
LIGHT SNOW 0 SLEET 0
FOG 30 FOG W/VIS <= 1/4 MILE 3
HAZE 8
- INDICATES NEGATIVE NUMBERS.
R INDICATES RECORD WAS SET OR TIED.
MM INDICATES DATA IS MISSING.
T INDICATES TRACE AMOUNT.
$$