000
CXUS51 KOKX 012324
CLSNYC

CLIMATE REPORT
NATIONAL WEATHER SERVICE NEW YORK NY
624 PM EST SAT MAR 1 2014


...THE CENTRAL PARK NY CLIMATE SUMMARY FOR THE SEASON, FROM
12/1/2013 TO 2/28/2014...

CLIMATE NORMAL PERIOD 1981 TO 2010
CLIMATE RECORD PERIOD 1869 TO 2014

WEATHER         OBSERVED          NORMAL  DEPART  LAST YEAR`S
                 VALUE   DATE(S)  VALUE   FROM    VALUE
                                          NORMAL
.............................................................
TEMPERATURE (F)
RECORD
 HIGH              75   12/07/1998
                        02/24/1985
                        02/25/1930
 LOW              -15   02/09/1934
HIGHEST            71   12/22        MM      MM
LOWEST              4   01/07        MM      MM
AVG. MAXIMUM     39.1              41.0    -1.9
AVG. MINIMUM     26.7              29.3    -2.6
MEAN             32.9              35.1    -2.2
DAYS MAX >= 90      0               0.0     0.0
DAYS MAX <= 32     28              16.6    11.4
DAYS MIN <= 32     64              52.4    11.6
DAYS MIN <= 0       0               0.0     0.0

PRECIPITATION (INCHES)
RECORD
 MAXIMUM        16.04   2010
 MINIMUM         7.78   2007
TOTALS          13.12             10.74    2.38    11.81
DAILY AVG.       0.15              0.12    0.03
DAYS >= .01        36              30.2     5.8
DAYS >= .10        25              18.9     6.1
DAYS >= .50         9               7.5     1.5
DAYS >= 1.00        4               3.0     1.0
GREATEST
 24 HR. TOTAL    1.96   MM
 STORM TOTAL       MM
 (MM/DD(HH))            MM

SNOWFALL (INCHES)
RECORDS
 TOTAL           60.9   2011
 24 HR TOTAL     12.3   MM
TOTALS           57.3              21.0    36.3
 LIQUID EQUIV    5.73              2.10    3.63
SINCE 7/1        57.3              21.3    36.0
 LIQUID 7/1      5.73
DAYS >= TRACE      27               9.1    17.9
DAYS >= 1.0        14               4.9     9.1
GREATEST
 SNOW DEPTH        18   02/18
                        02/15
                        02/16
 24 HR TOTAL     11.0   MM
 STORM TOTAL       MM
 (MM/DD(HH))            MM

DEGREE_DAYS
HEATING TOTAL    2862              2690     172
 SINCE 7/1         MM              3522      MM
COOLING TOTAL       1                 0       1
 SINCE 1/1          0                 0       0
..............................................................

WIND (MPH)
AVERAGE WIND SPEED              6.3
HIGHEST WIND SPEED/DIRECTION    25/060    DATE  02/13
HIGHEST GUST SPEED/DIRECTION    39/290    DATE  02/27

SKY COVER
POSSIBLE SUNSHINE (PERCENT)   MM
AVERAGE SKY COVER           0.40
NUMBER OF DAYS FAIR           44
NUMBER OF DAYS PC             29
NUMBER OF DAYS CLOUDY         16

AVERAGE RH (PERCENT)     59

WEATHER CONDITIONS. NUMBER OF DAYS WITH
THUNDERSTORM              0     MIXED PRECIP               0
HEAVY RAIN                8     RAIN                       9
LIGHT RAIN               24     FREEZING RAIN              2
LT FREEZING RAIN          5     HAIL                       0
HEAVY SNOW                5     SNOW                      13
LIGHT SNOW               24     SLEET                      0
FOG                      31     FOG W/VIS <= 1/4 MILE     12
HAZE                     26

-  INDICATES NEGATIVE NUMBERS.
R  INDICATES RECORD WAS SET OR TIED.
MM INDICATES DATA IS MISSING.
T  INDICATES TRACE AMOUNT.

$$
