000
CXUS51 KOKX 011247
CLSNYC

CLIMATE REPORT
NATIONAL WEATHER SERVICE NEW YORK NY
843 AM EDT TUE SEP 1 2015

...................................

...THE CENTRAL PARK NY CLIMATE SUMMARY FOR THE SEASON, FROM
6/1/2015 TO 8/31/2015...

CLIMATE NORMAL PERIOD 1981 TO 2010
CLIMATE RECORD PERIOD 1869 TO 2015

WEATHER         OBSERVED          NORMAL  DEPART  LAST YEAR`S
                 VALUE   DATE(S)  VALUE   FROM    VALUE
                                          NORMAL
.............................................................
TEMPERATURE (F)
RECORD
 HIGH             106   07/09/1936
 LOW               44   06/01/1945
HIGHEST            96   07/29        MM      MM
LOWEST             50   06/02        MM      MM
AVG. MAXIMUM     83.8              82.0     1.8
AVG. MINIMUM     68.9              66.8     2.1
MEAN             76.3              74.4     1.9
DAYS MAX >= 90     14              10.8     3.2
DAYS MAX <= 32      0               0.0     0.0
DAYS MIN <= 32      0               0.0     0.0
DAYS MIN <= 0       0               0.0     0.0

PRECIPITATION (INCHES)
RECORD
 MAXIMUM        25.23   2011
 MINIMUM         4.31   1966
TOTALS          11.12             13.45   -2.33    12.10
DAILY AVG.       0.12              0.15   -0.03
DAYS >= .01        28              31.1    -3.1
DAYS >= .10        23              20.0     3.0
DAYS >= .50         6               9.0    -3.0
DAYS >= 1.00        3               3.7    -0.7
GREATEST
 24 HR. TOTAL    2.09   MM
 STORM TOTAL       MM
 (MM/DD(HH))            MM

SNOWFALL (INCHES)
RECORDS
 TOTAL              T   1990
                        1951
 24 HR TOTAL       MM
TOTALS            0.0               0.0     0.0
 LIQUID EQUIV    0.00              0.00    0.00
SINCE 7/1         0.0               0.0     0.0
 LIQUID 7/1      0.00
DAYS >= TRACE       0               0.0     0.0
DAYS >= 1.0         0               0.0     0.0
GREATEST
 SNOW DEPTH         0   MM
 24 HR TOTAL      0.0   MM
 STORM TOTAL       MM
 (MM/DD(HH))            MM

DEGREE_DAYS
HEATING TOTAL      33                21      12
 SINCE 7/1          0                 2      -2
COOLING TOTAL    1106               885     221
 SINCE 1/1       1265               954     311
..............................................................

WIND (MPH)
AVERAGE WIND SPEED              4.0
HIGHEST WIND SPEED/DIRECTION    23/290    DATE  08/04
HIGHEST GUST SPEED/DIRECTION    36/290    DATE  08/04

SKY COVER
POSSIBLE SUNSHINE (PERCENT)   MM
AVERAGE SKY COVER           0.30
NUMBER OF DAYS FAIR           56
NUMBER OF DAYS PC             26
NUMBER OF DAYS CLOUDY         10

AVERAGE RH (PERCENT)     60

WEATHER CONDITIONS. NUMBER OF DAYS WITH
THUNDERSTORM              0     MIXED PRECIP               0
HEAVY RAIN               17     RAIN                      18
LIGHT RAIN               29     FREEZING RAIN              0
LT FREEZING RAIN          0     HAIL                       0
HEAVY SNOW                0     SNOW                       0
LIGHT SNOW                0     SLEET                      0
FOG                      30     FOG W/VIS <= 1/4 MILE      0
HAZE                     25

-  INDICATES NEGATIVE NUMBERS.
R  INDICATES RECORD WAS SET OR TIED.
MM INDICATES DATA IS MISSING.
T  INDICATES TRACE AMOUNT.

$$
