000
CXUS51 KOKX 241206
CLSNYC

NYCCLMNYC 000
TTAA00 KOKX 241204


CLIMATE REPORT...CORRECTED
NATIONAL WEATHER SERVICE NEW YORK NY
804 AM EDT TUE MAR 24 2015

...................................

...THE CENTRAL PARK NY CLIMATE SUMMARY FOR THE SEASON, FROM
12/1/2014 TO 2/28/2015...

CLIMATE NORMAL PERIOD 1981 TO 2010
CLIMATE RECORD PERIOD 1869 TO 2015

WEATHER         OBSERVED          NORMAL  DEPART  LAST YEAR`S
                 VALUE   DATE(S)  VALUE   FROM    VALUE
                                          NORMAL
.............................................................
TEMPERATURE (F)
RECORD
 HIGH              75   12/07/1998
                        02/24/1985
                        02/25/1930
 LOW              -15   02/09/1934
HIGHEST            65   12/01        MM      MM
LOWEST              2   02/20        MM      MM
AVG. MAXIMUM     37.8              41.0    -3.2
AVG. MINIMUM     25.1              29.3    -4.2
MEAN             31.4              35.1    -3.7
DAYS MAX >= 90      0               0.0     0.0
DAYS MAX <= 32     25              16.6     8.4
DAYS MIN <= 32     63              52.4    10.6
DAYS MIN <= 0       0               0.0     0.0

PRECIPITATION (INCHES)
RECORD
 MAXIMUM        20.71   1979
 MINIMUM         4.22   1901
TOTALS          13.31             10.74    2.57    13.12
DAILY AVG.       0.14              0.12    0.02
DAYS >= .01        36              30.2     5.8
DAYS >= .10        18              18.9    -0.9
DAYS >= .50         9               7.5     1.5
DAYS >= 1.00        4               3.0     1.0
GREATEST
 24 HR. TOTAL    2.54   MM
 STORM TOTAL       MM
 (MM/DD(HH))            MM

SNOWFALL (INCHES)
RECORDS
 TOTAL           60.9   2011
 24 HR TOTAL     12.3   MM
TOTALS           31.5              21.0    10.5
 LIQUID EQUIV    3.15              2.10    1.05
SINCE 7/1        31.7              21.3    10.4
 LIQUID 7/1      3.17
DAYS >= TRACE      24               9.1    14.9
DAYS >= 1.0        11               4.9     6.1
GREATEST
 SNOW DEPTH        13   02/22
 24 HR TOTAL      5.5   MM
 STORM TOTAL       MM
 (MM/DD(HH))            MM

DEGREE_DAYS
HEATING TOTAL    2974              2690     284
 SINCE 7/1         MM              3522      MM
COOLING TOTAL       0                 0       0
 SINCE 1/1          0                 0       0
..............................................................

WIND (MPH)
AVERAGE WIND SPEED              7.1
HIGHEST WIND SPEED/DIRECTION    29/280    DATE  01/04
HIGHEST GUST SPEED/DIRECTION    46/260    DATE  01/04

SKY COVER
POSSIBLE SUNSHINE (PERCENT)   MM
AVERAGE SKY COVER           0.50
NUMBER OF DAYS FAIR           34
NUMBER OF DAYS PC             30
NUMBER OF DAYS CLOUDY         26

AVERAGE RH (PERCENT)     57

WEATHER CONDITIONS. NUMBER OF DAYS WITH
THUNDERSTORM              0     MIXED PRECIP               0
HEAVY RAIN                4     RAIN                      13
LIGHT RAIN               20     FREEZING RAIN              1
LT FREEZING RAIN          3     HAIL                       0
HEAVY SNOW                5     SNOW                      10
LIGHT SNOW               23     SLEET                      1
FOG                      26     FOG W/VIS <= 1/4 MILE      4
HAZE                     33

-  INDICATES NEGATIVE NUMBERS.
R  INDICATES RECORD WAS SET OR TIED.
MM INDICATES DATA IS MISSING.
T  INDICATES TRACE AMOUNT.

$$
