144
CXUS53 KOAX 141840
CF6OAX
PRELIMINARY LOCAL CLIMATOLOGICAL DATA (WS FORM: F-6)
STATION: VALLEY NWS NE
MONTH: MARCH
YEAR: 2020
LATITUDE: 41 19 N
LONGITUDE: 96 22 W
TEMPERATURE IN F: :PCPN: SNOW: WIND :SUNSHINE: SKY :PK WND
================================================================================
1 2 3 4 5 6A 6B 7 8 9 10 11 12 13 14 15 16 17 18
12Z AVG MX 2MIN
DY MAX MIN AVG DEP HDD CDD WTR SNW DPTH SPD SPD DIR MIN PSBL S-S WX SPD DR
================================================================================
1 57 33 45 13 20 0 0.00 0.0 0 M M M M M M 31 M
2 47 32 40 8 25 0 0.01 0.2 T M M M M M M 23 M
3 58 33 46 13 19 0 0.00 0.0 0 M M M M M M 28 M
4 63 33 48 15 17 0 0.00 0.0 0 M M M M M M 33 M
5 52 32 42 8 23 0 0.00 0.0 0 M M M M M M 46 M
6 54 24 39 5 26 0 0.00 0.0 0 M M M M M M 24 M
7 71 40 56 22 9 0 0.00 0.0 0 M M M M M M 39 M
8 73 48 61 26 4 0 0.00 0.0 0 M M M M M M 38 M
9 56 30 43 8 22 0 0.37 T 0 M M M M M M 14 30 M
10 43 26 35 -1 30 0 0.02 0.0 0 M M M M M M 14 M
11 62 35 49 13 16 0 0.00 0.0 0 M M M M M M 12 23 M
12 58 33 46 9 19 0 0.01 0.0 0 M M M M M M 40 M
13 46 27 37 0 28 0 0.08 T 0 M M M M M M 22 M
14 36 31 34 -3 31 0 0.45 3.1 2 M M M M M M 24 M
15 34 30 32 -6 33 0 T T T M M M M M M 18 M
16 44 33 39 1 26 0 T 0.0 0 M M M M M M 1 21 M
17 49 28 39 0 26 0 0.08 0.0 0 M M M M M M 1 20 M
18 52 42 47 8 18 0 0.23 0.0 0 M M M M M M 1 16 M
19 52 29 41 1 24 0 0.27 0.5 1 M M M M M M 134 M M
20 29 17 23 -17 42 0 T T T M M M M M M 46 M
21 46 18 32 -8 33 0 0.00 0.0 0 M M M M M M 24 M
22 44 34 39 -2 26 0 T 0.0 0 M M M M M M 25 M
23 48 39 44 3 21 0 T 0.0 0 M M M M M M 20 M
24 58 44 51 9 14 0 0.00 0.0 0 M M M M M M 22 M
25 66 42 54 12 11 0 T 0.0 0 M M M M M M 1 20 M
26 55 40 48 5 17 0 0.00 0.0 0 M M M M M M 1 24 M
27 48 45 47 4 18 0 0.01 0.0 0 M M M M M M 1 22 M
28 58 40 49 5 16 0 0.38 0.0 0 M M M M M M 13 40 M
29 62 37 50 6 15 0 0.00 0.0 0 M M M M M M 36 M
30 69 35 52 8 13 0 0.00 0.0 0 M M M M M M 18 M
31 68 45 57 12 8 0 T 0.0 0 M M M M M M 17 M
================================================================================
SM 1658 1055 650 0 1.91 3.8 M M M
================================================================================
AV 53.5 34.0 M FASTST M M 0 MAX(MPH)
MISC ----> M M 46 M
================================================================================
NOTES:
# LAST OF SEVERAL OCCURRENCES
COLUMN 17 PEAK WIND IN M.P.H.
PRELIMINARY LOCAL CLIMATOLOGICAL DATA (WS FORM: F-6) , PAGE 2
STATION: VALLEY NWS NE
MONTH: MARCH
YEAR: 2020
LATITUDE: 41 19 N
LONGITUDE: 96 22 W
[TEMPERATURE DATA] [PRECIPITATION DATA] SYMBOLS USED IN COLUMN 16
AVERAGE MONTHLY: 43.8 TOTAL FOR MONTH: 1.91 1 = FOG OR MIST
DPTR FM NORMAL: 5.5 DPTR FM NORMAL: -0.09 2 = FOG REDUCING VISIBILITY
HIGHEST: 73 ON 8 GRTST 24HR 0.45 ON 14-14 TO 1/4 MILE OR LESS
LOWEST: 17 ON 20 3 = THUNDER
SNOW, ICE PELLETS, HAIL 4 = ICE PELLETS
TOTAL MONTH: 3.8 INCHES 5 = HAIL
GRTST 24HR 3.1 ON 14-14 6 = FREEZING RAIN OR DRIZZLE
GRTST DEPTH: 2 ON 14 7 = DUSTSTORM OR SANDSTORM:
VSBY 1/2 MILE OR LESS
8 = SMOKE OR HAZE
[NO. OF DAYS WITH] [WEATHER - DAYS WITH] 9 = BLOWING SNOW
X = TORNADO
MAX 32 OR BELOW: 1 0.01 INCH OR MORE: 11
MAX 90 OR ABOVE: 0 0.10 INCH OR MORE: 5
MIN 32 OR BELOW: 12 0.50 INCH OR MORE: 0
MIN 0 OR BELOW: 0 1.00 INCH OR MORE: 0
[HDD (BASE 65) ]
TOTAL THIS MO. 650 CLEAR (SCALE 0-3) 0
DPTR FM NORMAL -178 PTCLDY (SCALE 4-7) 0
TOTAL FM JUL 1 5134 CLOUDY (SCALE 8-10) 0
DPTR FM NORMAL -525
[CDD (BASE 65) ]
TOTAL THIS MO. 0
DPTR FM NORMAL 0 [PRESSURE DATA]
TOTAL FM JAN 1 0 HIGHEST SLP M ON M
DPTR FM NORMAL 0 LOWEST SLP M ON M
[REMARKS]
#FINAL-03-20#