000
CXUS53 KGID 020439
CF6ODX
PRELIMINARY LOCAL CLIMATOLOGICAL DATA (WS FORM: F-6)
STATION: ORD NE
MONTH: NOVEMBER
YEAR: 2022
LATITUDE: 41 37 N
LONGITUDE: 98 57 W
TEMPERATURE IN F: :PCPN: SNOW: WIND :SUNSHINE: SKY :PK WND
================================================================================
1 2 3 4 5 6A 6B 7 8 9 10 11 12 13 14 15 16 17 18
12Z AVG MX 2MIN
DY MAX MIN AVG DEP HDD CDD WTR SNW DPTH SPD SPD DIR MIN PSBL S-S WX SPD DR
================================================================================
1 78 27 53 11 12 0 0.00 M M 8.0 23 180 M M 0 32 190
2 76 54 65 23 0 0 0.00 M M 15.8 28 180 M M 0 37 200
3 61 34 48 7 17 0 0.06 M M 13.8 24 330 M M 9 13 34 330
4 46 21 34 -7 31 0 0.04 M M 7.8 20 340 M M 4 1 28 330
5 66 16 41 1 24 0 0.00 M M 8.2 31 300 M M 0 42 300
6 56 23 40 0 25 0 0.00 M M 6.4 25 310 M M 2 35 300
7 50 23 37 -3 28 0 0.00 M M 10.7 21 120 M M 2 33 110
8 68 45 57 18 8 0 T M M 13.1 22 170 M M 9 18 35 160
9 67 34 51 12 14 0 0.02 M M 10.3 23 170 M M 10 12 35 190
10 39 17 28 -10 37 0 T M M 19.9 28 320 M M 5 1 38 310
11 33 11 22 -16 43 0 0.00 M M 14.2 25 320 M M 0 32 320
12 34 10 22 -15 43 0 T M M 6.9 17 320 M M 4 1 24 310
13 41 9 25 -12 40 0 0.00 M M 9.8 22 310 M M 0 31 140
14 39 15 27 -10 38 0 0.00 M M 10.0 22 320 M M 4 28 310
15 36 17 27 -9 38 0 T M M 13.5 26 340 M M 8 35 320
16 33 12 23 -13 42 0 T M M 11.9 23 310 M M 6 1 29 300
17 32 11 22 -13 43 0 T M M 17.3 31 310 M M 6 1 43 310
18 28 8 18 -17 47 0 0.00 M M 13.7 26 310 M M 2 34 310
19 31 9 20 -14 45 0 0.00 M M 14.9 31 320 M M 4 41 320
20 56 14 35 1 30 0 0.00 M M 7.0 17 290 M M 0 23 260
21 56 13 35 1 30 0 0.00 M M 3.5 9 300 M M 0 12 300
22 60 12 36 3 29 0 0.00 M M 3.4 16 320 M M 0 19 320
23 61 14 38 5 27 0 0.00 M M 4.0 13 170 M M 0 16 160
24 52 17 35 3 30 0 0.00 M M 14.2 30 340 M M 0 37 340
25 60 14 37 5 28 0 0.00 M M 4.4 14 220 M M 0 19 200
26 62 19 41 9 24 0 0.00 M M 10.3 24 340 M M 2 37 340
27 42 21 32 1 33 0 0.00 M M 8.6 23 330 M M 1 34 330
28 57 21 39 8 26 0 0.00 M M 7.3 22 10 M M 1 31 10
29 35 14 25 -6 40 0 0.08 M M 18.7 29 340 M M 6 1 40 340
30 29 8 19 -11 46 0 0.00 M M 8.5 14 310 M M 0 19 140
================================================================================
SM 1484 563 918 0 0.20 M 316.1 M 85
================================================================================
AV 49.5 18.8 10.5 FASTST M M 3 MAX(MPH)
MISC ----> # 31 300 43 310
================================================================================
NOTES:
# LAST OF SEVERAL OCCURRENCES
COLUMN 17 PEAK WIND IN M.P.H.
PRELIMINARY LOCAL CLIMATOLOGICAL DATA (WS FORM: F-6) , PAGE 2
STATION: ORD NE
MONTH: NOVEMBER
YEAR: 2022
LATITUDE: 41 37 N
LONGITUDE: 98 57 W
[TEMPERATURE DATA] [PRECIPITATION DATA] SYMBOLS USED IN COLUMN 16
AVERAGE MONTHLY: 34.1 TOTAL FOR MONTH: 0.20 1 = FOG OR MIST
DPTR FM NORMAL: -2.0 DPTR FM NORMAL: -0.67 2 = FOG REDUCING VISIBILITY
HIGHEST: 78 ON 1 GRTST 24HR 0.10 ON 3- 4 TO 1/4 MILE OR LESS
LOWEST: 8 ON 30,18 3 = THUNDER
SNOW, ICE PELLETS, HAIL 4 = ICE PELLETS
TOTAL MONTH: M 5 = HAIL
GRTST 24HR M ON M 6 = FREEZING RAIN OR DRIZZLE
GRTST DEPTH: M ON M 7 = DUSTSTORM OR SANDSTORM:
VSBY 1/2 MILE OR LESS
8 = SMOKE OR HAZE
[NO. OF DAYS WITH] [WEATHER - DAYS WITH] 9 = BLOWING SNOW
X = TORNADO
MAX 32 OR BELOW: 4 0.01 INCH OR MORE: 4
MAX 90 OR ABOVE: 0 0.10 INCH OR MORE: 0
MIN 32 OR BELOW: 26 0.50 INCH OR MORE: 0
MIN 0 OR BELOW: 0 1.00 INCH OR MORE: 0
[HDD (BASE 65) ]
TOTAL THIS MO. 918 CLEAR (SCALE 0-3) 18
DPTR FM NORMAL 50 PTCLDY (SCALE 4-7) 9
TOTAL FM JUL 1 1388 CLOUDY (SCALE 8-10) 3
DPTR FM NORMAL -109
[CDD (BASE 65) ]
TOTAL THIS MO. 0
DPTR FM NORMAL 0 [PRESSURE DATA]
TOTAL FM JAN 1 1115 HIGHEST SLP 30.55 ON 18
DPTR FM NORMAL 276 LOWEST SLP 29.36 ON 5
[REMARKS]
SUBSTITUTED LIQUID PRECIPITATION AMOUNT (0.08) FOR 11/29/2022 FROM LOCAL
COOPERATIVE OBSERVER (ORD #2, SITE #25-6336) DUE TO AUTOMATED GAUGE
CAPTURE UNDER-REPRESENTING PRECIPITATION FROM THE SNOW EVENT. REED
#FINAL-11-22#