000
CXUS53 KOAX 011211
CF6OFK
PRELIMINARY LOCAL CLIMATOLOGICAL DATA (WS FORM: F-6)
STATION: NORFOLK NE
MONTH: DECEMBER
YEAR: 2023
LATITUDE: 41 58 N
LONGITUDE: 97 26 W
TEMPERATURE IN F: :PCPN: SNOW: WIND :SUNSHINE: SKY :PK WND
================================================================================
1 2 3 4 5 6A 6B 7 8 9 10 11 12 13 14 15 16 17 18
12Z AVG MX 2MIN
DY MAX MIN AVG DEP HDD CDD WTR SNW DPTH SPD SPD DIR MIN PSBL S-S WX SPD DR
================================================================================
1 37 20 29 -1 36 0 0.00 0.0 0 4.2 8 140 M M 1 11 10
2 40 18 29 -1 36 0 0.00 0.0 0 9.4 20 170 M M 4 1 25 170
3 39 19 29 0 36 0 0.00 0.0 0 5.4 12 310 M M 7 12 15 310
4 47 18 33 4 32 0 0.00 0.0 0 9.2 20 280 M M 2 1 28 310
5 47 29 38 9 27 0 0.00 0.0 0 10.8 23 340 M M 4 32 320
6 60 33 47 19 18 0 0.00 0.0 0 9.2 20 210 M M 0 26 220
7 56 26 41 13 24 0 0.00 0.0 0 8.2 18 270 M M 0 25 260
8 53 37 45 17 20 0 0.00 0.0 0 11.4 28 300 M M 1 37 310
9 40 27 34 7 31 0 T T T 22.3 36 320 M M 6 48 330
10 43 21 32 5 33 0 0.00 0.0 0 4.9 14 160 M M 2 17 160
11 54 18 36 9 29 0 0.00 0.0 0 5.9 20 340 M M 2 26 340
12 35 24 30 4 35 0 T T 0 4.4 15 350 M M 7 21 350
13 46 18 32 6 33 0 0.00 0.0 0 3.6 12 200 M M 1 14 200
14 48 23 36 10 29 0 0.03 0.0 0 6.9 16 190 M M 5 8 23 190
15 43 35 39 13 26 0 0.07 0.0 0 8.1 17 180 M M 10 1 24 170
16 36 32 34 9 31 0 0.00 0.0 0 12.2 20 320 M M 10 1 27 310
17 47 26 37 12 28 0 0.00 0.0 0 10.8 28 340 M M 2 12 37 350
18 36 22 29 4 36 0 0.00 0.0 0 9.4 22 330 M M 0 29 340
19 48 24 36 12 29 0 0.00 0.0 0 10.3 23 210 M M 0 1 31 200
20 43 22 33 9 32 0 0.00 0.0 0 2.9 8 80 M M 2 12 13 80
21 45 23 34 10 31 0 0.00 0.0 0 4.1 10 160 M M 5 128 14 160
22 55 29 42 18 23 0 0.00 0.0 0 4.0 12 200 M M 3 12 13 200
23 55 26 41 17 24 0 0.14 0.0 0 10.7 24 160 M M 4 1 34 190
24 56 32 44 20 21 0 1.03 0.0 0 18.7 30 330 M M 10 1 40 340
25 32 23 28 5 37 0 0.26 4.8 T 18.1 29 320 M M 10 128 41 330
26 30 21 26 3 39 0 0.00 0.0 5 6.9 13 50 M M 10 16 50
27 31 22 27 4 38 0 T T 5 7.8 15 350 M M 10 1 19 340
28 33 17 25 2 40 0 0.00 0.0 4 10.2 23 330 M M 10 128 30 320
29 39 15 27 4 38 0 0.00 0.0 3 9.0 17 310 M M 0 24 310
30 39 26 33 10 32 0 T T 3 12.9 29 330 M M 3 36 330
31 28 14 21 -2 44 0 0.00 0.0 3 13.8 25 330 M M 6 33 330
================================================================================
SM 1341 740 968 0 1.53 4.8 285.7 M 137
================================================================================
AV 43.3 23.9 9.2 FASTST M M 4 MAX(MPH)
MISC ----> 36 320 48 330
================================================================================
NOTES:
# LAST OF SEVERAL OCCURRENCES
COLUMN 17 PEAK WIND IN M.P.H.
PRELIMINARY LOCAL CLIMATOLOGICAL DATA (WS FORM: F-6) , PAGE 2
STATION: NORFOLK NE
MONTH: DECEMBER
YEAR: 2023
LATITUDE: 41 58 N
LONGITUDE: 97 26 W
[TEMPERATURE DATA] [PRECIPITATION DATA] SYMBOLS USED IN COLUMN 16
AVERAGE MONTHLY: 33.6 TOTAL FOR MONTH: 1.53 1 = FOG OR MIST
DPTR FM NORMAL: 7.9 DPTR FM NORMAL: 0.69 2 = FOG REDUCING VISIBILITY
HIGHEST: 60 ON 6 GRTST 24HR 1.17 ON 23-24 TO 1/4 MILE OR LESS
LOWEST: 14 ON 31 3 = THUNDER
SNOW, ICE PELLETS, HAIL 4 = ICE PELLETS
TOTAL MONTH: 4.8 INCHES 5 = HAIL
GRTST 24HR 4.8 ON 25-25 6 = FREEZING RAIN OR DRIZZLE
GRTST DEPTH: 5 ON 27,26 7 = DUSTSTORM OR SANDSTORM:
VSBY 1/2 MILE OR LESS
8 = SMOKE OR HAZE
[NO. OF DAYS WITH] [WEATHER - DAYS WITH] 9 = BLOWING SNOW
X = TORNADO
MAX 32 OR BELOW: 4 0.01 INCH OR MORE: 5
MAX 90 OR ABOVE: 0 0.10 INCH OR MORE: 3
MIN 32 OR BELOW: 28 0.50 INCH OR MORE: 1
MIN 0 OR BELOW: 0 1.00 INCH OR MORE: 1
[HDD (BASE 65) ]
TOTAL THIS MO. 968 CLEAR (SCALE 0-3) 14
DPTR FM NORMAL -252 PTCLDY (SCALE 4-7) 10
TOTAL FM JUL 1 2094 CLOUDY (SCALE 8-10) 7
DPTR FM NORMAL -553
[CDD (BASE 65) ]
TOTAL THIS MO. 0
DPTR FM NORMAL 0 [PRESSURE DATA]
TOTAL FM JAN 1 1226 HIGHEST SLP 30.65 ON 13
DPTR FM NORMAL 319 LOWEST SLP 29.46 ON 7
[REMARKS]
#FINAL-12-23#