000
CXUS53 KOAX 011545
CLMOFK
CLIMATE REPORT
NATIONAL WEATHER SERVICE OMAHA/VALLEY NE
1045 AM CDT TUE AUG 01 2023
...................................
...THE NORFOLK NE CLIMATE SUMMARY FOR THE MONTH OF JULY 2023...
CLIMATE NORMAL PERIOD 1991 TO 2020
CLIMATE RECORD PERIOD 1888 TO 2023
WEATHER OBSERVED NORMAL DEPART
VALUE DATE(S) VALUE FROM
NORMAL
................................................
TEMPERATURE (F)
HIGHEST 101 07/26
LOWEST 50 07/06
AVG. MAXIMUM 85.3 86.4 -1.1
AVG. MINIMUM 63.0 63.2 -0.2
MEAN 74.2 74.8 -0.6
DAYS MAX >= 90 8
DAYS MAX <= 32 0
DAYS MIN <= 32 0
DAYS MIN <= 0 0
PRECIPITATION (INCHES)
RECORD
MAXIMUM 9.11 1950
MINIMUM T 2012
TOTALS 5.37 2.98 2.39
DAYS >= .01 14
DAYS >= .10 10
DAYS >= .50 5
DAYS >= 1.00 1
GREATEST
24 HR. TOTAL 1.23 07/04 TO 07/04
SNOWFALL (INCHES)
RECORDS
TOTAL 0.0 2002
TOTALS 0.0 0.0 0.0
SINCE 7/1 0.0
DAYS >= 1.0 0
GREATEST
SNOW DEPTH 0
24 HR TOTAL MM
DEGREE DAYS
HEATING TOTAL 2 4 -2
SINCE 7/1 2 0 2
COOLING TOTAL 292 308 -16
SINCE 1/1 699 561 138
................................................
WIND (MPH)
AVERAGE WIND SPEED 6.6
HIGHEST WIND SPEED/DIRECTION 41/330 DATE 07/12
HIGHEST GUST SPEED/DIRECTION 65/330 DATE 07/12
SKY COVER
AVERAGE SKY COVER 0.19
WEATHER CONDITIONS. NUMBER OF DAYS WITH
THUNDERSTORM 14 MIXED PRECIP 0
HEAVY RAIN 10 RAIN 8
LIGHT RAIN 15 FREEZING RAIN 0
LT FREEZING RAIN 0 HAIL 0
HEAVY SNOW 0 SNOW 0
LIGHT SNOW 0 SLEET 0
FOG 24 FOG W/VIS <= 1/4 MILE 2
HAZE 10
- INDICATES NEGATIVE NUMBERS.
R INDICATES RECORD WAS SET OR TIED.
MM INDICATES DATA IS MISSING.
T INDICATES TRACE AMOUNT.
$$