891
CXHW52 PHFO 011250
CF6OGG
PRELIMINARY LOCAL CLIMATOLOGICAL DATA (WS FORM: F-6)
STATION: KAHULUI HI
MONTH: SEPTEMBER
YEAR: 2020
LATITUDE: 20 53 N
LONGITUDE: 156 26 W
TEMPERATURE IN F: :PCPN: SNOW: WIND :SUNSHINE: SKY :PK WND
================================================================================
1 2 3 4 5 6A 6B 7 8 9 10 11 12 13 14 15 16 17 18
12Z AVG MX 2MIN
DY MAX MIN AVG DEP HDD CDD WTR SNW DPTH SPD SPD DIR MIN PSBL S-S WX SPD DR
================================================================================
1 92 78 85 5 0 20 0.00 0.0 M 18.4 32 40 M M M 38 30
2 91 71 81 1 0 16 0.00 0.0 M 15.0 29 40 M M M 35 40
3 94 69 82 2 0 17 0.00 0.0 M 11.8 28 40 M M M 33 30
4 92 71 82 2 0 17 0.00 0.0 M 12.6 24 40 M M M 30 40
5 94 77 86 6 0 21 0.00 0.0 M 17.2 31 40 M M M 38 40
6 92 74 83 4 0 18 T 0.0 M 15.9 28 50 M M M 39 50
7 92 75 84 5 0 19 T 0.0 M 15.3 28 40 M M M 33 40
8 93 77 85 6 0 20 0.00 0.0 M 15.8 29 40 M M M 35 40
9 90 76 83 4 0 18 T 0.0 M 14.6 29 60 M M M 39 60
10 91 76 84 5 0 19 0.00 0.0 M 17.7 30 40 M M M 35 40
11 93 71 82 3 0 17 0.00 0.0 M 14.1 29 40 M M M 34 40
12 92 66 79 0 0 14 0.00 0.0 M 13.0 29 30 M M M 35 40
13 91 63 77 -2 0 12 0.00 0.0 M 11.3 25 40 M M M 30 40
14 90 67 79 0 0 14 0.00 0.0 M 13.0 25 30 M M M 29 30
15 93 69 81 2 0 16 0.00 0.0 M 12.2 26 40 M M M 8 32 30
16 92 67 80 1 0 15 0.00 0.0 M 14.4 28 20 M M M 32 40
17 94 66 80 1 0 15 0.00 0.0 M 13.7 25 50 M M M 33 60
18 96 69 83 4 0 18 0.00 0.0 M 13.4 26 70 M M M 36 80
19 91 77 84 5 0 19 T 0.0 M 18.3 30 40 M M M 36 40
20 92 76 84 5 0 19 0.01 0.0 M 15.4 31 40 M M M 37 40
21 93 77 85 6 0 20 0.00 0.0 M 16.9 30 40 M M M 36 40
22 92 74 83 4 0 18 0.00 0.0 M 13.6 30 40 M M M 36 40
23 91 72 82 3 0 17 0.26 0.0 M 13.3 32 40 M M M 40 60
24 92 74 83 4 0 18 T 0.0 M 14.6 29 40 M M M 36 40
25 91 76 84 5 0 19 0.00 0.0 M 16.9 30 50 M M M 38 30
26 92 74 83 4 0 18 0.00 0.0 M 14.3 26 40 M M M 32 40
27 93 69 81 2 0 16 T 0.0 M 14.0 30 40 M M M 35 60
28 91 72 82 3 0 17 0.00 0.0 M 11.5 25 30 M M M 29 30
29 90 71 81 2 0 16 0.00 0.0 M 8.9 17 360 M M M 22 40
30 90 75 83 4 0 18 T 0.0 M 7.6 16 20 M M M 8 25 330
================================================================================
SM 2760 2169 0 521 0.27 0.0 424.7 M M
================================================================================
AV 92.0 72.3 14.2 FASTST M M 0 MAX(MPH)
MISC ----> # 32 40 # 40 60
================================================================================
NOTES:
# LAST OF SEVERAL OCCURRENCES
COLUMN 17 PEAK WIND IN M.P.H.
PRELIMINARY LOCAL CLIMATOLOGICAL DATA (WS FORM: F-6) , PAGE 2
STATION: KAHULUI HI
MONTH: SEPTEMBER
YEAR: 2020
LATITUDE: 20 53 N
LONGITUDE: 156 26 W
[TEMPERATURE DATA] [PRECIPITATION DATA] SYMBOLS USED IN COLUMN 16
AVERAGE MONTHLY: 82.2 TOTAL FOR MONTH: 0.27 1 = FOG OR MIST
DPTR FM NORMAL: 3.0 DPTR FM NORMAL: -0.11 2 = FOG REDUCING VISIBILITY
HIGHEST: 96 ON 18 GRTST 24HR 0.26 ON 23-23 TO 1/4 MILE OR LESS
LOWEST: 63 ON 13 3 = THUNDER
SNOW, ICE PELLETS, HAIL 4 = ICE PELLETS
TOTAL MONTH: 0.0 INCH 5 = HAIL
GRTST 24HR 0.0 6 = FREEZING RAIN OR DRIZZLE
GRTST DEPTH: M ON M 7 = DUSTSTORM OR SANDSTORM:
VSBY 1/2 MILE OR LESS
8 = SMOKE OR HAZE
[NO. OF DAYS WITH] [WEATHER - DAYS WITH] 9 = BLOWING SNOW
X = TORNADO
MAX 32 OR BELOW: 0 0.01 INCH OR MORE: 2
MAX 90 OR ABOVE: 30 0.10 INCH OR MORE: 1
MIN 32 OR BELOW: 0 0.50 INCH OR MORE: 0
MIN 0 OR BELOW: 0 1.00 INCH OR MORE: 0
[HDD (BASE 65) ]
TOTAL THIS MO. 0 CLEAR (SCALE 0-3) 0
DPTR FM NORMAL 0 PTCLDY (SCALE 4-7) 0
TOTAL FM JUL 1 0 CLOUDY (SCALE 8-10) 0
DPTR FM NORMAL 0
[CDD (BASE 65) ]
TOTAL THIS MO. 521
DPTR FM NORMAL 95 [PRESSURE DATA]
TOTAL FM JAN 1 3665 HIGHEST SLP 30.13 ON 24
DPTR FM NORMAL 697 LOWEST SLP 29.87 ON 29
[REMARKS]
#FINAL-09-20#