000
CXUS53 KEAX 011601
CLSOJC
STLCLSWS5 000
TTAA00 EAX 011557
CLIMATE REPORT
NATIONAL WEATHER SERVICE KANSAS CITY/PLEASANT HILL MO
1045 AM CDT THU SEP 01 2022
...................................
...THE JOHNSON COUNTY EXECUTIVE KS CLIMATE SUMMARY FOR THE SEASON, FROM
6/1/2022 TO 8/31/2022...
CLIMATE NORMAL PERIOD: 1991 TO 2020
CLIMATE RECORD PERIOD: 9999 TO 9999
WEATHER OBSERVED NORMAL DEPART LAST YEAR`S
VALUE DATE(S) VALUE FROM VALUE DATE(S)
NORMAL
................................................................
TEMPERATURE (F)
HIGHEST 101 07/11 98 3 99 06/17
07/23
LOWEST 55 06/01 52 3 55 06/02
06/02
06/03
06/03
AVG. MAXIMUM 89.2 85.8 3.4 87.4
AVG. MINIMUM 68.9 67.0 1.9 68.3
MEAN 79.0 76.4 2.6 77.9
DAYS MAX >= 90 47 29.6 17.4 33
DAYS MAX <= 32 0 0.0 0.0 0
DAYS MIN <= 32 0 0.0 0.0 0
DAYS MIN <= 0 0 0.0 0.0 0
PRECIPITATION (INCHES)
TOTALS 7.86R 13.75 -5.89 14.14
DAILY AVG. 0.08 0.15 -0.07 0.15
DAYS >= .01 26 28.9 -2.9 21
DAYS >= .10 16 17.8 -1.8 19
DAYS >= .50 4 8.7 -4.7 10
DAYS >= 1.00 1 4.9 -3.9 5
GREATEST
24 HR. TOTAL 2.15
DEGREE DAYS
HEATING TOTAL 2 8 -6 0
COOLING TOTAL 1319 1060 259 1211
................................................................
WIND (MPH)
AVERAGE WIND SPEED 7.0
HIGHEST WIND SPEED/DIRECTION 31/310 DATE 06/08
HIGHEST GUST SPEED/DIRECTION 45/300 DATE 06/08
SKY COVER
POSSIBLE SUNSHINE (PERCENT) MM
AVERAGE SKY COVER 0.18
NUMBER OF DAYS FAIR 73
NUMBER OF DAYS PC 18
NUMBER OF DAYS CLOUDY 1
AVERAGE RH (PERCENT) 66
WEATHER CONDITIONS. NUMBER OF DAYS WITH
THUNDERSTORM 24 MIXED PRECIP 0
HEAVY RAIN 13 RAIN 16
LIGHT RAIN 30 FREEZING RAIN 0
LT FREEZING RAIN 0 HAIL 0
HEAVY SNOW 0 SNOW 0
LIGHT SNOW 0 SLEET 0
FOG 30 FOG W/VIS <= 1/4 MILE 0
HAZE 4
- INDICATES NEGATIVE NUMBERS.
R INDICATES RECORD WAS SET OR TIED.
MM INDICATES DATA IS MISSING.
T INDICATES TRACE AMOUNT.
$$