000
CXUS54 KOUN 011148
CF6OKC
PRELIMINARY LOCAL CLIMATOLOGICAL DATA (WS FORM: F-6)
STATION: OKLAHOMA CITY
MONTH: APRIL
YEAR: 2022
LATITUDE: 35 24 N
LONGITUDE: 97 36 W
TEMPERATURE IN F: :PCPN: SNOW: WIND :SUNSHINE: SKY :PK WND
================================================================================
1 2 3 4 5 6A 6B 7 8 9 10 11 12 13 14 15 16 17 18
12Z AVG MX 2MIN
DY MAX MIN AVG DEP HDD CDD WTR SNW DPTH SPD SPD DIR MIN PSBL S-S WX SPD DR
================================================================================
1 69 33 51 -5 14 0 0.11 0.0 0 12.6 25 120 M M 5 34 180
2 72 45 59 3 6 0 0.03 0.0 0 7.0 14 50 M M 3 1 20 50
3 82 47 65 9 0 0 0.16 0.0 0 14.5 30 190 M M 5 3 38 180
4 61 54 58 1 7 0 0.05 0.0 0 11.2 21 50 M M 10 13 24 40
5 82 51 67 10 0 2 0.00 0.0 0 15.0 44 10 M M 7 12 55 20
6 67 50 59 2 6 0 0.00 0.0 0 19.5 44 10 M M 4 55 360
7 63 40 52 -5 13 0 0.00 0.0 0 18.3 37 320 M M 3 46 310
8 61 39 50 -8 15 0 0.00 0.0 0 16.6 35 330 M M 1 41 340
9 83 29 56 -2 9 0 0.00 0.0 0 14.5 35 200 M M 1 42 210
10 83 62 73 15 0 8 0.00 0.0 0 17.0 29 190 M M 5 35 180
11 72 57 65 7 0 0 T 0.0 0 13.0 28 30 M M 7 32 40
12 85 59 72 14 0 7 0.00 0.0 0 22.1 35 160 M M 6 45 150
13 68 43 56 -3 9 0 0.00 0.0 0 17.6 39 350 M M 4 46 350
14 70 33 52 -7 13 0 0.00 0.0 0 10.2 21 160 M M 3 26 190
15 87 54 71 12 0 6 0.00 0.0 0 18.7 32 180 M M 3 39 190
16 65 50 58 -1 7 0 0.00 0.0 0 17.4 30 30 M M 10 37 30
17 67 47 57 -3 8 0 0.00 0.0 0 10.0 21 350 M M 5 27 360
18 65 40 53 -7 12 0 0.00 0.0 0 12.7 21 40 M M 2 27 30
19 70 43 57 -3 8 0 T 0.0 0 19.1 31 170 M M 6 42 170
20 93 57 75 15 0 10 0.00 0.0 0 19.1 32 210 M M 6 42 180
21 84 67 76 16 0 11 0.00 0.0 0 15.9 28 170 M M 6 35 170
22 79 68 74 13 0 9 0.00 0.0 0 24.7 35 160 M M 8 46 170
23 80 64 72 11 0 7 1.20 0.0 0 23.1 36 190 M M 7 13X 46 190
24 66 50 58 -3 7 0 T 0.0 0 12.4 26 360 M M 8 31 20
25 66 47 57 -5 8 0 0.00 0.0 0 14.2 24 360 M M 4 31 10
26 70 45 58 -4 7 0 0.00 0.0 0 8.1 15 170 M M 1 21 170
27 75 45 60 -2 5 0 0.00 0.0 0 14.5 25 180 M M 6 32 180
28 79 59 69 7 0 4 0.04 0.0 0 15.9 31 200 M M 7 13 37 180
29 83 65 74 11 0 9 T 0.0 0 22.4 33 170 M M 4 47 160
30 76 55 66 3 0 1 0.00 0.0 0 11.3 24 290 M M 4 29 300
================================================================================
SM 2223 1498 154 74 1.59 0.0 468.6 M 151
================================================================================
AV 74.1 49.9 15.6 FASTST M M 5 MAX(MPH)
MISC ----> # 44 10 # 55 20
================================================================================
NOTES:
# LAST OF SEVERAL OCCURRENCES
COLUMN 17 PEAK WIND IN M.P.H.
PRELIMINARY LOCAL CLIMATOLOGICAL DATA (WS FORM: F-6) , PAGE 2
STATION: OKLAHOMA CITY
MONTH: APRIL
YEAR: 2022
LATITUDE: 35 24 N
LONGITUDE: 97 36 W
[TEMPERATURE DATA] [PRECIPITATION DATA] SYMBOLS USED IN COLUMN 16
AVERAGE MONTHLY: 62.0 TOTAL FOR MONTH: 1.59 1 = FOG OR MIST
DPTR FM NORMAL: 2.7 DPTR FM NORMAL: -2.01 2 = FOG REDUCING VISIBILITY
HIGHEST: 93 ON 20 GRTST 24HR 1.20 ON 23-23 TO 1/4 MILE OR LESS
LOWEST: 29 ON 9 3 = THUNDER
SNOW, ICE PELLETS, HAIL 4 = ICE PELLETS
TOTAL MONTH: 0.0 INCH 5 = HAIL
GRTST 24HR 0.0 6 = FREEZING RAIN OR DRIZZLE
GRTST DEPTH: 0 7 = DUSTSTORM OR SANDSTORM:
VSBY 1/2 MILE OR LESS
8 = SMOKE OR HAZE
[NO. OF DAYS WITH] [WEATHER - DAYS WITH] 9 = BLOWING SNOW
X = TORNADO
MAX 32 OR BELOW: 0 0.01 INCH OR MORE: 6
MAX 90 OR ABOVE: 1 0.10 INCH OR MORE: 3
MIN 32 OR BELOW: 1 0.50 INCH OR MORE: 1
MIN 0 OR BELOW: 0 1.00 INCH OR MORE: 1
[HDD (BASE 65) ]
TOTAL THIS MO. 154 CLEAR (SCALE 0-3) 6
DPTR FM NORMAL -52 PTCLDY (SCALE 4-7) 21
TOTAL FM JUL 1 3120 CLOUDY (SCALE 8-10) 3
DPTR FM NORMAL -441
[CDD (BASE 65) ]
TOTAL THIS MO. 74
DPTR FM NORMAL 39 [PRESSURE DATA]
TOTAL FM JAN 1 77 HIGHEST SLP 30.42 ON 26
DPTR FM NORMAL 32 LOWEST SLP 29.35 ON 5
[REMARKS]
#FINAL-04-22#