000
CDUS44 KOUN 230638
CLIOKC

CLIMATE REPORT
NATIONAL WEATHER SERVICE NORMAN OK
1237 AM CST THU FEB 23 2017


...................................

...THE OKLAHOMA CITY CLIMATE SUMMARY FOR FEBRUARY 22 2017...

CLIMATE NORMAL PERIOD 1981 TO 2010
CLIMATE RECORD PERIOD 1890 TO 2017


WEATHER ITEM   OBSERVED TIME   RECORD YEAR NORMAL DEPARTURE LAST
                VALUE   (LST)  VALUE       VALUE  FROM      YEAR
                                                  NORMAL
..................................................................
TEMPERATURE (F)
 YESTERDAY
  MAXIMUM         81    406 PM  92    1996  57     24       62
  MINIMUM         38    650 AM  11    1963  35      3       39
  AVERAGE         60                        46     14       51

PRECIPITATION (IN)
  YESTERDAY        0.00          1.15 1985   0.06  -0.06     0.00
  MONTH TO DATE    3.12                      1.19   1.93     0.26
  SINCE JAN 1      4.69                      2.58   2.11     0.37

SNOWFALL (IN)
  YESTERDAY        0.0           2.0  1968   0.0    0.0      0.0
  MONTH TO DATE    0.0                       1.2   -1.2      0.0
  SINCE JUL 1      2.1                       6.5   -4.4      1.2
  SNOW DEPTH       0

DEGREE DAYS
 HEATING
  YESTERDAY        5                        19    -14       14
  MONTH TO DATE  315                       486   -171      362
  SINCE JUL 1   2142                      2639   -497     2250
..................................................................


WIND (MPH)
  HIGHEST WIND SPEED    25   HIGHEST WIND DIRECTION    SW (220)
  HIGHEST GUST SPEED    32   HIGHEST GUST DIRECTION    SW (210)
  AVERAGE WIND SPEED     9.1


SKY COVER
  AVERAGE SKY COVER 0.3


WEATHER CONDITIONS
 THE FOLLOWING WEATHER WAS RECORDED YESTERDAY.
  NO SIGNIFICANT WEATHER WAS OBSERVED.


RELATIVE HUMIDITY (PERCENT)
 HIGHEST    85           300 AM
 LOWEST     18           200 PM
 AVERAGE    52

..........................................................


THE OKLAHOMA CITY CLIMATE NORMALS FOR TODAY
                         NORMAL    RECORD    YEAR
 MAXIMUM TEMPERATURE (F)   57        88      1918
 MINIMUM TEMPERATURE (F)   35         7      1910


SUNRISE AND SUNSET
FEBRUARY 23 2017......SUNRISE   707 AM CST   SUNSET   621 PM CST
FEBRUARY 24 2017......SUNRISE   706 AM CST   SUNSET   621 PM CST


-  INDICATES NEGATIVE NUMBERS.
R  INDICATES RECORD WAS SET OR TIED.
MM INDICATES DATA IS MISSING.
T  INDICATES TRACE AMOUNT.




$$
