000
CDUS44 KOUN 250636
CLIOKC

CLIMATE REPORT
NATIONAL WEATHER SERVICE NORMAN OK
134 AM CDT MON SEP 25 2017


...................................

...THE OKLAHOMA CITY CLIMATE SUMMARY FOR SEPTEMBER 24 2017...

CLIMATE NORMAL PERIOD 1981 TO 2010
CLIMATE RECORD PERIOD 1890 TO 2017


WEATHER ITEM   OBSERVED TIME   RECORD YEAR NORMAL DEPARTURE LAST
                VALUE   (LST)  VALUE       VALUE  FROM      YEAR
                                                  NORMAL
..................................................................
TEMPERATURE (F)
 YESTERDAY
  MAXIMUM         88    331 PM  98    1939  81      7       88
  MINIMUM         67    654 AM  36    1989  60      7       70
  AVERAGE         78                        70      8       79

PRECIPITATION (IN)
  YESTERDAY        0.00          3.87 1959   0.15  -0.15     0.25
  MONTH TO DATE    0.47                      3.28  -2.81     3.88
  SINCE SEP 1      0.47                      3.28  -2.81     3.88
  SINCE JAN 1     23.68                     28.17  -4.49    23.79

SNOWFALL (IN)
  YESTERDAY        0.0

DEGREE DAYS
 HEATING
  YESTERDAY        0                         1     -1        0
  MONTH TO DATE    0                         9     -9        0
  SINCE SEP 1      0                         9     -9        0
  SINCE JUL 1      0                         9     -9        0

 COOLING
  YESTERDAY       13                         7      6       14
  MONTH TO DATE  232                       252    -20      316
  SINCE SEP 1    232                       252    -20      316
  SINCE JAN 1   1803                      1989   -186     2042
..................................................................


WIND (MPH)
  HIGHEST WIND SPEED    22   HIGHEST WIND DIRECTION     S (180)
  HIGHEST GUST SPEED    28   HIGHEST GUST DIRECTION     S (190)
  AVERAGE WIND SPEED    10.4


SKY COVER
  AVERAGE SKY COVER 0.6


WEATHER CONDITIONS
 THE FOLLOWING WEATHER WAS RECORDED YESTERDAY.
  NO SIGNIFICANT WEATHER WAS OBSERVED.


RELATIVE HUMIDITY (PERCENT)
 HIGHEST    93           600 AM
 LOWEST     42           500 PM
 AVERAGE    68

..........................................................


THE OKLAHOMA CITY CLIMATE NORMALS FOR TODAY
                         NORMAL    RECORD    YEAR
 MAXIMUM TEMPERATURE (F)   81        97      1939
 MINIMUM TEMPERATURE (F)   59        41      1989
                                             1912


SUNRISE AND SUNSET
SEPTEMBER 25 2017.....SUNRISE   721 AM CDT   SUNSET   722 PM CDT
SEPTEMBER 26 2017.....SUNRISE   722 AM CDT   SUNSET   721 PM CDT


-  INDICATES NEGATIVE NUMBERS.
R  INDICATES RECORD WAS SET OR TIED.
MM INDICATES DATA IS MISSING.
T  INDICATES TRACE AMOUNT.




$$
