000
CDUS44 KOUN 160656
CLIOKC

OUNCLIOKC 000
TTAA00 KOUN 160635


CLIMATE REPORT
NATIONAL WEATHER SERVICE NORMAN OK
1235 AM CST TUE JAN 16 2018


...................................

...THE OKLAHOMA CITY CLIMATE SUMMARY FOR JANUARY 15 2018...

CLIMATE NORMAL PERIOD 1981 TO 2010
CLIMATE RECORD PERIOD 1890 TO 2018


WEATHER ITEM   OBSERVED TIME   RECORD YEAR NORMAL DEPARTURE LAST
                VALUE   (LST)  VALUE       VALUE  FROM      YEAR
                                                  NORMAL
..................................................................
TEMPERATURE (F)
 YESTERDAY
  MAXIMUM         39    917 AM  77    1914  49    -10       46
  MINIMUM         15   1159 PM  -2    1905  29    -14       32
  AVERAGE         27                        39    -12       39

PRECIPITATION (IN)
  YESTERDAY        0.00          1.24 2017   0.04  -0.04     1.24
  MONTH TO DATE    0.19                      0.59  -0.40     1.51
  SINCE DEC 1      0.87                      2.47  -1.60     2.30
  SINCE JAN 1      0.19                      0.59  -0.40     1.51

SNOWFALL (IN)
  YESTERDAY        0.0

DEGREE DAYS
 HEATING
  YESTERDAY       38                        26     12       26
  MONTH TO DATE  481                       390     91      432
  SINCE DEC 1   1254                      1146    108     1215
  SINCE JUL 1   1804                      1745     59     1538

 COOLING
  YESTERDAY        0                         0      0        0
  MONTH TO DATE    0                         0      0        0
  SINCE DEC 1      0                         0      0        0
  SINCE JAN 1      0                         0      0        0
..................................................................


WIND (MPH)
  HIGHEST WIND SPEED    32   HIGHEST WIND DIRECTION     N (360)
  HIGHEST GUST SPEED    39   HIGHEST GUST DIRECTION     N (350)
  AVERAGE WIND SPEED    17.9


SKY COVER
  AVERAGE SKY COVER 0.6


WEATHER CONDITIONS
 THE FOLLOWING WEATHER WAS RECORDED YESTERDAY.
  NO SIGNIFICANT WEATHER WAS OBSERVED.


RELATIVE HUMIDITY (PERCENT)
 HIGHEST    76          1000 AM
 LOWEST     35           300 PM
 AVERAGE    56

..........................................................


THE OKLAHOMA CITY CLIMATE NORMALS FOR TODAY
                         NORMAL    RECORD    YEAR
 MAXIMUM TEMPERATURE (F)   50        76      1894
 MINIMUM TEMPERATURE (F)   29         0      1930


SUNRISE AND SUNSET
JANUARY 16 2018.......SUNRISE   739 AM CST   SUNSET   542 PM CST
JANUARY 17 2018.......SUNRISE   738 AM CST   SUNSET   543 PM CST


-  INDICATES NEGATIVE NUMBERS.
R  INDICATES RECORD WAS SET OR TIED.
MM INDICATES DATA IS MISSING.
T  INDICATES TRACE AMOUNT.




$$
