000
CDUS44 KOUN 272207
CLIOKC

CLIMATE REPORT
NATIONAL WEATHER SERVICE NORMAN OK
506 PM CDT FRI MAR 27 2015


...................................

...THE OKLAHOMA CITY CLIMATE SUMMARY FOR MARCH 27 2015...
VALID TODAY AS OF 0500 PM LOCAL TIME.

CLIMATE NORMAL PERIOD 1981 TO 2010
CLIMATE RECORD PERIOD 1890 TO 2015


WEATHER ITEM   OBSERVED TIME   RECORD YEAR NORMAL DEPARTURE LAST
                VALUE   (LST)  VALUE       VALUE  FROM      YEAR
                                                  NORMAL
..................................................................
TEMPERATURE (F)
 TODAY
  MAXIMUM         57    358 PM  90    1895  67    -10       82
  MINIMUM         45    844 AM  13    1913  44      1       56
  AVERAGE         51                        55     -4       69

PRECIPITATION (IN)
  TODAY            T             2.09 1912   0.10  -0.10     0.00
  MONTH TO DATE    1.97                      2.64  -0.67     1.26
  SINCE JAN 1      4.18                      5.61  -1.43     1.69

SNOWFALL (IN)
  TODAY            0.0           2.2  1931   0.0    0.0      0.0
  MONTH TO DATE    3.0                       0.8    2.2      1.5
  SINCE JUL 1     13.6                       7.5    6.1     10.2
  SNOW DEPTH       0

DEGREE DAYS
 HEATING
  TODAY           14                        10      4        0
  MONTH TO DATE  346                       371    -25      489
  SINCE JUL 1   3121                      3121      0     3577

 COOLING
  TODAY            0                         1     -1        4
  MONTH TO DATE    5                         6     -1        4
  SINCE JAN 1      5                         7     -2        4
..................................................................


WIND (MPH)
  HIGHEST WIND SPEED    28   HIGHEST WIND DIRECTION     N (350)
  HIGHEST GUST SPEED    33   HIGHEST GUST DIRECTION     N (360)
  AVERAGE WIND SPEED    12.6


SKY COVER
  AVERAGE SKY COVER 0.8


WEATHER CONDITIONS
 THE FOLLOWING WEATHER WAS RECORDED TODAY.
  LIGHT RAIN


RELATIVE HUMIDITY (PERCENT)
 HIGHEST    71          1000 AM
 LOWEST     43           300 PM
 AVERAGE    57

..........................................................


THE OKLAHOMA CITY CLIMATE NORMALS FOR TOMORROW
                         NORMAL    RECORD    YEAR
 MAXIMUM TEMPERATURE (F)   67        88      1928
 MINIMUM TEMPERATURE (F)   44        16      1931


SUNRISE AND SUNSET
MARCH 27 2015.........SUNRISE   724 AM CDT   SUNSET   748 PM CDT
MARCH 28 2015.........SUNRISE   723 AM CDT   SUNSET   749 PM CDT


-  INDICATES NEGATIVE NUMBERS.
R  INDICATES RECORD WAS SET OR TIED.
MM INDICATES DATA IS MISSING.
T  INDICATES TRACE AMOUNT.

$$
