000
CDUS44 KOUN 010631
CLIOKC

CLIMATE REPORT
NATIONAL WEATHER SERVICE NORMAN OK
129 AM CDT TUE SEP 1 2015


...................................

...THE OKLAHOMA CITY CLIMATE SUMMARY FOR AUGUST 31 2015...

CLIMATE NORMAL PERIOD 1981 TO 2010
CLIMATE RECORD PERIOD 1890 TO 2015


WEATHER ITEM   OBSERVED TIME   RECORD YEAR NORMAL DEPARTURE LAST
                VALUE   (LST)  VALUE       VALUE  FROM      YEAR
                                                  NORMAL
..................................................................
TEMPERATURE (F)
 YESTERDAY
  MAXIMUM         93    426 PM 105    2011  91      2       97
  MINIMUM         66    410 AM  51    1915  69     -3       70
  AVERAGE         80                        80      0       84

PRECIPITATION (IN)
  YESTERDAY        0.00          2.35 1966   0.12  -0.12     0.00
  MONTH TO DATE    1.17                      3.28  -2.11     0.82
  SINCE JAN 1     42.91                     24.89  18.02    20.73

DEGREE DAYS
 COOLING
  YESTERDAY       15                        15      0       19
  MONTH TO DATE  457                       538    -81      534
  SINCE JAN 1   1580                      1737   -157     1673
..................................................................


WIND (MPH)
  HIGHEST WIND SPEED    21   HIGHEST WIND DIRECTION     S (180)
  HIGHEST GUST SPEED    27   HIGHEST GUST DIRECTION     S (190)
  AVERAGE WIND SPEED    11.2


SKY COVER
  AVERAGE SKY COVER 0.2


WEATHER CONDITIONS
 THE FOLLOWING WEATHER WAS RECORDED YESTERDAY.
  NO SIGNIFICANT WEATHER WAS OBSERVED.


RELATIVE HUMIDITY (PERCENT)
 HIGHEST    93           500 AM
 LOWEST     33           400 PM
 AVERAGE    63

..........................................................


THE OKLAHOMA CITY CLIMATE NORMALS FOR TODAY
                         NORMAL    RECORD    YEAR
 MAXIMUM TEMPERATURE (F)   90       106      2000
 MINIMUM TEMPERATURE (F)   69        53      1956


SUNRISE AND SUNSET
SEPTEMBER  1 2015.....SUNRISE   703 AM CDT   SUNSET   758 PM CDT
SEPTEMBER  2 2015.....SUNRISE   703 AM CDT   SUNSET   756 PM CDT


-  INDICATES NEGATIVE NUMBERS.
R  INDICATES RECORD WAS SET OR TIED.
MM INDICATES DATA IS MISSING.
T  INDICATES TRACE AMOUNT.




$$
