000
CDUS44 KOUN 242211
CLIOKC

CLIMATE REPORT
NATIONAL WEATHER SERVICE NORMAN OK
511 PM CDT FRI OCT 24 2014


...................................

...THE OKLAHOMA CITY CLIMATE SUMMARY FOR OCTOBER 24 2014...
VALID TODAY AS OF 0500 PM LOCAL TIME.

CLIMATE NORMAL PERIOD 1981 TO 2010
CLIMATE RECORD PERIOD 1890 TO 2014


WEATHER ITEM   OBSERVED TIME   RECORD YEAR NORMAL DEPARTURE LAST
                VALUE   (LST)  VALUE       VALUE  FROM      YEAR
                                                  NORMAL
..................................................................
TEMPERATURE (F)
 TODAY
  MAXIMUM         85    359 PM  91    2003  71     14       62
  MINIMUM         57    715 AM  30    1995  49      8       45
  AVERAGE         71                        60     11       54

PRECIPITATION (IN)
  TODAY            0.00          1.41 1920   0.11  -0.11     0.00
  MONTH TO DATE    2.44                      2.93  -0.49     2.95
  SINCE JAN 1     25.30                     31.88  -6.58    50.09

SNOWFALL (IN)
  TODAY            0.0           0.0    MM   0.0    0.0      0.0
  MONTH TO DATE    0.0                       0.0    0.0      0.0
  SINCE JUL 1      0.0                       0.0    0.0      0.0
  SNOW DEPTH       0

DEGREE DAYS
 HEATING
  TODAY            0                         6     -6       11
  MONTH TO DATE   44                        92    -48      122
  SINCE JUL 1     55                       111    -56      125

 COOLING
  TODAY            6                         1      5        0
  MONTH TO DATE  104                        60     44       71
  SINCE JAN 1   2095                      2085     10     2056
..................................................................


WIND (MPH)
  HIGHEST WIND SPEED    20   HIGHEST WIND DIRECTION     S (200)
  HIGHEST GUST SPEED    23   HIGHEST GUST DIRECTION    SW (210)
  AVERAGE WIND SPEED     9.4


SKY COVER
  AVERAGE SKY COVER 0.3


WEATHER CONDITIONS
 THE FOLLOWING WEATHER WAS RECORDED TODAY.
  NO SIGNIFICANT WEATHER WAS OBSERVED.


RELATIVE HUMIDITY (PERCENT)
 HIGHEST    93           200 AM
 LOWEST     44           300 PM
 AVERAGE    69

..........................................................


THE OKLAHOMA CITY CLIMATE NORMALS FOR TOMORROW
                         NORMAL    RECORD    YEAR
 MAXIMUM TEMPERATURE (F)   71        87      1939
                                             1891
 MINIMUM TEMPERATURE (F)   49        29      1957


SUNRISE AND SUNSET
OCTOBER 24 2014.......SUNRISE   745 AM CDT   SUNSET   644 PM CDT
OCTOBER 25 2014.......SUNRISE   745 AM CDT   SUNSET   643 PM CDT


-  INDICATES NEGATIVE NUMBERS.
R  INDICATES RECORD WAS SET OR TIED.
MM INDICATES DATA IS MISSING.
T  INDICATES TRACE AMOUNT.

$$
