000
CDUS44 KOUN 310641
CLIOKC

CLIMATE REPORT
NATIONAL WEATHER SERVICE NORMAN OK
138 AM CDT FRI OCT 31 2014


...................................

...THE OKLAHOMA CITY CLIMATE SUMMARY FOR OCTOBER 30 2014...

CLIMATE NORMAL PERIOD 1981 TO 2010
CLIMATE RECORD PERIOD 1890 TO 2014


WEATHER ITEM   OBSERVED TIME   RECORD YEAR NORMAL DEPARTURE LAST
                VALUE   (LST)  VALUE       VALUE  FROM      YEAR
                                                  NORMAL
..................................................................
TEMPERATURE (F)
 YESTERDAY
  MAXIMUM         77    247 PM  87    1937  69      8       76
  MINIMUM         45    647 AM  16    1917  47     -2       66
  AVERAGE         61                        58      3       71

PRECIPITATION (IN)
  YESTERDAY        0.00          2.84 1974   0.11  -0.11     0.02
  MONTH TO DATE    2.44                      3.60  -1.16     3.19
  SINCE JAN 1     25.30                     32.55  -7.25    50.33

SNOWFALL (IN)
  YESTERDAY        0.0           T    1967   0.0    0.0      0.0
  MONTH TO DATE    0.0                       0.0    0.0      0.0
  SINCE JUL 1      0.0                       0.0    0.0      0.0
  SNOW DEPTH       0

DEGREE DAYS
 HEATING
  YESTERDAY        4                         8     -4        0
  MONTH TO DATE   59                       137    -78      154
  SINCE JUL 1     70                       156    -86      157

 COOLING
  YESTERDAY        0                         1     -1        6
  MONTH TO DATE  135                        66     69       84
  SINCE JAN 1   2126                      2091     35     2069
..................................................................


WIND (MPH)
  HIGHEST WIND SPEED    22   HIGHEST WIND DIRECTION     N (360)
  HIGHEST GUST SPEED    28   HIGHEST GUST DIRECTION     N (350)
  AVERAGE WIND SPEED    10.4


SKY COVER
  AVERAGE SKY COVER 0.1


WEATHER CONDITIONS
 THE FOLLOWING WEATHER WAS RECORDED YESTERDAY.
  NO SIGNIFICANT WEATHER WAS OBSERVED.


RELATIVE HUMIDITY (PERCENT)
 HIGHEST    77           800 AM
 LOWEST     21           300 PM
 AVERAGE    49

..........................................................


THE OKLAHOMA CITY CLIMATE NORMALS FOR TODAY
                         NORMAL    RECORD    YEAR
 MAXIMUM TEMPERATURE (F)   68        86      1938
 MINIMUM TEMPERATURE (F)   46        16      1993


SUNRISE AND SUNSET
OCTOBER 31 2014.......SUNRISE   751 AM CDT   SUNSET   636 PM CDT
NOVEMBER  1 2014......SUNRISE   752 AM CDT   SUNSET   635 PM CDT


-  INDICATES NEGATIVE NUMBERS.
R  INDICATES RECORD WAS SET OR TIED.
MM INDICATES DATA IS MISSING.
T  INDICATES TRACE AMOUNT.




$$
