000
CDUS44 KOUN 180631
CLIOKC

CLIMATE REPORT
NATIONAL WEATHER SERVICE NORMAN OK
1230 AM CST SAT NOV 18 2017


...................................

...THE OKLAHOMA CITY CLIMATE SUMMARY FOR NOVEMBER 17 2017...

CLIMATE NORMAL PERIOD 1981 TO 2010
CLIMATE RECORD PERIOD 1890 TO 2017


WEATHER ITEM   OBSERVED TIME   RECORD YEAR NORMAL DEPARTURE LAST
                VALUE   (LST)  VALUE       VALUE  FROM      YEAR
                                                  NORMAL
..................................................................
TEMPERATURE (F)
 YESTERDAY
  MAXIMUM         82R   256 PM  80    1896  61     21       79
  MINIMUM         57    338 AM   9    1894  39     18       58
  AVERAGE         70                        50     20       69

PRECIPITATION (IN)
  YESTERDAY        0.00          1.70 1984   0.06  -0.06     0.00
  MONTH TO DATE    0.07                      1.25  -1.18     0.48
  SINCE SEP 1      9.83                      9.02   0.81     5.55
  SINCE JAN 1     33.04                     33.91  -0.87    25.46

SNOWFALL (IN)
  YESTERDAY        0.0

DEGREE DAYS
 HEATING
  YESTERDAY        0                        15    -15        0
  MONTH TO DATE  194                       200     -6       81
  SINCE SEP 1    375                       364     11      127
  SINCE JUL 1    375                       364     11      127

 COOLING
  YESTERDAY        5                         0      5        4
  MONTH TO DATE    5                         7     -2       23
  SINCE SEP 1    345                       362    -17      488
  SINCE JAN 1   1916                      2099   -183     2214
..................................................................


WIND (MPH)
  HIGHEST WIND SPEED    31   HIGHEST WIND DIRECTION     S (200)
  HIGHEST GUST SPEED    36   HIGHEST GUST DIRECTION     S (200)
  AVERAGE WIND SPEED    19.4


SKY COVER
  AVERAGE SKY COVER 0.8


WEATHER CONDITIONS
 THE FOLLOWING WEATHER WAS RECORDED YESTERDAY.
  FOG


RELATIVE HUMIDITY (PERCENT)
 HIGHEST   100           300 AM
 LOWEST     34           300 PM
 AVERAGE    67

..........................................................


THE OKLAHOMA CITY CLIMATE NORMALS FOR TODAY
                         NORMAL    RECORD    YEAR
 MAXIMUM TEMPERATURE (F)   60        80      1930
 MINIMUM TEMPERATURE (F)   39        13      1903
                                             1891


SUNRISE AND SUNSET
NOVEMBER 18 2017......SUNRISE   709 AM CST   SUNSET   522 PM CST
NOVEMBER 19 2017......SUNRISE   710 AM CST   SUNSET   522 PM CST


-  INDICATES NEGATIVE NUMBERS.
R  INDICATES RECORD WAS SET OR TIED.
MM INDICATES DATA IS MISSING.
T  INDICATES TRACE AMOUNT.




$$
