000
CDUS44 KOUN 012307
CLIOKC

CLIMATE REPORT
NATIONAL WEATHER SERVICE NORMAN OK
506 PM CST SUN FEB 1 2015


...................................

...THE OKLAHOMA CITY CLIMATE SUMMARY FOR FEBRUARY 1 2015...
VALID TODAY AS OF 0500 PM LOCAL TIME.

CLIMATE NORMAL PERIOD 1981 TO 2010
CLIMATE RECORD PERIOD 1890 TO 2015


WEATHER ITEM   OBSERVED TIME   RECORD YEAR NORMAL DEPARTURE LAST
                VALUE   (LST)  VALUE       VALUE  FROM      YEAR
                                                  NORMAL
..................................................................
TEMPERATURE (F)
 TODAY
  MAXIMUM         47    532 AM  90    1911  52     -5       39
  MINIMUM         36    440 PM  -2    1951  30      6       28
  AVERAGE         42                        41      1       34

PRECIPITATION (IN)
  TODAY            0.04          0.71 1990   0.05  -0.01     0.00
  MONTH TO DATE    0.04                      0.05  -0.01     0.00
  SINCE JAN 1      1.84                      1.44   0.40     0.07

SNOWFALL (IN)
  TODAY            0.0          11.8  2011   0.1   -0.1      0.0
  MONTH TO DATE    0.0                       0.1   -0.1      0.0
  SINCE JUL 1      6.0                       5.4    0.6      4.7
  SNOW DEPTH       0

DEGREE DAYS
 HEATING
  TODAY           23                        24     -1       31
  MONTH TO DATE   23                        24     -1       31
  SINCE JUL 1   2082                      2177    -95     2381
..................................................................


WIND (MPH)
  HIGHEST WIND SPEED    37   HIGHEST WIND DIRECTION     N (340)
  HIGHEST GUST SPEED    44   HIGHEST GUST DIRECTION    NW (330)
  AVERAGE WIND SPEED    24.2


SKY COVER
  AVERAGE SKY COVER 0.9


WEATHER CONDITIONS
 THE FOLLOWING WEATHER WAS RECORDED TODAY.
  LIGHT RAIN
  FOG


RELATIVE HUMIDITY (PERCENT)
 HIGHEST    93           300 AM
 LOWEST     48           400 PM
 AVERAGE    71

..........................................................


THE OKLAHOMA CITY CLIMATE NORMALS FOR TOMORROW
                         NORMAL    RECORD    YEAR
 MAXIMUM TEMPERATURE (F)   52        77      1995
 MINIMUM TEMPERATURE (F)   30        -4      1895


SUNRISE AND SUNSET
FEBRUARY  1 2015......SUNRISE   730 AM CST   SUNSET   558 PM CST
FEBRUARY  2 2015......SUNRISE   729 AM CST   SUNSET   559 PM CST


-  INDICATES NEGATIVE NUMBERS.
R  INDICATES RECORD WAS SET OR TIED.
MM INDICATES DATA IS MISSING.
T  INDICATES TRACE AMOUNT.




$$
