000
CDUS44 KOUN 210628
CLIOKC

CLIMATE REPORT
NATIONAL WEATHER SERVICE NORMAN OK
127 AM CDT TUE APR 21 2015


...................................

...THE OKLAHOMA CITY CLIMATE SUMMARY FOR APRIL 20 2015...

CLIMATE NORMAL PERIOD 1981 TO 2010
CLIMATE RECORD PERIOD 1890 TO 2015


WEATHER ITEM   OBSERVED TIME   RECORD YEAR NORMAL DEPARTURE LAST
                VALUE   (LST)  VALUE       VALUE  FROM      YEAR
                                                  NORMAL
..................................................................
TEMPERATURE (F)
 YESTERDAY
  MAXIMUM         66    515 PM  91    1961  74     -8       75
  MINIMUM         42    616 AM  33    1966  51     -9       54
                                      1953
  AVERAGE         54                        62     -8       65

PRECIPITATION (IN)
  YESTERDAY        0.00          2.07 1937   0.11  -0.11     0.02
  MONTH TO DATE    1.85                      1.84   0.01     0.59
  SINCE JAN 1      6.68                      7.87  -1.19     2.28

SNOWFALL (IN)
  YESTERDAY        0.0           0.0    MM   0.0    0.0      0.0
  MONTH TO DATE    0.0                       0.0    0.0       T
  SINCE JUL 1     13.6                       7.6    6.0     10.2
  SNOW DEPTH       0

DEGREE DAYS
 HEATING
  YESTERDAY       11                         5      6        0
  MONTH TO DATE   79                       138    -59      136
  SINCE JUL 1   3210                      3297    -87     3738

 COOLING
  YESTERDAY        0                         2     -2        0
  MONTH TO DATE   47                        28     19       26
  SINCE JAN 1     57                        41     16       37
..................................................................


WIND (MPH)
  HIGHEST WIND SPEED    15   HIGHEST WIND DIRECTION    NW (330)
  HIGHEST GUST SPEED    20   HIGHEST GUST DIRECTION     N (340)
  AVERAGE WIND SPEED     7.5


SKY COVER
  AVERAGE SKY COVER 0.2


WEATHER CONDITIONS
 THE FOLLOWING WEATHER WAS RECORDED YESTERDAY.
  NO SIGNIFICANT WEATHER WAS OBSERVED.


RELATIVE HUMIDITY (PERCENT)
 HIGHEST    71          1200 AM
 LOWEST     26           600 PM
 AVERAGE    49

..........................................................


THE OKLAHOMA CITY CLIMATE NORMALS FOR TODAY
                         NORMAL    RECORD    YEAR
 MAXIMUM TEMPERATURE (F)   74        90      1965
                                             1963
 MINIMUM TEMPERATURE (F)   51        34      1966
                                             1927
                                             1893


SUNRISE AND SUNSET
APRIL 21 2015.........SUNRISE   651 AM CDT   SUNSET   808 PM CDT
APRIL 22 2015.........SUNRISE   649 AM CDT   SUNSET   809 PM CDT


-  INDICATES NEGATIVE NUMBERS.
R  INDICATES RECORD WAS SET OR TIED.
MM INDICATES DATA IS MISSING.
T  INDICATES TRACE AMOUNT.




$$
