000
CDUS44 KOUN 230628
CLIOKC

CLIMATE REPORT
NATIONAL WEATHER SERVICE NORMAN OK
128 AM CDT SUN APR 23 2017


...................................

...THE OKLAHOMA CITY CLIMATE SUMMARY FOR APRIL 22 2017...

CLIMATE NORMAL PERIOD 1981 TO 2010
CLIMATE RECORD PERIOD 1890 TO 2017


WEATHER ITEM   OBSERVED TIME   RECORD YEAR NORMAL DEPARTURE LAST
                VALUE   (LST)  VALUE       VALUE  FROM      YEAR
                                                  NORMAL
..................................................................
TEMPERATURE (F)
 YESTERDAY
  MAXIMUM         59    355 PM  95    1955  74    -15       79
  MINIMUM         46    510 AM  34    1959  52     -6       50
  AVERAGE         53                        63    -10       65

PRECIPITATION (IN)
  YESTERDAY        0.00          1.98 1915   0.10  -0.10     0.00
  MONTH TO DATE    3.49                      2.05   1.44     6.30
  SINCE JAN 1     10.78                      8.08   2.70     8.78

DEGREE DAYS
 HEATING
  YESTERDAY       12                         4      8        0
  MONTH TO DATE   80                       146    -66       96
  SINCE JUL 1   2584                      3305   -721     2745

 COOLING
  YESTERDAY        0                         2     -2        0
  MONTH TO DATE   36                        32      4       15
  SINCE JAN 1     93                        45     48       27
..................................................................


WIND (MPH)
  HIGHEST WIND SPEED    26   HIGHEST WIND DIRECTION     N (360)
  HIGHEST GUST SPEED    33   HIGHEST GUST DIRECTION     N (350)
  AVERAGE WIND SPEED    16.6


SKY COVER
  AVERAGE SKY COVER 0.8


WEATHER CONDITIONS
 THE FOLLOWING WEATHER WAS RECORDED YESTERDAY.
  NO SIGNIFICANT WEATHER WAS OBSERVED.


RELATIVE HUMIDITY (PERCENT)
 HIGHEST    86          1200 AM
 LOWEST     54           700 PM
 AVERAGE    70

..........................................................


THE OKLAHOMA CITY CLIMATE NORMALS FOR TODAY
                         NORMAL    RECORD    YEAR
 MAXIMUM TEMPERATURE (F)   74        91      2006
 MINIMUM TEMPERATURE (F)   52        33      1909


SUNRISE AND SUNSET
APRIL 23 2017.........SUNRISE   648 AM CDT   SUNSET   810 PM CDT
APRIL 24 2017.........SUNRISE   646 AM CDT   SUNSET   811 PM CDT


-  INDICATES NEGATIVE NUMBERS.
R  INDICATES RECORD WAS SET OR TIED.
MM INDICATES DATA IS MISSING.
T  INDICATES TRACE AMOUNT.

$$
