000
CDUS44 KOUN 280634 RRA
CLIOKC

CLIMATE REPORT
NATIONAL WEATHER SERVICE NORMAN OK
131 AM CDT TUE JUN 28 2016


...................................

...THE OKLAHOMA CITY CLIMATE SUMMARY FOR JUNE 27 2016...

CLIMATE NORMAL PERIOD 1981 TO 2010
CLIMATE RECORD PERIOD 1890 TO 2016


WEATHER ITEM   OBSERVED TIME   RECORD YEAR NORMAL DEPARTURE LAST
                VALUE   (LST)  VALUE       VALUE  FROM      YEAR
                                                  NORMAL
..................................................................
TEMPERATURE (F)
 YESTERDAY
  MAXIMUM         93    423 PM 103    2011  91      2       87
                                      1994
                                      1980
  MINIMUM         70    433 AM  52    1974  70      0       67
  AVERAGE         82                        81      1       77

PRECIPITATION (IN)
  YESTERDAY        0.00          2.19 1907   0.14  -0.14     0.00
  MONTH TO DATE    3.30                      4.55  -1.25     5.70
  SINCE JAN 1     15.71                     18.30  -2.59    34.36

DEGREE DAYS
 COOLING
  YESTERDAY       17                        16      1       12
  MONTH TO DATE  387                       341     46      382
  SINCE JAN 1    573                       591    -18      559
..................................................................


WIND (MPH)
  HIGHEST WIND SPEED    12   HIGHEST WIND DIRECTION    SE (140)
  HIGHEST GUST SPEED    14   HIGHEST GUST DIRECTION    SE (140)
  AVERAGE WIND SPEED     3.6


SKY COVER
  AVERAGE SKY COVER 0.7


WEATHER CONDITIONS
 THE FOLLOWING WEATHER WAS RECORDED YESTERDAY.
  NO SIGNIFICANT WEATHER WAS OBSERVED.


RELATIVE HUMIDITY (PERCENT)
 HIGHEST   100           300 AM
 LOWEST     47           400 PM
 AVERAGE    74

..........................................................


THE OKLAHOMA CITY CLIMATE NORMALS FOR TODAY
                         NORMAL    RECORD    YEAR
 MAXIMUM TEMPERATURE (F)   91       105      1980
 MINIMUM TEMPERATURE (F)   71        56      1974


SUNRISE AND SUNSET
JUNE 28 2016..........SUNRISE   618 AM CDT   SUNSET   849 PM CDT
JUNE 29 2016..........SUNRISE   618 AM CDT   SUNSET   849 PM CDT


-  INDICATES NEGATIVE NUMBERS.
R  INDICATES RECORD WAS SET OR TIED.
MM INDICATES DATA IS MISSING.
T  INDICATES TRACE AMOUNT.




$$
