000
CDUS44 KOUN 010627
CLIOKC

CLIMATE REPORT
NATIONAL WEATHER SERVICE NORMAN OK
126 AM CDT MON SEP 1 2014


...................................

...THE OKLAHOMA CITY CLIMATE SUMMARY FOR AUGUST 31 2014...

CLIMATE NORMAL PERIOD 1981 TO 2010
CLIMATE RECORD PERIOD 1890 TO 2014


WEATHER ITEM   OBSERVED TIME   RECORD YEAR NORMAL DEPARTURE LAST
                VALUE   (LST)  VALUE       VALUE  FROM      YEAR
                                                  NORMAL
..................................................................
TEMPERATURE (F)
 YESTERDAY
  MAXIMUM         97    428 PM 105    2011  91      6      103
  MINIMUM         70    557 AM  51    1915  69      1       71
  AVERAGE         84                        80      4       87

PRECIPITATION (IN)
  YESTERDAY        0.00          2.35 1966   0.12  -0.12     0.00
  MONTH TO DATE    0.82                      3.28  -2.46     3.50
  SINCE JAN 1     20.73                     24.89  -4.16    45.19

DEGREE DAYS
 COOLING
  YESTERDAY       19                        15      4       22
  MONTH TO DATE  534                       538     -4      518
  SINCE JAN 1   1673                      1737    -64     1623
..................................................................


WIND (MPH)
  HIGHEST WIND SPEED    26   HIGHEST WIND DIRECTION     S (170)
  HIGHEST GUST SPEED    35   HIGHEST GUST DIRECTION     S (170)
  AVERAGE WIND SPEED    15.9


SKY COVER
  AVERAGE SKY COVER 0.1


WEATHER CONDITIONS
 THE FOLLOWING WEATHER WAS RECORDED YESTERDAY.
  NO SIGNIFICANT WEATHER WAS OBSERVED.


RELATIVE HUMIDITY (PERCENT)
 HIGHEST    90           600 AM
 LOWEST     33           300 PM
 AVERAGE    62

..........................................................


THE OKLAHOMA CITY CLIMATE NORMALS FOR TODAY
                         NORMAL    RECORD    YEAR
 MAXIMUM TEMPERATURE (F)   90       106      2000
 MINIMUM TEMPERATURE (F)   69        53      1956


SUNRISE AND SUNSET
SEPTEMBER  1 2014.....SUNRISE   703 AM CDT   SUNSET   757 PM CDT
SEPTEMBER  2 2014.....SUNRISE   703 AM CDT   SUNSET   756 PM CDT


-  INDICATES NEGATIVE NUMBERS.
R  INDICATES RECORD WAS SET OR TIED.
MM INDICATES DATA IS MISSING.
T  INDICATES TRACE AMOUNT.




$$
