000
CDUS44 KOUN 300645
CLIOKC

CLIMATE REPORT
NATIONAL WEATHER SERVICE NORMAN OK
142 AM CDT WED JUL 30 2014


...................................

...THE OKLAHOMA CITY CLIMATE SUMMARY FOR JULY 29 2014...

CLIMATE NORMAL PERIOD 1981 TO 2010
CLIMATE RECORD PERIOD 1890 TO 2014


WEATHER ITEM   OBSERVED TIME   RECORD YEAR NORMAL DEPARTURE LAST
                VALUE   (LST)  VALUE       VALUE  FROM      YEAR
                                                  NORMAL
..................................................................
TEMPERATURE (F)
 YESTERDAY
  MAXIMUM         92    302 PM 109    1986  95     -3       90
  MINIMUM         71    623 AM  58    2005  73     -2       74
  AVERAGE         82                        84     -2       82

PRECIPITATION (IN)
  YESTERDAY        0.01          2.02 1975   0.09  -0.08     0.06
  MONTH TO DATE    2.45                      2.75  -0.30     8.68
  SINCE JAN 1     18.18                     21.43  -3.25    40.53

DEGREE DAYS
 COOLING
  YESTERDAY       17                        19     -2       17
  MONTH TO DATE  435                       524    -89      489
  SINCE JAN 1   1125                      1164    -39     1068
..................................................................


WIND (MPH)
  HIGHEST WIND SPEED    18   HIGHEST WIND DIRECTION     W (250)
  HIGHEST GUST SPEED    22   HIGHEST GUST DIRECTION     W (270)
  AVERAGE WIND SPEED     4.6


SKY COVER
  AVERAGE SKY COVER 0.8


WEATHER CONDITIONS
 THE FOLLOWING WEATHER WAS RECORDED YESTERDAY.
  LIGHT RAIN


RELATIVE HUMIDITY (PERCENT)
 HIGHEST    79           500 AM
 LOWEST     30           200 PM
 AVERAGE    55

..........................................................


THE OKLAHOMA CITY CLIMATE NORMALS FOR TODAY
                         NORMAL    RECORD    YEAR
 MAXIMUM TEMPERATURE (F)   95       108      1986
 MINIMUM TEMPERATURE (F)   73        57      1971


SUNRISE AND SUNSET
JULY 30 2014..........SUNRISE   638 AM CDT   SUNSET   836 PM CDT
JULY 31 2014..........SUNRISE   638 AM CDT   SUNSET   835 PM CDT


-  INDICATES NEGATIVE NUMBERS.
R  INDICATES RECORD WAS SET OR TIED.
MM INDICATES DATA IS MISSING.
T  INDICATES TRACE AMOUNT.




$$
