000
CDUS44 KOUN 240639
CLIOKC

CLIMATE REPORT
NATIONAL WEATHER SERVICE NORMAN OK
138 AM CDT FRI MAR 24 2017


...................................

...THE OKLAHOMA CITY CLIMATE SUMMARY FOR MARCH 23 2017...

CLIMATE NORMAL PERIOD 1981 TO 2010
CLIMATE RECORD PERIOD 1890 TO 2017


WEATHER ITEM   OBSERVED TIME   RECORD YEAR NORMAL DEPARTURE LAST
                VALUE   (LST)  VALUE       VALUE  FROM      YEAR
                                                  NORMAL
..................................................................
TEMPERATURE (F)
 YESTERDAY
  MAXIMUM         85    313 PM  88    1929  66     19       81
  MINIMUM         56    719 AM  20    1898  43     13       45
  AVERAGE         71                        54     17       63

PRECIPITATION (IN)
  YESTERDAY        0.00          2.35 1984   0.11  -0.11     0.00
  MONTH TO DATE    0.01                      2.23  -2.22     0.87
  SINCE JAN 1      4.70                      5.20  -0.50     2.33

SNOWFALL (IN)
  YESTERDAY        0.0           1.6  2006   0.0    0.0      0.0
  MONTH TO DATE    0.0                       0.8   -0.8      0.0
  SINCE JUL 1      2.1                       7.5   -5.4      1.2
  SNOW DEPTH       0

DEGREE DAYS
 HEATING
  YESTERDAY        0                        11    -11        2
  MONTH TO DATE  222                       328   -106      213
  SINCE JUL 1   2442                      3078   -636     2570

 COOLING
  YESTERDAY        6                         1      5        0
  MONTH TO DATE   47                         2     45        0
  SINCE JAN 1     56                         3     53        4
..................................................................


WIND (MPH)
  HIGHEST WIND SPEED    37   HIGHEST WIND DIRECTION     S (170)
  HIGHEST GUST SPEED    51   HIGHEST GUST DIRECTION     S (170)
  AVERAGE WIND SPEED    24.5


SKY COVER
  AVERAGE SKY COVER 0.3


WEATHER CONDITIONS
 THE FOLLOWING WEATHER WAS RECORDED YESTERDAY.
  NO SIGNIFICANT WEATHER WAS OBSERVED.


RELATIVE HUMIDITY (PERCENT)
 HIGHEST    93           700 AM
 LOWEST     26           500 PM
 AVERAGE    60

..........................................................


THE OKLAHOMA CITY CLIMATE NORMALS FOR TODAY
                         NORMAL    RECORD    YEAR
 MAXIMUM TEMPERATURE (F)   66        91      1929
 MINIMUM TEMPERATURE (F)   43        23      2006
                                             1965


SUNRISE AND SUNSET
MARCH 24 2017.........SUNRISE   728 AM CDT   SUNSET   746 PM CDT
MARCH 25 2017.........SUNRISE   727 AM CDT   SUNSET   747 PM CDT


-  INDICATES NEGATIVE NUMBERS.
R  INDICATES RECORD WAS SET OR TIED.
MM INDICATES DATA IS MISSING.
T  INDICATES TRACE AMOUNT.




$$
