000
CDUS44 KOUN 200640
CLIOKC

CLIMATE REPORT
NATIONAL WEATHER SERVICE NORMAN OK
1237 AM CST SAT DEC 20 2014


...................................

...THE OKLAHOMA CITY CLIMATE SUMMARY FOR DECEMBER 19 2014...

CLIMATE NORMAL PERIOD 1981 TO 2010
CLIMATE RECORD PERIOD 1890 TO 2014


WEATHER ITEM   OBSERVED TIME   RECORD YEAR NORMAL DEPARTURE LAST
                VALUE   (LST)  VALUE       VALUE  FROM      YEAR
                                                  NORMAL
..................................................................
TEMPERATURE (F)
 YESTERDAY
  MAXIMUM         43    415 PM  75    1978  50     -7       69
  MINIMUM         38    830 AM  -2    1924  30      8       53
  AVERAGE         41                        40      1       61

PRECIPITATION (IN)
  YESTERDAY        T             1.96 1991   0.06  -0.06     0.00
  MONTH TO DATE    0.53                      1.22  -0.69     0.23
  SINCE JAN 1     28.21                     35.86  -7.65    51.75

SNOWFALL (IN)
  YESTERDAY        0.0           2.0  1895   0.0    0.0      0.0
  MONTH TO DATE    0.0                       1.1   -1.1      3.5
  SINCE JUL 1      2.5                       1.5    1.0      4.1
  SNOW DEPTH       0

DEGREE DAYS
 HEATING
  YESTERDAY       24                        25     -1        4
  MONTH TO DATE  363                       446    -83      511
  SINCE JUL 1    990                      1045    -55     1171
..................................................................


WIND (MPH)
  HIGHEST WIND SPEED    12   HIGHEST WIND DIRECTION     N (10)
  HIGHEST GUST SPEED    14   HIGHEST GUST DIRECTION     N (10)
  AVERAGE WIND SPEED     4.6


SKY COVER
  AVERAGE SKY COVER 1.0


WEATHER CONDITIONS
 THE FOLLOWING WEATHER WAS RECORDED YESTERDAY.
  LIGHT RAIN
  FOG
  HAZE


RELATIVE HUMIDITY (PERCENT)
 HIGHEST    92           300 AM
 LOWEST     76           400 PM
 AVERAGE    84

..........................................................


THE OKLAHOMA CITY CLIMATE NORMALS FOR TODAY
                         NORMAL    RECORD    YEAR
 MAXIMUM TEMPERATURE (F)   49        77      2010
 MINIMUM TEMPERATURE (F)   30         2      1924


SUNRISE AND SUNSET
DECEMBER 20 2014......SUNRISE   735 AM CST   SUNSET   521 PM CST
DECEMBER 21 2014......SUNRISE   736 AM CST   SUNSET   522 PM CST


-  INDICATES NEGATIVE NUMBERS.
R  INDICATES RECORD WAS SET OR TIED.
MM INDICATES DATA IS MISSING.
T  INDICATES TRACE AMOUNT.




$$
