000
CDUS44 KOUN 020644
CLIOKC

CLIMATE REPORT
NATIONAL WEATHER SERVICE NORMAN OK
143 AM CDT SUN AUG 2 2015


...................................

...THE OKLAHOMA CITY CLIMATE SUMMARY FOR AUGUST 1 2015...

CLIMATE NORMAL PERIOD 1981 TO 2010
CLIMATE RECORD PERIOD 1890 TO 2015


WEATHER ITEM   OBSERVED TIME   RECORD YEAR NORMAL DEPARTURE LAST
                VALUE   (LST)  VALUE       VALUE  FROM      YEAR
                                                  NORMAL
..................................................................
TEMPERATURE (F)
 YESTERDAY
  MAXIMUM         90    340 PM 112    2012  95     -5       86
  MINIMUM         72   1122 PM  58    1971  73     -1       65
  AVERAGE         81                        84     -3       76

PRECIPITATION (IN)
  YESTERDAY        0.00          2.38 1995   0.10  -0.10     0.00
  MONTH TO DATE    0.00                      0.10  -0.10     0.00
  SINCE JAN 1     41.74                     21.71  20.03    19.91

DEGREE DAYS
 COOLING
  YESTERDAY       16                        19     -3       11
  MONTH TO DATE   16                        19     -3       11
  SINCE JAN 1   1139                      1218    -79     1150
..................................................................


WIND (MPH)
  HIGHEST WIND SPEED    16   HIGHEST WIND DIRECTION     S (170)
  HIGHEST GUST SPEED    22   HIGHEST GUST DIRECTION     S (180)
  AVERAGE WIND SPEED     6.4


SKY COVER
  AVERAGE SKY COVER 0.6


WEATHER CONDITIONS
 THE FOLLOWING WEATHER WAS RECORDED YESTERDAY.
  NO SIGNIFICANT WEATHER WAS OBSERVED.


RELATIVE HUMIDITY (PERCENT)
 HIGHEST   100           200 AM
 LOWEST     41           200 PM
 AVERAGE    71

..........................................................


THE OKLAHOMA CITY CLIMATE NORMALS FOR TODAY
                         NORMAL    RECORD    YEAR
 MAXIMUM TEMPERATURE (F)   95       112      2012
 MINIMUM TEMPERATURE (F)   73        57      1971


SUNRISE AND SUNSET
AUGUST  2 2015........SUNRISE   640 AM CDT   SUNSET   833 PM CDT
AUGUST  3 2015........SUNRISE   640 AM CDT   SUNSET   832 PM CDT


-  INDICATES NEGATIVE NUMBERS.
R  INDICATES RECORD WAS SET OR TIED.
MM INDICATES DATA IS MISSING.
T  INDICATES TRACE AMOUNT.




$$
