000
CDUS44 KOUN 302237
CLIOKC

OUNCLIOKC 000
TTAA00 KOUN 302236


CLIMATE REPORT
NATIONAL WEATHER SERVICE NORMAN OK
536 PM CDT SAT AUG 30 2014


...................................

...THE OKLAHOMA CITY CLIMATE SUMMARY FOR AUGUST 30 2014...
VALID TODAY AS OF 0500 PM LOCAL TIME.

CLIMATE NORMAL PERIOD 1981 TO 2010
CLIMATE RECORD PERIOD 1890 TO 2014


WEATHER ITEM   OBSERVED TIME   RECORD YEAR NORMAL DEPARTURE LAST
                VALUE   (LST)  VALUE       VALUE  FROM      YEAR
                                                  NORMAL
..................................................................
TEMPERATURE (F)
 TODAY
  MAXIMUM         96    358 PM 105    1947  91      5      100
  MINIMUM         67    622 AM  49    1915  69     -2       72
  AVERAGE         82                        80      2       86

PRECIPITATION (IN)
  TODAY            0.00          2.04 2003   0.12  -0.12     0.00
  MONTH TO DATE    0.82                      3.16  -2.34     3.50
  SINCE JAN 1     20.73                     24.77  -4.04    45.19

DEGREE DAYS
 COOLING
  TODAY           17                        15      2       21
  MONTH TO DATE  515                       523     -8      496
  SINCE JAN 1   1654                      1722    -68     1601
..................................................................


WIND (MPH)
  HIGHEST WIND SPEED    15   HIGHEST WIND DIRECTION     W (250)
  HIGHEST GUST SPEED    17   HIGHEST GUST DIRECTION     N (350)
  AVERAGE WIND SPEED     4.4


SKY COVER
  AVERAGE SKY COVER 0.3


WEATHER CONDITIONS
 THE FOLLOWING WEATHER WAS RECORDED TODAY.
  NO SIGNIFICANT WEATHER WAS OBSERVED.


RELATIVE HUMIDITY (PERCENT)
 HIGHEST    90           700 AM
 LOWEST     22           400 PM
 AVERAGE    56

..........................................................


THE OKLAHOMA CITY CLIMATE NORMALS FOR TOMORROW
                         NORMAL    RECORD    YEAR
 MAXIMUM TEMPERATURE (F)   91       105      2011
 MINIMUM TEMPERATURE (F)   69        51      1915


SUNRISE AND SUNSET
AUGUST 30 2014........SUNRISE   701 AM CDT   SUNSET   800 PM CDT
AUGUST 31 2014........SUNRISE   702 AM CDT   SUNSET   759 PM CDT


-  INDICATES NEGATIVE NUMBERS.
R  INDICATES RECORD WAS SET OR TIED.
MM INDICATES DATA IS MISSING.
T  INDICATES TRACE AMOUNT.




$$
