000
CDUS44 KOUN 230635
CLIOKC

CLIMATE REPORT
NATIONAL WEATHER SERVICE NORMAN OK
134 AM CDT SUN JUL 23 2017


...................................

...THE OKLAHOMA CITY CLIMATE SUMMARY FOR JULY 22 2017...

CLIMATE NORMAL PERIOD 1981 TO 2010
CLIMATE RECORD PERIOD 1890 TO 2017


WEATHER ITEM   OBSERVED TIME   RECORD YEAR NORMAL DEPARTURE LAST
                VALUE   (LST)  VALUE       VALUE  FROM      YEAR
                                                  NORMAL
..................................................................
TEMPERATURE (F)
 YESTERDAY
  MAXIMUM        103    256 PM 107    1974  95      8      100
  MINIMUM         74    540 AM  57    1970  73      1       71
  AVERAGE         89                        84      5       86

PRECIPITATION (IN)
  YESTERDAY        0.00          2.49 1899   0.09  -0.09     0.00
  MONTH TO DATE    1.31                      2.13  -0.82     1.44
  SINCE JUN 1      1.42                      7.06  -5.64     4.74
  SINCE JAN 1     16.08                     20.81  -4.73    17.15

SNOWFALL (IN)
  YESTERDAY        0.0

DEGREE DAYS
 HEATING
  YESTERDAY        0                         0      0        0
  MONTH TO DATE    0                         0      0        0
  SINCE JUN 1      0                         1     -1        0
  SINCE JUL 1      0                         0      0        0

 COOLING
  YESTERDAY       24                        19      5       21
  MONTH TO DATE  394                       391      3      411
  SINCE JUN 1    784                       781      3      847
  SINCE JAN 1   1009                      1031    -22     1033
..................................................................


WIND (MPH)
  HIGHEST WIND SPEED    18   HIGHEST WIND DIRECTION    SW (210)
  HIGHEST GUST SPEED    24   HIGHEST GUST DIRECTION    SW (210)
  AVERAGE WIND SPEED    10.5


SKY COVER
  AVERAGE SKY COVER 0.3


WEATHER CONDITIONS
 THE FOLLOWING WEATHER WAS RECORDED YESTERDAY.
  THUNDERSTORM


RELATIVE HUMIDITY (PERCENT)
 HIGHEST    79           400 AM
 LOWEST     27           300 PM
 AVERAGE    53

..........................................................


THE OKLAHOMA CITY CLIMATE NORMALS FOR TODAY
                         NORMAL    RECORD    YEAR
 MAXIMUM TEMPERATURE (F)   95       105      1998
 MINIMUM TEMPERATURE (F)   73        55      1970


SUNRISE AND SUNSET
JULY 23 2017..........SUNRISE   633 AM CDT   SUNSET   841 PM CDT
JULY 24 2017..........SUNRISE   633 AM CDT   SUNSET   840 PM CDT


-  INDICATES NEGATIVE NUMBERS.
R  INDICATES RECORD WAS SET OR TIED.
MM INDICATES DATA IS MISSING.
T  INDICATES TRACE AMOUNT.




$$
