000
CDUS44 KOUN 112339
CLIOKC

CLIMATE REPORT
NATIONAL WEATHER SERVICE NORMAN OK
538 PM CST THU FEB 11 2016


...................................

...THE OKLAHOMA CITY CLIMATE SUMMARY FOR FEBRUARY 11 2016...
VALID TODAY AS OF 0500 PM LOCAL TIME.

CLIMATE NORMAL PERIOD 1981 TO 2010
CLIMATE RECORD PERIOD 1890 TO 2016


WEATHER ITEM   OBSERVED TIME   RECORD YEAR NORMAL DEPARTURE LAST
                VALUE   (LST)  VALUE       VALUE  FROM      YEAR
                                                  NORMAL
..................................................................
TEMPERATURE (F)
 TODAY
  MAXIMUM         63    223 PM  82    1962  54      9       54
  MINIMUM         40    737 AM -12    1899  32      8       38
  AVERAGE         52                        43      9       46

PRECIPITATION (IN)
  TODAY            0.00          1.12 1977   0.06  -0.06      T
  MONTH TO DATE    0.26                      0.58  -0.32     0.04
  SINCE JAN 1      0.37                      1.97  -1.60     1.84

SNOWFALL (IN)
  TODAY            0.0           3.0  1972   0.0    0.0      0.0
  MONTH TO DATE    0.0                       0.7   -0.7      0.0
  SINCE JUL 1      1.2                       6.0   -4.8      6.0
  SNOW DEPTH       0

DEGREE DAYS
 HEATING
  TODAY           13                        22     -9       19
  MONTH TO DATE  240                       257    -17      224
  SINCE JUL 1   2128                      2410   -282     2283
..................................................................


WIND (MPH)
  HIGHEST WIND SPEED    18   HIGHEST WIND DIRECTION     N (10)
  HIGHEST GUST SPEED    22   HIGHEST GUST DIRECTION     N (360)
  AVERAGE WIND SPEED     9.5


SKY COVER
  AVERAGE SKY COVER 0.4


WEATHER CONDITIONS
 THE FOLLOWING WEATHER WAS RECORDED TODAY.
  NO SIGNIFICANT WEATHER WAS OBSERVED.


RELATIVE HUMIDITY (PERCENT)
 HIGHEST    70           600 AM
 LOWEST     30           300 PM
 AVERAGE    50

..........................................................


THE OKLAHOMA CITY CLIMATE NORMALS FOR TOMORROW
                         NORMAL    RECORD    YEAR
 MAXIMUM TEMPERATURE (F)   54        84      1962
 MINIMUM TEMPERATURE (F)   32       -17      1899


SUNRISE AND SUNSET
FEBRUARY 11 2016......SUNRISE   721 AM CST   SUNSET   608 PM CST
FEBRUARY 12 2016......SUNRISE   720 AM CST   SUNSET   609 PM CST


-  INDICATES NEGATIVE NUMBERS.
R  INDICATES RECORD WAS SET OR TIED.
MM INDICATES DATA IS MISSING.
T  INDICATES TRACE AMOUNT.




$$
