000
CXUS53 KOAX 040952
CF6OMA
PRELIMINARY LOCAL CLIMATOLOGICAL DATA (WS FORM: F-6)
STATION: OMAHA NE
MONTH: JANUARY
YEAR: 2022
LATITUDE: 41 17 N
LONGITUDE: 95 54 W
TEMPERATURE IN F: :PCPN: SNOW: WIND :SUNSHINE: SKY :PK WND
================================================================================
1 2 3 4 5 6A 6B 7 8 9 10 11 12 13 14 15 16 17 18
12Z AVG MX 2MIN
DY MAX MIN AVG DEP HDD CDD WTR SNW DPTH SPD SPD DIR MIN PSBL S-S WX SPD DR
================================================================================
1 9 1 5 -20 60 0 0.14 2.6 0 21.2 30 350 M M 9 9 39 360
2 14 -8 3 -22 62 0 0.00 0.0 3 7.3 15 330 M M 1 19 330
3 36 6 21 -4 44 0 0.00 0.0 2 12.2 16 170 M M 2 22 170
4 43 14 29 4 36 0 0.00 0.0 1 18.3 43 320 M M 6 60 310
5 14 5 10 -14 55 0 0.00 0.0 0 21.7 39 310 M M 4 50 310
6 9 -1 4 -20 61 0 0.00 0.0 0 12.7 22 340 M M 5 29 350
7 21 3 12 -12 53 0 0.00 0.0 0 14.8 24 170 M M 8 32 170
8 37 19 28 4 37 0 0.00 0.0 0 14.0 32 350 M M 7 1 45 350
9 26 8 17 -7 48 0 0.00 0.0 0 11.4 23 330 M M 2 30 330
10 34 13 24 0 41 0 0.00 0.0 0 6.1 16 150 M M 1 20 140
11 53 20 37 13 28 0 0.00 0.0 0 8.0 17 160 M M 5 23 160
12 58 25 42 18 23 0 0.00 0.0 0 6.1 17 300 M M 8 23 310
13 55 28 42 18 23 0 0.00 0.0 0 8.4 20 340 M M 6 27 330
14 37 20 29 5 36 0 0.24 2.4 0 12.1 31 360 M M 10 169 45 350
15 20 5 13 -11 52 0 0.14 2.0 4 14.4 32 10 M M 5 9 39 20
16 40 3 22 -2 43 0 0.00 0.0 4 9.9 20 330 M M 4 26 330
17 39 17 28 4 37 0 0.00 0.0 3 7.6 15 160 M M 4 12 17 160
18 49 24 37 13 28 0 0.00 0.0 2 12.0 30 340 M M 5 38 330
19 26 4 15 -9 50 0 0.00 0.0 0 20.0 30 350 M M 7 39 340
20 16 -2 7 -17 58 0 0.00 0.0 0 5.5 12 350 M M 0 16 350
21 31 2 17 -7 48 0 0.00 0.0 0 13.2 25 180 M M 5 32 180
22 47 20 34 10 31 0 T 0.0 0 9.2 24 270 M M 5 37 260
23 44 16 30 6 35 0 T 0.0 0 12.1 28 350 M M 8 38 330
24 40 10 25 1 40 0 0.00 0.0 0 11.6 28 350 M M 6 36 350
25 21 3 12 -12 53 0 0.00 0.0 0 7.2 15 340 M M 3 21 340
26 37 4 21 -3 44 0 0.00 0.0 0 11.9 26 200 M M 3 34 190
27 44 14 29 4 36 0 0.00 0.0 0 11.5 30 340 M M 7 40 350
28 31 3 17 -8 48 0 0.00 0.0 0 7.8 20 350 M M 2 25 340
29 56 16 36 11 29 0 0.00 0.0 0 8.0 15 300 M M 3 21 330
30 36 19 28 3 37 0 0.00 0.0 0 8.8 15 340 M M 6 19 340
31 53 27 40 15 25 0 0.00 0.0 0 9.8 17 160 M M 8 22 170
================================================================================
SM 1076 338 1301 0 0.52 7.0 354.8 M 155
================================================================================
AV 34.7 10.9 11.4 FASTST M M 5 MAX(MPH)
MISC ----> 43 320 60 310
================================================================================
NOTES:
# LAST OF SEVERAL OCCURRENCES
COLUMN 17 PEAK WIND IN M.P.H.
PRELIMINARY LOCAL CLIMATOLOGICAL DATA (WS FORM: F-6) , PAGE 2
STATION: OMAHA NE
MONTH: JANUARY
YEAR: 2022
LATITUDE: 41 17 N
LONGITUDE: 95 54 W
[TEMPERATURE DATA] [PRECIPITATION DATA] SYMBOLS USED IN COLUMN 16
AVERAGE MONTHLY: 22.8 TOTAL FOR MONTH: 0.52 1 = FOG OR MIST
DPTR FM NORMAL: -1.6 DPTR FM NORMAL: -0.23 2 = FOG REDUCING VISIBILITY
HIGHEST: 58 ON 12 GRTST 24HR 0.38 ON 14-15 TO 1/4 MILE OR LESS
LOWEST: -8 ON 2 3 = THUNDER
SNOW, ICE PELLETS, HAIL 4 = ICE PELLETS
TOTAL MONTH: 7.0 INCHES 5 = HAIL
GRTST 24HR 4.4 ON 14-15 6 = FREEZING RAIN OR DRIZZLE
GRTST DEPTH: 4 ON 16,15 7 = DUSTSTORM OR SANDSTORM:
VSBY 1/2 MILE OR LESS
8 = SMOKE OR HAZE
[NO. OF DAYS WITH] [WEATHER - DAYS WITH] 9 = BLOWING SNOW
X = TORNADO
MAX 32 OR BELOW: 12 0.01 INCH OR MORE: 3
MAX 90 OR ABOVE: 0 0.10 INCH OR MORE: 3
MIN 32 OR BELOW: 31 0.50 INCH OR MORE: 0
MIN 0 OR BELOW: 3 1.00 INCH OR MORE: 0
[HDD (BASE 65) ]
TOTAL THIS MO. 1301 CLEAR (SCALE 0-3) 9
DPTR FM NORMAL 43 PTCLDY (SCALE 4-7) 19
TOTAL FM JUL 1 3062 CLOUDY (SCALE 8-10) 3
DPTR FM NORMAL -488
[CDD (BASE 65) ]
TOTAL THIS MO. 0
DPTR FM NORMAL 0 [PRESSURE DATA]
TOTAL FM JAN 1 0 HIGHEST SLP 30.82 ON 20
DPTR FM NORMAL 0 LOWEST SLP 29.46 ON 4
[REMARKS]
#FINAL-01-22#