000
CXUS56 KBOI 011002
CF6ONO
PRELIMINARY LOCAL CLIMATOLOGICAL DATA (WS FORM: F-6)
STATION: ONTARIO OR
MONTH: DECEMBER
YEAR: 2021
LATITUDE: 44 1 N
LONGITUDE: 117 1 W
TEMPERATURE IN F: :PCPN: SNOW: WIND :SUNSHINE: SKY :PK WND
================================================================================
1 2 3 4 5 6A 6B 7 8 9 10 11 12 13 14 15 16 17 18
12Z AVG MX 2MIN
DY MAX MIN AVG DEP HDD CDD WTR SNW DPTH SPD SPD DIR MIN PSBL S-S WX SPD DR
================================================================================
1 51 29 40 6 25 0 0.00 M M 2.1 7 270 M M 2 128 9 260
2 51 26 39 5 26 0 0.00 M M 1.5 8 250 M M 3 128 9 240
3 38 27 33 -1 32 0 0.00 M M 0.6 6 160 M M 9 12 7 150
4 38 32 35 1 30 0 0.00 M M 0.8 7 310 M M 10 12 8 360
5 50 31 41 8 24 0 0.00 M M 9.4 25 340 M M 4 12 34 350
6 34 30 32 -1 33 0 0.33 M M 1.3 7 260 M M 9 12 9 250
7 37 34 36 3 29 0 T M M 3.5 7 240 M M 10 12 10 250
8 41 35 38 5 27 0 T M M 3.5 10 340 M M 10 12 13 340
9 43 30 37 5 28 0 T M M 5.3 18 300 M M 5 18 24 280
10 44 24 34 2 31 0 0.00 M M 4.7 21 290 M M 5 29 290
11 44 33 39 7 26 0 0.03 M M 9.4 26 150 M M 9 36 140
12 54 40 47 15 18 0 0.18 M M 6.1 20 150 M M 10 1 39 170
13 53 38 46 14 19 0 0.06 M M 11.6 26 240 M M 7 1 36 230
14 44 28 36 4 29 0 0.15 M M 8.9 20 260 M M 7 1 25 250
15 36 26 31 0 34 0 0.01 M M 7.4 22 140 M M 6 18 29 130
16 38 29 34 3 31 0 T M M 5.4 22 150 M M 9 1 29 150
17 42 26 34 3 31 0 0.00 M M 3.5 12 330 M M 7 15 330
18 37 24 31 0 34 0 0.00 M M 3.7 10 110 M M 7 14 130
19 34 26 30 -1 35 0 0.01 M M 4.9 9 10 M M 6 12 10
20 41 32 37 6 28 0 0.00 M M 4.5 10 280 M M 8 14 280
21 35 23 29 -2 36 0 0.00 M M 2.7 9 10 M M 5 128 11 10
22 42 30 36 5 29 0 T M M 2.6 9 300 M M 8 128 12 30
23 50 32 41 11 24 0 0.06 M M 4.9 17 330 M M 7 18 23 180
24 44 33 39 9 26 0 T M M 7.0 18 140 M M 6 24 220
25 39 29 34 4 31 0 0.08 M M 5.1 23 150 M M 6 1 29 160
26 39 28 34 4 31 0 T M M 9.2 25 220 M M 4 18 35 220
27 32 19 26 -4 39 0 0.00 M M 4.8 9 270 M M 5 13 300
28 28 19 24 -6 41 0 0.02 M M 2.5 8 130 M M 9 18 12 130
29 29 5 17 -13 48 0 0.24 M M 4.2 9 300 M M 7 128 13 20
30 25 5 15 -15 50 0 0.08 M M 1.9 7 280 M M 9 128 9 290
31 30 11 21 -9 44 0 T M M 11.3 25 330 M M 5 18 32 320
================================================================================
SM 1243 834 969 0 1.25 M 154.3 M 214
================================================================================
AV 40.1 26.9 5.0 FASTST M M 7 MAX(MPH)
MISC ----> # 26 150 39 170
================================================================================
NOTES:
# LAST OF SEVERAL OCCURRENCES
COLUMN 17 PEAK WIND IN M.P.H.
PRELIMINARY LOCAL CLIMATOLOGICAL DATA (WS FORM: F-6) , PAGE 2
STATION: ONTARIO OR
MONTH: DECEMBER
YEAR: 2021
LATITUDE: 44 1 N
LONGITUDE: 117 1 W
[TEMPERATURE DATA] [PRECIPITATION DATA] SYMBOLS USED IN COLUMN 16
AVERAGE MONTHLY: 33.5 TOTAL FOR MONTH: 1.25 1 = FOG OR MIST
DPTR FM NORMAL: 1.9 DPTR FM NORMAL: -0.14 2 = FOG REDUCING VISIBILITY
HIGHEST: 54 ON 12 GRTST 24HR 0.33 ON 6- 6 TO 1/4 MILE OR LESS
LOWEST: 5 ON 30,29 3 = THUNDER
SNOW, ICE PELLETS, HAIL 4 = ICE PELLETS
TOTAL MONTH: M 5 = HAIL
GRTST 24HR M ON M 6 = FREEZING RAIN OR DRIZZLE
GRTST DEPTH: M ON M 7 = DUSTSTORM OR SANDSTORM:
VSBY 1/2 MILE OR LESS
8 = SMOKE OR HAZE
[NO. OF DAYS WITH] [WEATHER - DAYS WITH] 9 = BLOWING SNOW
X = TORNADO
MAX 32 OR BELOW: 5 0.01 INCH OR MORE: 12
MAX 90 OR ABOVE: 0 0.10 INCH OR MORE: 4
MIN 32 OR BELOW: 25 0.50 INCH OR MORE: 0
MIN 0 OR BELOW: 0 1.00 INCH OR MORE: 0
[HDD (BASE 65) ]
TOTAL THIS MO. 969 CLEAR (SCALE 0-3) 2
DPTR FM NORMAL -65 PTCLDY (SCALE 4-7) 18
TOTAL FM JUL 1 2000 CLOUDY (SCALE 8-10) 11
DPTR FM NORMAL -252
[CDD (BASE 65) ]
TOTAL THIS MO. 0
DPTR FM NORMAL 0 [PRESSURE DATA]
TOTAL FM JAN 1 1485 HIGHEST SLP M ON M
DPTR FM NORMAL 385 LOWEST SLP 29.44 ON 26
[REMARKS]
#FINAL-12-21#