000
CXUS56 KSGX 011145
CF6ONT
PRELIMINARY LOCAL CLIMATOLOGICAL DATA (WS FORM: F-6)
STATION: ONTARIO INTL AIRPORT CA
MONTH: NOVEMBER
YEAR: 2021
LATITUDE: 34 2 N
LONGITUDE: 117 37 W
TEMPERATURE IN F: :PCPN: SNOW: WIND :SUNSHINE: SKY :PK WND
================================================================================
1 2 3 4 5 6A 6B 7 8 9 10 11 12 13 14 15 16 17 18
12Z AVG MX 2MIN
DY MAX MIN AVG DEP HDD CDD WTR SNW DPTH SPD SPD DIR MIN PSBL S-S WX SPD DR
================================================================================
1 71 56 64 -2 1 0 0.00 M M 3.3 16 270 M M 6 8 19 270
2 76 55 66 0 0 1 0.00 M M 3.3 10 270 M M 2 8 14 240
3 88 56 72 6 0 7 0.00 M M 3.4 13 290 M M 0 8 16 280
4 86 56 71 6 0 6 0.00 M M 3.1 10 270 M M 0 18 14 270
5 90 57 74 9 0 9 0.00 M M 4.8 15 280 M M 1 8 17 280
6 79 56 68 3 0 3 0.00 M M 3.3 14 270 M M 5 128 19 280
7 75 55 65 0 0 0 0.00 M M 4.4 12 260 M M 5 128 17 270
8 76 53 65 1 0 0 0.00 M M 4.2 14 250 M M 5 128 17 270
9 73 55 64 0 1 0 0.00 M M 4.5 12 250 M M 7 8 16 260
10 82 57 70 6 0 5 0.00 M M 2.4 12 270 M M 3 8 14 280
11 93 57 75 12 0 10 0.00 M M 7.9 23 40 M M 0 32 40
12 92 61 77 14 0 12 0.00 M M 8.3 24 30 M M 1 33 40
13 91 54 73 10 0 8 0.00 M M 2.4 10 240 M M 0 12 240
14 91 55 73 11 0 8 0.00 M M 3.3 10 280 M M 0 13 280
15 86 54 70 8 0 5 0.00 M M 3.4 13 220 M M 4 16 220
16 75 53 64 2 1 0 0.00 M M 3.5 13 260 M M 7 18 16 270
17 71 53 62 1 3 0 T M M 3.9 12 270 M M 6 18 17 260
18 74 49 62 1 3 0 0.00 M M 3.2 10 240 M M 8 18 14 240
19 72 47 60 -1 5 0 0.00 M M 3.8 13 260 M M 7 128 14 270
20 70 50 60 0 5 0 0.00 M M 2.0 9 240 M M 8 128 12 250
21 83 55 69 9 0 4 0.00 M M 13.3 28 30 M M 1 8 39 40
22 84 47 66 6 0 1 0.00 M M 3.4 16 70 M M 4 23 70
23 76 52 64 5 1 0 0.00 M M 5.6 15 220 M M 4 21 220
24 74 47 61 2 4 0 0.00 M M 12.3 43 30 M M 2 78 58 30
25 78 48 63 4 2 0 0.00 M M 21.9 49 30 M M 0 78 62 30
26 78 40 59 1 6 0 0.00 M M 4.2 14 280 M M 3 16 280
27 79 45 62 4 3 0 0.00 M M 3.3 9 270 M M 1 11 270
28 83 46 65 7 0 0 0.00 M M 2.5 10 280 M M 0 14 220
29 84 48 66 8 0 1 0.00 M M 4.1 13 280 M M 0 19 270
30 88 49 69 12 0 4 0.00 M M 3.1 17 30 M M 1 21 30
================================================================================
SM 2418 1566 35 84 T M 152.1 M 91
================================================================================
AV 80.6 52.2 5.1 FASTST M M 3 MAX(MPH)
MISC ----> 49 30 62 30
================================================================================
NOTES:
# LAST OF SEVERAL OCCURRENCES
COLUMN 17 PEAK WIND IN M.P.H.
PRELIMINARY LOCAL CLIMATOLOGICAL DATA (WS FORM: F-6) , PAGE 2
STATION: ONTARIO INTL AIRPORT CA
MONTH: NOVEMBER
YEAR: 2021
LATITUDE: 34 2 N
LONGITUDE: 117 37 W
[TEMPERATURE DATA] [PRECIPITATION DATA] SYMBOLS USED IN COLUMN 16
AVERAGE MONTHLY: 66.4 TOTAL FOR MONTH: T 1 = FOG OR MIST
DPTR FM NORMAL: 4.5 DPTR FM NORMAL: -0.80 2 = FOG REDUCING VISIBILITY
HIGHEST: 93 ON 11 GRTST 24HR 0.01 ON 25-25 TO 1/4 MILE OR LESS
LOWEST: 40 ON 26 3 = THUNDER
SNOW, ICE PELLETS, HAIL 4 = ICE PELLETS
TOTAL MONTH: M 5 = HAIL
GRTST 24HR M ON M 6 = FREEZING RAIN OR DRIZZLE
GRTST DEPTH: M ON M 7 = DUSTSTORM OR SANDSTORM:
VSBY 1/2 MILE OR LESS
8 = SMOKE OR HAZE
[NO. OF DAYS WITH] [WEATHER - DAYS WITH] 9 = BLOWING SNOW
X = TORNADO
MAX 32 OR BELOW: 0 0.01 INCH OR MORE: 0
MAX 90 OR ABOVE: 5 0.10 INCH OR MORE: 0
MIN 32 OR BELOW: 0 0.50 INCH OR MORE: 0
MIN 0 OR BELOW: 0 1.00 INCH OR MORE: 0
[HDD (BASE 65) ]
TOTAL THIS MO. 35 CLEAR (SCALE 0-3) 17
DPTR FM NORMAL -100 PTCLDY (SCALE 4-7) 13
TOTAL FM JUL 1 50 CLOUDY (SCALE 8-10) 0
DPTR FM NORMAL -112
[CDD (BASE 65) ]
TOTAL THIS MO. 84
DPTR FM NORMAL 44 [PRESSURE DATA]
TOTAL FM JAN 1 2368 HIGHEST SLP 30.24 ON 25
DPTR FM NORMAL 401 LOWEST SLP 29.87 ON 23
[REMARKS]
#FINAL-11-21#