000
CXUS54 KMRX 011348
CF6OQT
PRELIMINARY LOCAL CLIMATOLOGICAL DATA (WS FORM: F-6)
STATION: OAK RIDGE
MONTH: JUNE
YEAR: 2021
LATITUDE: 36 1 N
LONGITUDE: 84 14 W
TEMPERATURE IN F: :PCPN: SNOW: WIND :SUNSHINE: SKY :PK WND
================================================================================
1 2 3 4 5 6A 6B 7 8 9 10 11 12 13 14 15 16 17 18
12Z AVG MX 2MIN
DY MAX MIN AVG DEP HDD CDD WTR SNW DPTH SPD SPD DIR MIN PSBL S-S WX SPD DR
================================================================================
1 81 57 69 -3 0 4 0.00 M M 1.0 9 270 M M 4 14 240
2 74 64 69 -4 0 4 0.03 M M 1.7 8 240 M M 5 1 15 200
3 76 65 71 -2 0 6 0.62 M M 1.0 9 200 M M 8 1 21 200
4 83 63 73 0 0 8 0.00 M M 0.5 8 90 M M 5 1 14 80
5 89 61 75 1 0 10 0.00 M M 1.0 7 280 M M 3 12 12 140
6 82 70 76 2 0 11 0.04 M M 0.7 7 150 M M 6 11 140
7 82 71 77 3 0 12 0.39 M M 0.1 6 290 M M 7 1 11 280
8 86 70 78 4 0 13 0.18 M M 1.7 13 270 M M 6 1 24 240
9 80 69 75 1 0 10 0.06 M M 0.8 7 280 M M 7 1 12 280
10 80 71 76 1 0 11 0.08 M M 2.8 8 210 M M 9 1 16 210
11 80 71 76 1 0 11 1.70 M M 1.2 8 200 M M 8 128 17 190
12 90 68 79 4 0 14 0.02 M M 0.9 8 70 M M 4 128 13 60
13 90 65 78 3 0 13 T M M 0.4 7 290 M M 2 10 280
14 94 71 83 7 0 18 0.00 M M 1.9 8 310 M M 2 1 15 340
15 84 64 74 -2 0 9 0.00 M M 2.1 8 340 M M 1 15 350
16 85 59 72 -4 0 7 0.00 M M 1.1 8 290 M M 2 1 13 330
17 85 58 72 -4 0 7 0.00 M M 0.8 7 80 M M 0 12 110
18 89 61 75 -1 0 10 0.00 M M 1.2 9 140 M M 1 17 230
19 86 65 76 0 0 11 0.00 M M 2.3 8 200 M M 2 18 220
20 90 68 79 2 0 14 0.00 M M 1.0 9 90 M M 2 13 100
21 92 68 80 3 0 15 1.36 M M 2.2 23 280 M M 4 49 290
22 81 60 71 -6 0 6 0.12 M M M 9 280 M M M 15 300
23 83 56 70 -7 0 5 0.00 M M M 8 70 M M M 15 50
24 87 61 74 -3 0 9 0.00 M M 1.9 7 260 M M M 13 210
25 86 66 76 -2 0 11 0.00 M M 1.9 9 270 M M 2 15 220
26 88 66 77 -1 0 12 0.00 M M 1.5 8 270 M M 1 13 270
27 90 69 80 2 0 15 0.00 M M 1.5 10 140 M M 3 17 190
28 93 70 82 4 0 17 0.00 M M 1.2 8 280 M M 2 15 170
29 91 70 81 3 0 16 T M M 1.6 13 150 M M 4 1 24 130
30 91 70 81 3 0 16 0.00 M M 1.9 10 270 M M 2 17 270
================================================================================
SM 2568 1967 0 325 4.60 M 37.9 M 102
================================================================================
AV 85.6 65.6 1.4 FASTST M M 4 MAX(MPH)
MISC ----> 23 280 49 290
================================================================================
NOTES:
# LAST OF SEVERAL OCCURRENCES
COLUMN 17 PEAK WIND IN M.P.H.
PRELIMINARY LOCAL CLIMATOLOGICAL DATA (WS FORM: F-6) , PAGE 2
STATION: OAK RIDGE
MONTH: JUNE
YEAR: 2021
LATITUDE: 36 1 N
LONGITUDE: 84 14 W
[TEMPERATURE DATA] [PRECIPITATION DATA] SYMBOLS USED IN COLUMN 16
AVERAGE MONTHLY: 75.6 TOTAL FOR MONTH: 4.60 1 = FOG OR MIST
DPTR FM NORMAL: 0.0 DPTR FM NORMAL: 0.05 2 = FOG REDUCING VISIBILITY
HIGHEST: 94 ON 14 GRTST 24HR 1.71 ON 10-11 TO 1/4 MILE OR LESS
LOWEST: 56 ON 23 3 = THUNDER
SNOW, ICE PELLETS, HAIL 4 = ICE PELLETS
TOTAL MONTH: M 5 = HAIL
GRTST 24HR M ON M 6 = FREEZING RAIN OR DRIZZLE
GRTST DEPTH: M ON M 7 = DUSTSTORM OR SANDSTORM:
VSBY 1/2 MILE OR LESS
8 = SMOKE OR HAZE
[NO. OF DAYS WITH] [WEATHER - DAYS WITH] 9 = BLOWING SNOW
X = TORNADO
MAX 32 OR BELOW: 0 0.01 INCH OR MORE: 11
MAX 90 OR ABOVE: 9 0.10 INCH OR MORE: 6
MIN 32 OR BELOW: 0 0.50 INCH OR MORE: 3
MIN 0 OR BELOW: 0 1.00 INCH OR MORE: 2
[HDD (BASE 65) ]
TOTAL THIS MO. 0 CLEAR (SCALE 0-3) 14
DPTR FM NORMAL -1 PTCLDY (SCALE 4-7) 12
TOTAL FM JUL 1 3316 CLOUDY (SCALE 8-10) 4
DPTR FM NORMAL -164
[CDD (BASE 65) ]
TOTAL THIS MO. 325
DPTR FM NORMAL 4 [PRESSURE DATA]
TOTAL FM JAN 1 466 HIGHEST SLP 30.27 ON 1
DPTR FM NORMAL -51 LOWEST SLP 29.72 ON 21
[REMARKS]
#FINAL-06-21#