000
CXUS54 KMRX 021749
CF6OQT
PRELIMINARY LOCAL CLIMATOLOGICAL DATA (WS FORM: F-6)
STATION: OAK RIDGE
MONTH: NOVEMBER
YEAR: 2020
LATITUDE: 36 1 N
LONGITUDE: 84 14 W
TEMPERATURE IN F: :PCPN: SNOW: WIND :SUNSHINE: SKY :PK WND
================================================================================
1 2 3 4 5 6A 6B 7 8 9 10 11 12 13 14 15 16 17 18
12Z AVG MX 2MIN
DY MAX MIN AVG DEP HDD CDD WTR SNW DPTH SPD SPD DIR MIN PSBL S-S WX SPD DR
================================================================================
1 66 42 54 0 11 0 T M M 7.5 17 290 M M 4 30 290
2 53 32 43 -11 22 0 0.00 M M 2.0 10 310 M M 0 17 320
3 62 31 47 -6 18 0 0.00 M M 0.6 7 150 M M 0 11 140
4 69 35 52 -1 13 0 0.00 M M 0.7 7 270 M M 1 12 10 250
5 66 38 52 -1 13 0 0.00 M M 0.3 7 280 M M 2 12 11 260
6 72 42 57 5 8 0 0.00 M M 0.6 6 80 M M 2 12 11 80
7 76 43 60 8 5 0 0.00 M M 1.2 9 80 M M 1 15 80
8 79 50 65 13 0 0 0.00 M M 1.1 8 80 M M 0 15 60
9 80 52 66 15 0 1 0.00 M M 0.9 7 70 M M 0 14 70
10 80 51 66 15 0 1 0.02 M M 0.8 7 150 M M 4 1 12 220
11 72 59 66 16 0 1 1.95 M M 0.9 7 80 M M 10 1 13 10
12 67 51 59 9 6 0 0.00 M M 1.8 7 70 M M 8 12 90
13 68 42 55 5 10 0 0.00 M M 1.0 10 280 M M 1 1 19 260
14 68 39 54 5 11 0 0.00 M M 0.7 8 210 M M 1 13 200
15 65 44 55 6 10 0 0.13 M M 4.9 18 270 M M 3 1 33 280
16 60 34 47 -2 18 0 0.00 M M 1.2 7 260 M M 0 12 240
17 57 34 46 -2 19 0 0.00 M M 3.8 12 340 M M 0 23 310
18 54 32 43 -5 22 0 0.00 M M 1.9 8 100 M M 0 15 50
19 62 31 47 -1 18 0 0.00 M M 2.3 9 260 M M 0 16 270
20 67 42 55 8 10 0 0.00 M M 2.1 9 260 M M 0 15 270
21 68 38 53 6 12 0 0.00 M M 0.7 6 100 M M 2 12 9 70
22 66 43 55 8 10 0 0.18 M M 2.2 10 270 M M 6 1 18 210
23 54 36 45 -1 20 0 0.00 M M 3.3 10 70 M M 3 21 10
24 60 35 48 2 17 0 0.00 M M 1.6 9 200 M M 0 18 220
25 58 42 50 4 15 0 0.15 M M 1.2 8 260 M M 4 1 14 210
26 67 45 56 11 9 0 0.00 M M 1.8 8 210 M M 4 1 14 230
27 64 38 51 6 14 0 0.00 M M 0.2 5 220 M M 4 12 8 190
28 61 40 51 6 14 0 0.00 M M 2.0 9 90 M M 2 16 90
29 53 39 46 2 19 0 0.13 M M 0.7 6 60 M M 3 1 10 70
30 50 33 42 -2 23 0 0.43 M M 3.8 13 280 M M 10 1 23 270
================================================================================
SM 1944 1213 367 3 2.99 M 53.8 M 75
================================================================================
AV 64.8 40.4 1.8 FASTST M M 3 MAX(MPH)
MISC ----> 18 270 33 280
================================================================================
NOTES:
# LAST OF SEVERAL OCCURRENCES
COLUMN 17 PEAK WIND IN M.P.H.
PRELIMINARY LOCAL CLIMATOLOGICAL DATA (WS FORM: F-6) , PAGE 2
STATION: OAK RIDGE
MONTH: NOVEMBER
YEAR: 2020
LATITUDE: 36 1 N
LONGITUDE: 84 14 W
[TEMPERATURE DATA] [PRECIPITATION DATA] SYMBOLS USED IN COLUMN 16
AVERAGE MONTHLY: 52.6 TOTAL FOR MONTH: 2.99 1 = FOG OR MIST
DPTR FM NORMAL: 3.7 DPTR FM NORMAL: -1.50 2 = FOG REDUCING VISIBILITY
HIGHEST: 80 ON 10, 9 GRTST 24HR 1.97 ON 10-11 TO 1/4 MILE OR LESS
LOWEST: 31 ON 19, 3 3 = THUNDER
SNOW, ICE PELLETS, HAIL 4 = ICE PELLETS
TOTAL MONTH: M 5 = HAIL
GRTST 24HR M ON M 6 = FREEZING RAIN OR DRIZZLE
GRTST DEPTH: M ON M 7 = DUSTSTORM OR SANDSTORM:
VSBY 1/2 MILE OR LESS
8 = SMOKE OR HAZE
[NO. OF DAYS WITH] [WEATHER - DAYS WITH] 9 = BLOWING SNOW
X = TORNADO
MAX 32 OR BELOW: 0 0.01 INCH OR MORE: 7
MAX 90 OR ABOVE: 0 0.10 INCH OR MORE: 6
MIN 32 OR BELOW: 4 0.50 INCH OR MORE: 1
MIN 0 OR BELOW: 0 1.00 INCH OR MORE: 1
[HDD (BASE 65) ]
TOTAL THIS MO. 367 CLEAR (SCALE 0-3) 20
DPTR FM NORMAL -116 PTCLDY (SCALE 4-7) 7
TOTAL FM JUL 1 502 CLOUDY (SCALE 8-10) 3
DPTR FM NORMAL -201
[CDD (BASE 65) ]
TOTAL THIS MO. 3
DPTR FM NORMAL 1 [PRESSURE DATA]
TOTAL FM JAN 1 1688 HIGHEST SLP 30.69 ON 18
DPTR FM NORMAL 206 LOWEST SLP 29.60 ON 30
[REMARKS]
#FINAL-11-20#