000
CXUS51 KAKQ 010810
CF6ORF
PRELIMINARY LOCAL CLIMATOLOGICAL DATA (WS FORM: F-6)
STATION: NORFOLK VA
MONTH: JANUARY
YEAR: 2022
LATITUDE: 36 54 N
LONGITUDE: 76 12 W
TEMPERATURE IN F: :PCPN: SNOW: WIND :SUNSHINE: SKY :PK WND
================================================================================
1 2 3 4 5 6A 6B 7 8 9 10 11 12 13 14 15 16 17 18
12Z AVG MX 2MIN
DY MAX MIN AVG DEP HDD CDD WTR SNW DPTH SPD SPD DIR MIN PSBL S-S WX SPD DR
================================================================================
1 76 58 67 24 0 2 T 0.0 0 14.1 24 210 M M 6 1 35 230
2 70 56 63 20 2 0 0.24 0.0 0 12.7 28 230 M M 5 1 36 240
3 60 31 46 3 19 0 1.68 0.4 0 23.2 41 30 M M 8 1 54 10
4 40 31 36 -7 29 0 0.00 0.0 T 8.5 25 350 M M 2 32 360
5 50 38 44 1 21 0 0.24 0.0 0 5.4 13 230 M M 9 1 18 140
6 54 40 47 4 18 0 0.00 0.0 0 5.2 12 240 M M 3 16 230
7 50 29 40 -2 25 0 0.00 0.0 0 9.6 18 220 M M 6 29 280
8 35 26 31 -11 34 0 0.00 0.0 0 7.0 20 360 M M 0 23 360
9 65 26 46 4 19 0 0.28 0.0 0 11.4 29 210 M M 5 1 37 220
10 54 31 43 1 22 0 0.04 0.0 0 10.8 24 360 M M 4 32 360
11 35 26 31 -11 34 0 0.00 0.0 0 10.9 23 350 M M 0 31 350
12 50 21 36 -6 29 0 0.00 0.0 0 10.4 20 210 M M 0 24 220
13 51 27 39 -3 26 0 0.00 0.0 0 5.3 12 210 M M 0 13 220
14 50 38 44 2 21 0 0.00 0.0 0 12.2 23 360 M M 1 30 360
15 38 26 32 -10 33 0 0.00 0.0 0 14.3 22 30 M M 1 29 350
16 57 27 42 0 23 0 1.97 T 0 17.3 33 230 M M 7 1 49 120
17 45 34 40 -2 25 0 T 0.0 0 17.8 36 220 M M 5 48 220
18 45 27 36 -6 29 0 0.00 0.0 0 4.9 13 260 M M 0 20 260
19 57 27 42 0 23 0 0.00 0.0 0 11.2 24 230 M M 0 30 230
20 53 32 43 1 22 0 0.18 0.1 0 14.6 31 20 M M 6 1 36 20
21 32 26 29 -13 36 0 0.23 3.2 T 20.7 25 20 M M 10 1 33 30
22 32 20 26 -16 39 0 0.29 3.5 7 12.2 24 360 M M 7 1 32 360
23 41 18 30 -12 35 0 0.00 0.0 6 6.6 13 220 M M 0 1 14 210
24 41 26 34 -8 31 0 0.00 0.0 5 6.0 10 190 M M 0 17 190
25 57 32 45 3 20 0 0.00 0.0 4 10.3 22 20 M M 0 29 10
26 36 27 32 -10 33 0 0.00 0.0 0 16.7 25 10 M M 5 32 360
27 37 25 31 -11 34 0 0.00 0.0 0 7.3 16 30 M M 0 20 40
28 41 25 33 -9 32 0 0.10 1.0 0 8.4 28 10 M M 5 1 45 20
29 32 23 28 -14 37 0 0.22 3.0 4 13.2 28 350 M M 6 1 42 360
30 33 18 26 -16 39 0 0.00 0.0 4 6.2 15 330 M M 1 25 310
31 44 24 34 -8 31 0 0.00 0.0 3 6.0 15 30 M M 0 21 40
================================================================================
SM 1461 915 821 2 5.47 11.2 340.4 M 102
================================================================================
AV 47.1 29.5 11.0 FASTST M M 3 MAX(MPH)
MISC ----> 41 30 54 10
================================================================================
NOTES:
# LAST OF SEVERAL OCCURRENCES
COLUMN 17 PEAK WIND IN M.P.H.
PRELIMINARY LOCAL CLIMATOLOGICAL DATA (WS FORM: F-6) , PAGE 2
STATION: NORFOLK VA
MONTH: JANUARY
YEAR: 2022
LATITUDE: 36 54 N
LONGITUDE: 76 12 W
[TEMPERATURE DATA] [PRECIPITATION DATA] SYMBOLS USED IN COLUMN 16
AVERAGE MONTHLY: 38.3 TOTAL FOR MONTH: 5.47 1 = FOG OR MIST
DPTR FM NORMAL: -3.9 DPTR FM NORMAL: 2.06 2 = FOG REDUCING VISIBILITY
HIGHEST: 76 ON 1 GRTST 24HR 1.97 ON 16-16 TO 1/4 MILE OR LESS
LOWEST: 18 ON 23,30 3 = THUNDER
SNOW, ICE PELLETS, HAIL 4 = ICE PELLETS
TOTAL MONTH: 11.2 INCHES 5 = HAIL
GRTST 24HR 3.5 ON 22-22 6 = FREEZING RAIN OR DRIZZLE
GRTST DEPTH: 7 ON 22 7 = DUSTSTORM OR SANDSTORM:
VSBY 1/2 MILE OR LESS
8 = SMOKE OR HAZE
[NO. OF DAYS WITH] [WEATHER - DAYS WITH] 9 = BLOWING SNOW
X = TORNADO
MAX 32 OR BELOW: 3 0.01 INCH OR MORE: 11
MAX 90 OR ABOVE: 0 0.10 INCH OR MORE: 10
MIN 32 OR BELOW: 25 0.50 INCH OR MORE: 2
MIN 0 OR BELOW: 0 1.00 INCH OR MORE: 2
[HDD (BASE 65) ]
TOTAL THIS MO. 821 CLEAR (SCALE 0-3) 16
DPTR FM NORMAL 112 PTCLDY (SCALE 4-7) 13
TOTAL FM JUL 1 1759 CLOUDY (SCALE 8-10) 2
DPTR FM NORMAL -16
[CDD (BASE 65) ]
TOTAL THIS MO. 2
DPTR FM NORMAL 1 [PRESSURE DATA]
TOTAL FM JAN 1 2 HIGHEST SLP 30.68 ON 8
DPTR FM NORMAL 1 LOWEST SLP 29.26 ON 17
[REMARKS]
#FINAL-01-22#