000
CXUS51 KAKQ 012102
CLMORF
CLIMATE REPORT
NATIONAL WEATHER SERVICE WAKEFIELD VA
502 PM EDT TUE AUG 01 2023
...................................
...THE NORFOLK VA CLIMATE SUMMARY FOR THE MONTH OF JULY 2023...
CLIMATE NORMAL PERIOD: 1991 TO 2020
CLIMATE RECORD PERIOD: 1871 TO 2023
WEATHER OBSERVED NORMAL DEPART LAST YEAR`S
VALUE DATE(S) VALUE FROM VALUE DATE(S)
NORMAL
................................................................
TEMPERATURE (F)
RECORD
HIGH 105 07/25/2010
07/24/2010
06/06/3755
LOW 54 07/07/1979
07/13/1978
HIGHEST 97 07/03 98 -1 97 07/24
LOWEST 69 07/31 65 4 66 07/10
AVG. MAXIMUM 89.6 89.4 0.2 89.5
AVG. MINIMUM 74.5 72.8 1.7 73.2
MEAN 82.1 81.1 1.0 81.4
DAYS MAX >= 90 14 15.0 -1.0 18
DAYS MAX <= 32 0 0.0 0.0 0
DAYS MIN <= 32 0 MM MM 0
DAYS MIN <= 0 0 0.0 0.0 0
PRECIPITATION (INCHES)
RECORD
MAXIMUM 14.37 1994
MINIMUM 0.36 1993
TOTALS 8.81 6.08 2.73 5.18
DAILY AVG. 0.28 0.20 0.08 0.17
DAYS >= .01 10 10.6 -0.6 12
DAYS >= .10 8 7.2 0.8 10
DAYS >= .50 7 3.6 3.4 6
DAYS >= 1.00 4 2.2 1.8 1
GREATEST
24 HR. TOTAL 1.80 07/19 TO 07/19
SNOWFALL (INCHES)
RECORDS
TOTAL 0.0 5
TOTALS 0.0
SINCE 7/1 0.0 0.0 0.0 MM
SNOWDEPTH AVG. 0 0
DAYS >= 1.0 0 0.0 0.0 0
GREATEST
SNOW DEPTH 0 0 MM
24 HR TOTAL 0.0 MM 0.0
DEGREE DAYS
HEATING TOTAL 0
SINCE 7/1 0 0 0 MM
COOLING TOTAL 538 499 39 516
SINCE 1/1 928 1068 -140 MM
................................................................
WIND (MPH)
AVERAGE WIND SPEED 8.0
HIGHEST WIND SPEED/DIRECTION 36/220 DATE 07/03
HIGHEST GUST SPEED/DIRECTION 46/210 DATE 07/03
SKY COVER
POSSIBLE SUNSHINE (PERCENT) MM
AVERAGE SKY COVER 0.20
AVERAGE RH (PERCENT) 76
WEATHER CONDITIONS. NUMBER OF DAYS WITH
THUNDERSTORM 14 MIXED PRECIP 0
HEAVY RAIN 8 RAIN 7
LIGHT RAIN 13 FREEZING RAIN 0
LT FREEZING RAIN 0 HAIL 0
HEAVY SNOW 0 SNOW 0
LIGHT SNOW 0 SLEET 0
FOG 10 FOG W/VIS <= 1/4 MILE 3
HAZE 5
- INDICATES NEGATIVE NUMBERS.
R INDICATES RECORD WAS SET OR TIED.
MM INDICATES DATA IS MISSING.
T INDICATES TRACE AMOUNT.
$$