000
CDUS41 KBOX 120533
CLIORH


CLIMATE REPORT
NATIONAL WEATHER SERVICE TAUNTON MA
1233 AM EST FRI FEB 12 2016


...................................

...THE WORCESTER MA CLIMATE SUMMARY FOR FEBRUARY 11 2016...

CLIMATE NORMAL PERIOD 1981 TO 2010
CLIMATE RECORD PERIOD 1892 TO 2016


WEATHER ITEM   OBSERVED TIME   RECORD YEAR NORMAL DEPARTURE LAST
                VALUE   (LST)  VALUE       VALUE  FROM      YEAR
                                                  NORMAL
..................................................................
TEMPERATURE (F)
 YESTERDAY
  MAXIMUM         23   1242 AM  59    1981  34    -11       22
  MINIMUM          4   1159 PM -10    1962  19    -15        9
                                      1899
  AVERAGE         14                        26    -12       16

PRECIPITATION (IN)
  YESTERDAY        T             0.85 1981   0.11  -0.11      T
  MONTH TO DATE    2.03                      1.24   0.79     2.18
  SINCE DEC 1      8.80                      8.55   0.25    12.11
  SINCE JAN 1      4.15                      4.73  -0.58     7.21

SNOWFALL (IN)
  YESTERDAY        T            11.5  1933   0.6   -0.6       T
  MONTH TO DATE   19.1                       6.3   12.8     36.9
  SINCE DEC 1     30.2                      37.8   -7.6     84.9
  SINCE JUL 1     30.2                      40.6  -10.4     92.1
  SNOW DEPTH      MM

DEGREE DAYS
 HEATING
  YESTERDAY       51                        39     12       49
  MONTH TO DATE  374                       435    -61      541
  SINCE DEC 1   2264                      2806   -542     2863
  SINCE JUL 1   3413                      4208   -795     4241

 COOLING
  YESTERDAY        0                         0      0        0
  MONTH TO DATE    0                         0      0        0
  SINCE DEC 1      0                         0      0        0
  SINCE JAN 1      0                         0      0        0
..................................................................


WIND (MPH)
  RESULTANT WIND SPEED  16   RESULTANT WIND DIRECTION   W (270)
  HIGHEST WIND SPEED    31   HIGHEST WIND DIRECTION     W (280)
  HIGHEST GUST SPEED    42   HIGHEST GUST DIRECTION     W (260)
  AVERAGE WIND SPEED    16.7


SKY COVER
  POSSIBLE SUNSHINE  MM
  AVERAGE SKY COVER 0.6


WEATHER CONDITIONS
 THE FOLLOWING WEATHER WAS RECORDED YESTERDAY.
  LIGHT SNOW
  HAZE
  BLOWING SNOW


RELATIVE HUMIDITY (PERCENT)
 HIGHEST    81          1200 AM
 LOWEST     43           200 PM
 AVERAGE    62

..........................................................


THE WORCESTER MA CLIMATE NORMALS FOR TODAY
                         NORMAL    RECORD    YEAR
 MAXIMUM TEMPERATURE (F)   34        56      1999
 MINIMUM TEMPERATURE (F)   19       -13      1914


SUNRISE AND SUNSET
FEBRUARY 12 2016......SUNRISE   648 AM EST   SUNSET   515 PM EST
FEBRUARY 13 2016......SUNRISE   647 AM EST   SUNSET   517 PM EST


-  INDICATES NEGATIVE NUMBERS.
R  INDICATES RECORD WAS SET OR TIED.
MM INDICATES DATA IS MISSING.
T  INDICATES TRACE AMOUNT.




$$
