000
CDUS41 KBOX 260556
CLIORH


CLIMATE REPORT
NATIONAL WEATHER SERVICE TAUNTON MA
151 AM EDT SAT JUL 26 2014


...................................

...THE WORCESTER MA CLIMATE SUMMARY FOR JULY 25 2014...

CLIMATE NORMAL PERIOD 1981 TO 2010
CLIMATE RECORD PERIOD 1892 TO 2014


WEATHER ITEM   OBSERVED TIME   RECORD YEAR NORMAL DEPARTURE LAST
                VALUE   (LST)  VALUE       VALUE  FROM      YEAR
                                                  NORMAL
..................................................................
TEMPERATURE (F)
 YESTERDAY
  MAXIMUM         77    209 PM  93    1941  79     -2       62
  MINIMUM         55    510 AM  48    1953  62     -7       55
  AVERAGE         66                        71     -5       59

PRECIPITATION (IN)
  YESTERDAY        0.00          1.57 1977   0.14  -0.14     0.19
  MONTH TO DATE    4.84                      3.37   1.47     2.48
  SINCE JUN 1      6.40                      7.56  -1.16    12.54
  SINCE JAN 1     27.59                     26.79   0.80    29.35

SNOWFALL (IN)
  YESTERDAY        0.0           0.0  2002   0.0    0.0      0.0
                                      2001
                                      2000
  MONTH TO DATE    0.0                       0.0    0.0      0.0
  SINCE JUN 1      0.0                       0.0    0.0      0.0
  SINCE JUL 1      0.0                       0.0    0.0      0.0
  SNOW DEPTH       0

DEGREE DAYS
 HEATING
  YESTERDAY        0                         0      0        6
  MONTH TO DATE    0                         9     -9        6
  SINCE JUN 1     45                        92    -47       73
  SINCE JUL 1      0                         9     -9        6

 COOLING
  YESTERDAY        1                         6     -5        0
  MONTH TO DATE  155                       141     14      272
  SINCE JUN 1    239                       225     14      375
  SINCE JAN 1    247                       247      0      399
..................................................................


WIND (MPH)
  RESULTANT WIND SPEED   5   RESULTANT WIND DIRECTION  NW (300)
  HIGHEST WIND SPEED    13   HIGHEST WIND DIRECTION    NW (310)
  HIGHEST GUST SPEED    17   HIGHEST GUST DIRECTION    NW (300)
  AVERAGE WIND SPEED     7.1


SKY COVER
  POSSIBLE SUNSHINE  MM
  AVERAGE SKY COVER 0.1


WEATHER CONDITIONS
 THE FOLLOWING WEATHER WAS RECORDED YESTERDAY.
  HAZE


RELATIVE HUMIDITY (PERCENT)
 HIGHEST    78          1000 PM
 LOWEST     46           100 PM
 AVERAGE    62

..........................................................


THE WORCESTER MA CLIMATE NORMALS FOR TODAY
                         NORMAL    RECORD    YEAR
 MAXIMUM TEMPERATURE (F)   79        94      1892
 MINIMUM TEMPERATURE (F)   62        51      1936


SUNRISE AND SUNSET
JULY 26 2014..........SUNRISE   534 AM EDT   SUNSET   813 PM EDT
JULY 27 2014..........SUNRISE   535 AM EDT   SUNSET   812 PM EDT


-  INDICATES NEGATIVE NUMBERS.
R  INDICATES RECORD WAS SET OR TIED.
MM INDICATES DATA IS MISSING.
T  INDICATES TRACE AMOUNT.




$$
