000
CDUS41 KBOX 230540
CLIORH


CLIMATE REPORT
NATIONAL WEATHER SERVICE TAUNTON MA
138 AM EDT SAT MAY 23 2015


...................................

...THE WORCESTER MA CLIMATE SUMMARY FOR MAY 22 2015...

CLIMATE NORMAL PERIOD 1981 TO 2010
CLIMATE RECORD PERIOD 1892 TO 2015


WEATHER ITEM   OBSERVED TIME   RECORD YEAR NORMAL DEPARTURE LAST
                VALUE   (LST)  VALUE       VALUE  FROM      YEAR
                                                  NORMAL
..................................................................
TEMPERATURE (F)
 YESTERDAY
  MAXIMUM         70    154 PM  90    1992  68      2       61
                                      1911
  MINIMUM         49   1142 PM  32    1936  49      0       51
  AVERAGE         60                        58      2       56

PRECIPITATION (IN)
  YESTERDAY        T             0.77 1919   0.14  -0.14     0.34
  MONTH TO DATE    0.14                      2.84  -2.70     3.17
  SINCE MAR 1      5.53                     11.16  -5.63    13.03
  SINCE JAN 1     13.84                     17.88  -4.04    20.21

SNOWFALL (IN)
  YESTERDAY        0.0           0.0  2014   0.0    0.0      0.0
  MONTH TO DATE    0.0                       0.0    0.0      0.0
  SINCE MAR 1     11.1                      14.2   -3.1      4.3
  SINCE JUL 1    119.7                      64.1   55.6     85.2
  SNOW DEPTH      MM

DEGREE DAYS
 HEATING
  YESTERDAY        5                         8     -3        9
  MONTH TO DATE  113                       229   -116      177
  SINCE MAR 1   1757                      1739     18     1888
  SINCE JUL 1   6871                      6576    295     6942

 COOLING
  YESTERDAY        0                         1     -1        0
  MONTH TO DATE   29                         7     22        6
  SINCE MAR 1     29                        10     19        6
  SINCE JAN 1     29                        10     19        6
..................................................................


WIND (MPH)
  RESULTANT WIND SPEED  14   RESULTANT WIND DIRECTION   W (280)
  HIGHEST WIND SPEED    28   HIGHEST WIND DIRECTION     W (290)
  HIGHEST GUST SPEED    37   HIGHEST GUST DIRECTION     W (270)
  AVERAGE WIND SPEED    15.2


SKY COVER
  POSSIBLE SUNSHINE  MM
  AVERAGE SKY COVER 0.3


WEATHER CONDITIONS
 THE FOLLOWING WEATHER WAS RECORDED YESTERDAY.
  NO SIGNIFICANT WEATHER WAS OBSERVED.


RELATIVE HUMIDITY (PERCENT)
 HIGHEST    74           400 AM
 LOWEST     19           700 PM
 AVERAGE    47

..........................................................


THE WORCESTER MA CLIMATE NORMALS FOR TODAY
                         NORMAL    RECORD    YEAR
 MAXIMUM TEMPERATURE (F)   68        89      1964
 MINIMUM TEMPERATURE (F)   49        32      1929


SUNRISE AND SUNSET
MAY 23 2015...........SUNRISE   519 AM EDT   SUNSET   810 PM EDT
MAY 24 2015...........SUNRISE   519 AM EDT   SUNSET   810 PM EDT


-  INDICATES NEGATIVE NUMBERS.
R  INDICATES RECORD WAS SET OR TIED.
MM INDICATES DATA IS MISSING.
T  INDICATES TRACE AMOUNT.




$$
