000
CDUS41 KBOX 230527
CLIORH


CLIMATE REPORT
NATIONAL WEATHER SERVICE TAUNTON MA
127 AM EDT SUN APR 23 2017


...................................

...THE WORCESTER MA CLIMATE SUMMARY FOR APRIL 22 2017...

CLIMATE NORMAL PERIOD 1981 TO 2010
CLIMATE RECORD PERIOD 1892 TO 2017


WEATHER ITEM   OBSERVED TIME   RECORD YEAR NORMAL DEPARTURE LAST
                VALUE   (LST)  VALUE       VALUE  FROM      YEAR
                                                  NORMAL
..................................................................
TEMPERATURE (F)
 YESTERDAY
  MAXIMUM         46    511 PM  84    1973  58    -12       79
  MINIMUM         39   1002 AM  23    1989  39      0       58
                                      1981
                                      1947
  AVERAGE         43                        49     -6       69

PRECIPITATION (IN)
  YESTERDAY        0.03          2.05 1937   0.13  -0.10      T
  MONTH TO DATE    3.87                      3.08   0.79     2.31
  SINCE MAR 1      7.88                      7.29   0.59     5.80
  SINCE JAN 1     14.23                     14.01   0.22    13.19

SNOWFALL (IN)
  YESTERDAY        0.0           2.2  1940   0.1   -0.1      0.0
  MONTH TO DATE    2.9                       2.5    0.4     10.0
  SINCE MAR 1     20.5                      13.9    6.6     15.5
  SINCE JUL 1     78.3                      63.8   14.5     47.2
  SNOW DEPTH      MM

DEGREE DAYS
 HEATING
  YESTERDAY       22                        17      5        0
  MONTH TO DATE  383                       452    -69      465
  SINCE MAR 1   1463                      1391     72     1234
  SINCE JUL 1   5740                      6228   -488     5293

 COOLING
  YESTERDAY        0                         0      0        4
  MONTH TO DATE    6                         0      6        4
  SINCE MAR 1      6                         0      6        4
  SINCE JAN 1      6                         0      6        4
..................................................................


WIND (MPH)
  RESULTANT WIND SPEED   6   RESULTANT WIND DIRECTION  NE (30)
  HIGHEST WIND SPEED    13   HIGHEST WIND DIRECTION    NE (50)
  HIGHEST GUST SPEED    18   HIGHEST GUST DIRECTION    NE (30)
  AVERAGE WIND SPEED     6.6


SKY COVER
  POSSIBLE SUNSHINE  MM
  AVERAGE SKY COVER 0.9


WEATHER CONDITIONS
 THE FOLLOWING WEATHER WAS RECORDED YESTERDAY.
  LIGHT RAIN
  FOG
  FOG W/VISIBILITY <= 1/4 MILE


RELATIVE HUMIDITY (PERCENT)
 HIGHEST   100          1200 AM
 LOWEST     82           500 PM
 AVERAGE    91

..........................................................


THE WORCESTER MA CLIMATE NORMALS FOR TODAY
                         NORMAL    RECORD    YEAR
 MAXIMUM TEMPERATURE (F)   58        84      2007
                                             1902
 MINIMUM TEMPERATURE (F)   40        20      1933


SUNRISE AND SUNSET
APRIL 23 2017.........SUNRISE   554 AM EDT   SUNSET   738 PM EDT
APRIL 24 2017.........SUNRISE   552 AM EDT   SUNSET   739 PM EDT


-  INDICATES NEGATIVE NUMBERS.
R  INDICATES RECORD WAS SET OR TIED.
MM INDICATES DATA IS MISSING.
T  INDICATES TRACE AMOUNT.




$$
