000
CDUS41 KBOX 260550
CLIORH


CLIMATE REPORT
NATIONAL WEATHER SERVICE TAUNTON MA
145 AM EDT SUN MAR 26 2017


...................................

...THE WORCESTER MA CLIMATE SUMMARY FOR MARCH 25 2017...

CLIMATE NORMAL PERIOD 1981 TO 2010
CLIMATE RECORD PERIOD 1892 TO 2017


WEATHER ITEM   OBSERVED TIME   RECORD YEAR NORMAL DEPARTURE LAST
                VALUE   (LST)  VALUE       VALUE  FROM      YEAR
                                                  NORMAL
..................................................................
TEMPERATURE (F)
 YESTERDAY
  MAXIMUM         42    457 AM  75    1910  46     -4       61
  MINIMUM         31   1159 PM   5    1960  29      2       32
  AVERAGE         37                        38     -1       47

PRECIPITATION (IN)
  YESTERDAY        0.06          1.83 1909   0.15  -0.09     0.15
  MONTH TO DATE    1.95                      3.35  -1.40     2.70
  SINCE MAR 1      1.95                      3.35  -1.40     2.70
  SINCE JAN 1      8.30                     10.07  -1.77    10.09

SNOWFALL (IN)
  YESTERDAY        T             2.0  1900   0.3   -0.3      0.0
  MONTH TO DATE   16.1                       9.9    6.2      5.5
  SINCE MAR 1     16.1                       9.9    6.2      5.5
  SINCE JUL 1     73.9                      59.8   14.1     37.2
  SNOW DEPTH      MM

DEGREE DAYS
 HEATING
  YESTERDAY       28                        27      1       18
  MONTH TO DATE  902                       782    120      630
  SINCE MAR 1    902                       782    120      630
  SINCE JUL 1   5179                      5619   -440     4689

 COOLING
  YESTERDAY        0                         0      0        0
  MONTH TO DATE    0                         0      0        0
  SINCE MAR 1      0                         0      0        0
  SINCE JAN 1      0                         0      0        0
..................................................................


WIND (MPH)
  RESULTANT WIND SPEED   3   RESULTANT WIND DIRECTION  NW (330)
  HIGHEST WIND SPEED    14   HIGHEST WIND DIRECTION    NE (40)
  HIGHEST GUST SPEED    19   HIGHEST GUST DIRECTION    NE (30)
  AVERAGE WIND SPEED     5.9


SKY COVER
  POSSIBLE SUNSHINE  MM
  AVERAGE SKY COVER 0.6


WEATHER CONDITIONS
 THE FOLLOWING WEATHER WAS RECORDED YESTERDAY.
  RAIN
  LIGHT RAIN
  FOG
  FOG W/VISIBILITY <= 1/4 MILE
  HAZE


RELATIVE HUMIDITY (PERCENT)
 HIGHEST    92           100 PM
 LOWEST     62          1200 AM
 AVERAGE    77

..........................................................


THE WORCESTER MA CLIMATE NORMALS FOR TODAY
                         NORMAL    RECORD    YEAR
 MAXIMUM TEMPERATURE (F)   46        71      1949
                                             1922
 MINIMUM TEMPERATURE (F)   30         2      1960


SUNRISE AND SUNSET
MARCH 26 2017.........SUNRISE   640 AM EDT   SUNSET   707 PM EDT
MARCH 27 2017.........SUNRISE   638 AM EDT   SUNSET   708 PM EDT


-  INDICATES NEGATIVE NUMBERS.
R  INDICATES RECORD WAS SET OR TIED.
MM INDICATES DATA IS MISSING.
T  INDICATES TRACE AMOUNT.




$$
