000
CDUS41 KBOX 170552
CLIORH


CLIMATE REPORT
NATIONAL WEATHER SERVICE TAUNTON MA
1241 AM EST SUN DEC 17 2017


...................................

...THE WORCESTER MA CLIMATE SUMMARY FOR DECEMBER 16 2017...

CLIMATE NORMAL PERIOD 1981 TO 2010
CLIMATE RECORD PERIOD 1892 TO 2017


WEATHER ITEM   OBSERVED TIME   RECORD YEAR NORMAL DEPARTURE LAST
                VALUE   (LST)  VALUE       VALUE  FROM      YEAR
                                                  NORMAL
..................................................................
TEMPERATURE (F)
 YESTERDAY
  MAXIMUM         26    253 PM  58    1971  36    -10       16
  MINIMUM         15    635 AM  -2    1932  22     -7       -1
  AVERAGE         21                        29     -8        8

PRECIPITATION (IN)
  YESTERDAY        T             1.22 2005   0.12  -0.12     0.00
  MONTH TO DATE    1.81                      2.09  -0.28     1.24
  SINCE DEC 1      1.81                      2.09  -0.28     1.24
  SINCE JAN 1     44.23                     46.34  -2.11    38.37

SNOWFALL (IN)
  YESTERDAY        T             8.4  2007   0.5   -0.5      0.0
  MONTH TO DATE    7.7                       6.4    1.3      5.2
  SINCE DEC 1      7.7                       6.4    1.3      5.2
  SINCE JUL 1      7.7                       9.2   -1.5      5.2
  SNOW DEPTH      MM

DEGREE DAYS
 HEATING
  YESTERDAY       44                        36      8       57
  MONTH TO DATE  552                       529     23      571
  SINCE DEC 1    552                       529     23      571
  SINCE JUL 1   1688                      1931   -243     1758

 COOLING
  YESTERDAY        0                         0      0        0
  MONTH TO DATE    0                         0      0        0
  SINCE DEC 1      0                         0      0        0
  SINCE JAN 1    533                       471     62      663
..................................................................


WIND (MPH)
  RESULTANT WIND SPEED  13   RESULTANT WIND DIRECTION   W (260)
  HIGHEST WIND SPEED    23   HIGHEST WIND DIRECTION     W (250)
  HIGHEST GUST SPEED    31   HIGHEST GUST DIRECTION     W (250)
  AVERAGE WIND SPEED    12.7


SKY COVER
  POSSIBLE SUNSHINE  MM
  AVERAGE SKY COVER 0.4


WEATHER CONDITIONS
 THE FOLLOWING WEATHER WAS RECORDED YESTERDAY.
  LIGHT SNOW
  HAZE


RELATIVE HUMIDITY (PERCENT)
 HIGHEST    84           100 AM
 LOWEST     51          1100 PM
 AVERAGE    68

..........................................................


THE WORCESTER MA CLIMATE NORMALS FOR TODAY
                         NORMAL    RECORD    YEAR
 MAXIMUM TEMPERATURE (F)   36        60      2000
 MINIMUM TEMPERATURE (F)   22       -16      1942


SUNRISE AND SUNSET
DECEMBER 17 2017......SUNRISE   711 AM EST   SUNSET   417 PM EST
DECEMBER 18 2017......SUNRISE   711 AM EST   SUNSET   417 PM EST


-  INDICATES NEGATIVE NUMBERS.
R  INDICATES RECORD WAS SET OR TIED.
MM INDICATES DATA IS MISSING.
T  INDICATES TRACE AMOUNT.




$$
