000
CDUS41 KBOX 310548
CLIORH


CLIMATE REPORT
NATIONAL WEATHER SERVICE TAUNTON MA
138 AM EDT SUN AUG 31 2014


...................................

...THE WORCESTER MA CLIMATE SUMMARY FOR AUGUST 30 2014...

CLIMATE NORMAL PERIOD 1981 TO 2010
CLIMATE RECORD PERIOD 1892 TO 2014


WEATHER ITEM   OBSERVED TIME   RECORD YEAR NORMAL DEPARTURE LAST
                VALUE   (LST)  VALUE       VALUE  FROM      YEAR
                                                  NORMAL
..................................................................
TEMPERATURE (F)
 YESTERDAY
  MAXIMUM         73    308 PM  93    1953  75     -2       79
  MINIMUM         54    455 AM  38    1965  58     -4       57
  AVERAGE         64                        67     -3       68

PRECIPITATION (IN)
  YESTERDAY        0.00          1.60 1975   0.10  -0.10     0.00
  MONTH TO DATE    3.59                      3.60  -0.01     3.18
  SINCE JUN 1     11.43                     12.02  -0.59    16.21
  SINCE JAN 1     32.62                     31.25   1.37    33.02

SNOWFALL (IN)
  YESTERDAY        0.0           0.0  2002   0.0    0.0      0.0
                                      2001
                                      2000
  MONTH TO DATE    0.0                       0.0    0.0      0.0
  SINCE JUN 1      0.0                       0.0    0.0      0.0
  SINCE JUL 1      0.0                       0.0    0.0      0.0
  SNOW DEPTH       0

DEGREE DAYS
 HEATING
  YESTERDAY        1                         2     -1        0
  MONTH TO DATE   20                        23     -3       12
  SINCE JUN 1     65                       120    -55       86
  SINCE JUL 1     20                        37    -17       19

 COOLING
  YESTERDAY        0                         3     -3        3
  MONTH TO DATE   89                       142    -53       99
  SINCE JUN 1    347                       401    -54      500
  SINCE JAN 1    355                       423    -68      524
..................................................................


WIND (MPH)
  RESULTANT WIND SPEED  10   RESULTANT WIND DIRECTION  SW (210)
  HIGHEST WIND SPEED    17   HIGHEST WIND DIRECTION    SW (230)
  HIGHEST GUST SPEED    22   HIGHEST GUST DIRECTION    SW (230)
  AVERAGE WIND SPEED    10.7


SKY COVER
  POSSIBLE SUNSHINE  MM
  AVERAGE SKY COVER 0.3


WEATHER CONDITIONS
 THE FOLLOWING WEATHER WAS RECORDED YESTERDAY.
  NO SIGNIFICANT WEATHER WAS OBSERVED.


RELATIVE HUMIDITY (PERCENT)
 HIGHEST   100           300 AM
 LOWEST     57          1100 AM
 AVERAGE    79

..........................................................


THE WORCESTER MA CLIMATE NORMALS FOR TODAY
                         NORMAL    RECORD    YEAR
 MAXIMUM TEMPERATURE (F)   75        93      1953
 MINIMUM TEMPERATURE (F)   58        39      1976


SUNRISE AND SUNSET
AUGUST 31 2014........SUNRISE   612 AM EDT   SUNSET   723 PM EDT
SEPTEMBER  1 2014.....SUNRISE   613 AM EDT   SUNSET   721 PM EDT


-  INDICATES NEGATIVE NUMBERS.
R  INDICATES RECORD WAS SET OR TIED.
MM INDICATES DATA IS MISSING.
T  INDICATES TRACE AMOUNT.




$$
